-- Table structure for table `uc_class_attribute_options`
--

CREATE TABLE `uc_class_attribute_options` (
  `pcid` varchar(32) NOT NULL default '',
  `oid` mediumint(9) NOT NULL default '0',
  `cost` decimal(10,2) NOT NULL default '0.00',
  `price` decimal(10,2) NOT NULL default '0.00',
  `weight` float NOT NULL default '0',
  `ordering` tinyint(2) NOT NULL default '0',
  PRIMARY KEY  (`pcid`,`oid`)
) ENGINE=MyISAM DEFAULT CHARSET=utf8;

--
-- Dumping data for table `uc_class_attribute_options`
--



--
-- Table structure for table `uc_class_attributes`
--

CREATE TABLE `uc_class_attributes` (
  `pcid` varchar(32) NOT NULL default '',
  `aid` mediumint(9) NOT NULL default '0',
  `ordering` tinyint(2) NOT NULL default '0',
  `default_option` mediumint(9) NOT NULL default '0',
  `required` tinyint(2) NOT NULL default '0',
  `display` tinyint(2) NOT NULL default '1',
  PRIMARY KEY  (`pcid`,`aid`)
) ENGINE=MyISAM DEFAULT CHARSET=utf8;

--
-- Dumping data for table `uc_class_attributes`
--



--
-- Table structure for table `uc_countries`
--

CREATE TABLE `uc_countries` (
  `country_id` mediumint(11) NOT NULL default '0',
  `country_name` varchar(255) NOT NULL default '',
  `country_iso_code_2` varchar(2) NOT NULL default '',
  `country_iso_code_3` varchar(3) NOT NULL default '',
  `version` smallint(11) NOT NULL default '0',
  PRIMARY KEY  (`country_id`),
  KEY `country_name` (`country_name`)
) ENGINE=MyISAM DEFAULT CHARSET=utf8;

--
-- Dumping data for table `uc_countries`
--


INSERT INTO `uc_countries` VALUES (840,'United States','US','USA',-1),(124,'Canada','CA','CAN',-1);

--
-- Table structure for table `uc_order_admin_comments`
--

CREATE TABLE `uc_order_admin_comments` (
  `comment_id` mediumint(9) NOT NULL auto_increment,
  `order_id` mediumint(9) NOT NULL default '0',
  `uid` mediumint(9) NOT NULL default '0',
  `message` text NOT NULL,
  `created` int(11) NOT NULL default '0',
  PRIMARY KEY  (`comment_id`),
  KEY `order_id` (`order_id`)
) ENGINE=MyISAM DEFAULT CHARSET=utf8;

--
-- Dumping data for table `uc_order_admin_comments`
--


INSERT INTO `uc_order_admin_comments` VALUES (1,56,0,'Customer granted user role <em>member</em>.',1213933026),(2,56,0,'PayPal IPN reported a payment of 100.00 USD.',1213933026),(3,56,0,'Order created through website.',1213933050),(4,57,0,'PayPal IPN reported a payment of 19.97 USD.',1213934484),(5,57,0,'Order created through website.',1213934487),(6,58,0,'PayPal IPN reported a payment of 19.97 USD.',1213934833),(7,58,0,'Order created through website.',1213934842),(8,59,0,'PayPal IPN reported a payment of 19.97 USD.',1213935322),(9,59,0,'Order created through website.',1213935326),(10,60,0,'PayPal IPN reported a payment of 19.97 USD.',1213935662),(11,60,0,'Order created through website.',1213935678),(12,63,0,'PayPal IPN reported a payment of 19.97 USD.',1213970956),(13,63,0,'Order created through website.',1213970965),(14,64,0,'PayPal IPN reported a payment of 19.97 USD.',1213971220),(15,64,0,'Order created through website.',1213971221),(16,65,0,'PayPal IPN reported a payment of 19.97 USD.',1213971769),(17,65,0,'Order created through website.',1213971773),(18,66,0,'Order created through website.',1213971878),(19,66,0,'Customer granted user role <em>member</em>.',1213971890),(20,66,0,'PayPal IPN reported a payment of 19.97 USD.',1213971890),(21,67,0,'Order created through website.',1213972000),(22,67,0,'Customer granted user role <em>member</em>.',1213972004),(23,67,0,'PayPal IPN reported a payment of 19.97 USD.',1213972004),(24,68,0,'PayPal IPN reported a payment of 19.97 USD.',1213972563),(25,68,0,'Order created through website.',1213972570),(26,72,0,'PayPal IPN reported a payment of 19.97 USD.',1214430279),(27,72,0,'Order created through website.',1214430296),(28,73,0,'Order created through website.',1214430771),(29,73,0,'Customer granted user role <em>member</em>.',1214430772),(30,73,0,'PayPal IPN reported a payment of 79.88 USD.',1214430772),(31,76,0,'PayPal IPN reported a payment of 19.97 USD.',1214852201),(32,76,0,'Order created through website.',1214852211),(33,79,0,'PayPal IPN reported a payment of 19.97 USD.',1214994175),(34,79,0,'Order created through website.',1214994185),(35,79,0,'Order created through website.',1214994186),(36,82,0,'PayPal IPN reported a payment of 19.97 USD.',1215111807),(37,82,0,'Order created through website.',1215111816),(38,83,0,'PayPal IPN reported a payment of 19.97 USD.',1215113184),(39,83,0,'Order created through website.',1215113188),(40,85,0,'Order created through website.',1215114242),(41,85,0,'Customer granted user role <em>member</em>.',1215114243),(42,85,0,'PayPal IPN reported a payment of 39.94 USD.',1215114243),(43,86,0,'Customer granted user role <em>member</em>.',1215131255),(44,86,0,'PayPal IPN reported a payment of 19.97 USD.',1215131255),(45,86,0,'Order created through website.',1215131275),(46,87,0,'Customer granted user role <em>member</em>.',1215132714),(47,87,0,'PayPal IPN reported a payment of 19.97 USD.',1215132714),(48,87,0,'Order created through website.',1215132727),(49,88,0,'Order created through website.',1215133245),(50,88,0,'Customer granted user role <em>member</em>.',1215133246),(51,88,0,'PayPal IPN reported a payment of 19.97 USD.',1215133246),(52,89,0,'PayPal IPN reported a payment of 19.97 USD.',1215133484),(53,89,0,'Order created through website.',1215133487),(54,90,0,'PayPal IPN reported a payment of 19.97 USD.',1215133677),(55,90,0,'Order created through website.',1215133680),(56,92,0,'PayPal IPN reported a payment of 19.97 USD.',1215186722),(57,92,0,'Order created through website.',1215186730),(58,94,0,'Customer granted user role <em>member</em>.',1215195107),(59,94,0,'PayPal IPN reported a payment of 19.97 USD.',1215195107),(60,94,0,'Customer user role <em>member</em> renewed.',1215195113),(61,94,0,'Order created through website.',1215195113),(62,95,0,'Order created through website.',1215195349),(63,95,0,'Customer granted user role <em>member</em>.',1215195349),(64,95,0,'PayPal IPN reported a payment of 19.97 USD.',1215195349),(65,96,0,'Customer cancelled this order from the checkout form.',1215209131),(66,104,0,'Customer cancelled this order from the checkout form.',1215312434),(67,114,0,'Customer cancelled this order from the checkout form.',1215499281),(68,115,0,'Customer cancelled this order from the checkout form.',1215534009),(69,116,0,'Customer cancelled this order from the checkout form.',1215534222),(70,123,0,'Customer granted user role <em>member</em>.',1215712585),(71,123,0,'PayPal IPN reported a payment of 19.97 USD.',1215712585),(72,123,0,'Customer user role <em>member</em> renewed.',1215712591),(73,123,0,'Order created through website.',1215712591),(74,124,0,'Customer cancelled this order from the checkout form.',1215781482),(75,125,0,'Customer granted user role <em>member</em>.',1215787838),(76,125,0,'PayPal IPN reported a payment of 19.97 USD.',1215787838),(77,127,0,'PayPal IPN reported a payment of 19.97 USD.',1215844763),(78,127,0,'Order created through website.',1215844781),(79,131,0,'Customer granted user role <em>member</em>.',1215900656),(80,131,0,'PayPal IPN reported a payment of 19.97 USD.',1215900656),(81,131,0,'Customer user role <em>member</em> renewed.',1215900664),(82,131,0,'Order created through website.',1215900664),(83,134,0,'Customer granted user role <em>member</em>.',1216060231),(84,134,0,'PayPal IPN reported a payment of 19.97 USD.',1216060231),(85,134,0,'Customer user role <em>member</em> renewed.',1216060241),(86,134,0,'Order created through website.',1216060241),(87,135,0,'Customer granted user role <em>member</em>.',1216232782),(88,135,0,'PayPal IPN reported a payment of 19.97 USD.',1216232782),(89,140,0,'Customer granted user role <em>member</em>.',1216306254),(90,140,0,'PayPal IPN reported a payment of 19.97 USD.',1216306254),(91,140,0,'Customer user role <em>member</em> renewed.',1216306261),(92,140,0,'Order created through website.',1216306261),(93,141,0,'Customer cancelled this order from the checkout form.',1216312315),(94,142,0,'Customer granted user role <em>member</em>.',1216371476),(95,142,0,'PayPal IPN reported a payment of 19.97 USD.',1216371476),(96,145,0,'Customer cancelled this order from the checkout form.',1216477741),(97,148,0,'Customer cancelled this order from the checkout form.',1216481694),(98,152,0,'Customer granted user role <em>member</em>.',1216498303),(99,152,0,'PayPal IPN reported a payment of 19.97 USD.',1216498303),(100,152,0,'Customer user role <em>member</em> renewed.',1216498307),(101,152,0,'Order created through website.',1216498307),(102,153,0,'PayPal IPN reported a payment of 19.97 USD.',1216554910),(103,153,0,'Order created through website.',1216554920),(104,153,196,'Customer user role <em>member</em> renewed.',1216555523),(105,153,0,'Order created through website.',1216555523),(106,156,0,'Customer granted user role <em>member</em>.',1216603937),(107,156,0,'PayPal IPN reported a payment of 19.97 USD.',1216603937),(108,156,0,'Customer user role <em>member</em> renewed.',1216603949),(109,156,0,'Order created through website.',1216603949),(110,162,0,'Customer granted user role <em>member</em>.',1216636229),(111,162,0,'PayPal IPN reported a payment of 19.97 USD.',1216636229),(112,162,0,'Customer user role <em>member</em> renewed.',1216636245),(113,162,0,'Order created through website.',1216636245),(114,163,0,'Customer granted user role <em>member</em>.',1216639880),(115,163,0,'PayPal IPN reported a payment of 19.97 USD.',1216639880),(116,163,0,'Customer user role <em>member</em> renewed.',1216639894),(117,163,0,'Order created through website.',1216639894),(118,166,0,'Customer granted user role <em>member</em>.',1216659122),(119,166,0,'PayPal IPN reported a payment of 19.97 USD.',1216659122),(120,166,0,'Customer user role <em>member</em> renewed.',1216659134),(121,166,0,'Order created through website.',1216659134),(122,168,0,'Customer granted user role <em>member</em>.',1216677269),(123,168,0,'PayPal IPN reported a payment of 19.97 USD.',1216677269),(124,168,0,'Customer user role <em>member</em> renewed.',1216677278),(125,168,0,'Order created through website.',1216677278),(126,170,0,'Customer granted user role <em>member</em>.',1216692301),(127,170,0,'PayPal IPN reported a payment of 19.97 USD.',1216692301),(128,171,0,'Customer granted user role <em>member</em>.',1216698341),(129,171,0,'PayPal IPN reported a payment of 19.97 USD.',1216698341),(130,171,0,'Customer user role <em>member</em> renewed.',1216698348),(131,171,0,'Order created through website.',1216698348),(132,172,0,'PayPal IPN reported a payment of 19.97 USD.',1216698398),(133,172,0,'Order created through website.',1216698406),(134,175,0,'Customer granted user role <em>member</em>.',1216726446),(135,175,0,'PayPal IPN reported a payment of 19.97 USD.',1216726446),(136,175,0,'Customer user role <em>member</em> renewed.',1216726669),(137,175,0,'Order created through website.',1216726669),(138,176,0,'Customer granted user role <em>member</em>.',1216749299),(139,176,0,'PayPal IPN reported a payment of 19.97 USD.',1216749299),(140,176,0,'Customer user role <em>member</em> renewed.',1216749328),(141,176,0,'Order created through website.',1216749328),(142,182,0,'Customer granted user role <em>member</em>.',1216779406),(143,182,0,'PayPal IPN reported a payment of 19.97 USD.',1216779406),(144,182,0,'Customer user role <em>member</em> renewed.',1216779420),(145,182,0,'Order created through website.',1216779420),(146,183,0,'Customer granted user role <em>member</em>.',1216780760),(147,183,0,'PayPal IPN reported a payment of 19.97 USD.',1216780760),(148,183,0,'Customer user role <em>member</em> renewed.',1216780770),(149,183,0,'Order created through website.',1216780770),(150,188,0,'Customer granted user role <em>member</em>.',1216882968),(151,188,0,'PayPal IPN reported a payment of 19.97 USD.',1216882968),(152,188,0,'Customer user role <em>member</em> renewed.',1216883024),(153,188,0,'Order created through website.',1216883024),(154,190,0,'Customer granted user role <em>member</em>.',1216954028),(155,190,0,'PayPal IPN reported a payment of 19.97 USD.',1216954028),(156,190,0,'Customer user role <em>member</em> renewed.',1216954040),(157,190,0,'Order created through website.',1216954040),(158,192,0,'Customer granted user role <em>member</em>.',1216965581),(159,192,0,'PayPal IPN reported a payment of 19.97 USD.',1216965581),(160,192,0,'Customer user role <em>member</em> renewed.',1216965611),(161,192,0,'Order created through website.',1216965611),(162,193,0,'Customer granted user role <em>member</em>.',1216993626),(163,193,0,'PayPal IPN reported a payment of 19.97 USD.',1216993626),(164,194,0,'Customer granted user role <em>member</em>.',1216994923),(165,194,0,'PayPal IPN reported a payment of 19.97 USD.',1216994923),(166,195,0,'Customer cancelled this order from the checkout form.',1216996061),(167,199,0,'Customer granted user role <em>member</em>.',1217069931),(168,199,0,'PayPal IPN reported a payment of 19.97 USD.',1217069931),(169,200,0,'Customer cancelled this order from the checkout form.',1217076124),(170,202,0,'Customer granted user role <em>member</em>.',1217077633),(171,202,0,'PayPal IPN reported a payment of 19.97 USD.',1217077633),(172,202,0,'Customer user role <em>member</em> renewed.',1217077640),(173,202,0,'Order created through website.',1217077640),(174,203,0,'Customer granted user role <em>member</em>.',1217085809),(175,203,0,'PayPal IPN reported a payment of 19.97 USD.',1217085809),(176,203,0,'Customer user role <em>member</em> renewed.',1217085820),(177,203,0,'Order created through website.',1217085820),(178,204,0,'Customer granted user role <em>member</em>.',1217178892),(179,204,0,'PayPal IPN reported a payment of 19.97 USD.',1217178892),(180,207,0,'Order created by PayPal Buttons module.',1217201031),(181,207,0,'Customer granted user role <em>member</em>.',1217201174),(182,207,0,'PayPal IPN reported a payment of 19.97 USD.',1217201174),(183,208,0,'Order created by PayPal Buttons module.',1217201612),(184,209,0,'Order created by PayPal Buttons module.',1217278892),(185,210,0,'Order created by PayPal Buttons module.',1217288628),(186,211,0,'Order created by PayPal Buttons module.',1217353430),(187,212,0,'Order created by PayPal Buttons module.',1217356914),(188,213,0,'Order created by PayPal Buttons module.',1217364456),(189,214,0,'Order created by PayPal Buttons module.',1217390327),(190,215,0,'Order created by PayPal Buttons module.',1217390560),(191,215,0,'Customer granted user role <em>member</em>.',1217391184),(192,215,0,'PayPal IPN reported a payment of 19.97 USD.',1217391184),(193,216,0,'Order created by PayPal Buttons module.',1217391209),(194,217,0,'Order created by PayPal Buttons module.',1217393337),(195,218,0,'Order created by PayPal Buttons module.',1217431164),(196,219,0,'Order created by PayPal Buttons module.',1217477563),(197,220,0,'Order created by PayPal Buttons module.',1217521918),(198,221,0,'Order created by PayPal Buttons module.',1217584490),(199,222,0,'Order created by PayPal Buttons module.',1217591050),(200,223,0,'Order created by PayPal Buttons module.',1217607415),(201,224,0,'Order created by PayPal Buttons module.',1217620727),(202,225,0,'Order created by PayPal Buttons module.',1217668939),(203,226,0,'Order created by PayPal Buttons module.',1217781420),(204,227,0,'Order created by PayPal Buttons module.',1217935931),(205,228,0,'Order created by PayPal Buttons module.',1218011099),(206,229,0,'Order created by PayPal Buttons module.',1218041965);

--
-- Table structure for table `uc_order_comments`
--

CREATE TABLE `uc_order_comments` (
  `comment_id` mediumint(9) NOT NULL auto_increment,
  `order_id` mediumint(9) NOT NULL default '0',
  `uid` mediumint(9) NOT NULL default '0',
  `order_status` varchar(32) NOT NULL default '',
  `notified` tinyint(4) NOT NULL default '0',
  `message` text NOT NULL,
  `created` int(11) NOT NULL default '0',
  PRIMARY KEY  (`comment_id`),
  KEY `order_id` (`order_id`)
) ENGINE=MyISAM DEFAULT CHARSET=utf8;

--
-- Dumping data for table `uc_order_comments`
--


INSERT INTO `uc_order_comments` VALUES (1,56,0,'payment_received',0,'Payment of 100.00 USD submitted through PayPal.',1213933026),(2,57,0,'payment_received',0,'Payment of 19.97 USD submitted through PayPal.',1213934484),(3,58,0,'payment_received',0,'Payment of 19.97 USD submitted through PayPal.',1213934833),(4,59,0,'payment_received',0,'Payment of 19.97 USD submitted through PayPal.',1213935322),(5,60,0,'payment_received',0,'Payment of 19.97 USD submitted through PayPal.',1213935662),(6,63,0,'payment_received',0,'Payment of 19.97 USD submitted through PayPal.',1213970956),(7,64,0,'payment_received',0,'Payment of 19.97 USD submitted through PayPal.',1213971220),(8,65,0,'payment_received',0,'Payment of 19.97 USD submitted through PayPal.',1213971769),(9,66,0,'payment_received',0,'Payment of 19.97 USD submitted through PayPal.',1213971890),(10,67,0,'payment_received',0,'Payment of 19.97 USD submitted through PayPal.',1213972004),(11,68,0,'payment_received',0,'Payment of 19.97 USD submitted through PayPal.',1213972563),(12,72,0,'payment_received',0,'Payment of 19.97 USD submitted through PayPal.',1214430279),(13,73,0,'payment_received',0,'Payment of 79.88 USD submitted through PayPal.',1214430772),(14,76,0,'payment_received',0,'Payment of 19.97 USD submitted through PayPal.',1214852201),(15,79,0,'payment_received',0,'Payment of 19.97 USD submitted through PayPal.',1214994175),(16,82,0,'payment_received',0,'Payment of 19.97 USD submitted through PayPal.',1215111807),(17,83,0,'payment_received',0,'Payment of 19.97 USD submitted through PayPal.',1215113184),(18,85,0,'payment_received',0,'Payment of 39.94 USD submitted through PayPal.',1215114243),(19,86,0,'payment_received',0,'Payment of 19.97 USD submitted through PayPal.',1215131255),(20,87,0,'payment_received',0,'Payment of 19.97 USD submitted through PayPal.',1215132714),(21,88,0,'payment_received',0,'Payment of 19.97 USD submitted through PayPal.',1215133246),(22,89,0,'payment_received',0,'Payment of 19.97 USD submitted through PayPal.',1215133484),(23,90,0,'payment_received',0,'Payment of 19.97 USD submitted through PayPal.',1215133677),(24,92,0,'payment_received',0,'Payment of 19.97 USD submitted through PayPal.',1215186722),(25,94,0,'payment_received',0,'Payment of 19.97 USD submitted through PayPal.',1215195107),(26,95,0,'payment_received',0,'Payment of 19.97 USD submitted through PayPal.',1215195349),(27,123,0,'payment_received',0,'Payment of 19.97 USD submitted through PayPal.',1215712585),(28,125,0,'payment_received',0,'Payment of 19.97 USD submitted through PayPal.',1215787838),(29,127,0,'payment_received',0,'Payment of 19.97 USD submitted through PayPal.',1215844763),(30,131,0,'payment_received',0,'Payment of 19.97 USD submitted through PayPal.',1215900656),(31,134,0,'payment_received',0,'Payment of 19.97 USD submitted through PayPal.',1216060231),(32,135,0,'payment_received',0,'Payment of 19.97 USD submitted through PayPal.',1216232782),(33,140,0,'payment_received',0,'Payment of 19.97 USD submitted through PayPal.',1216306254),(34,142,0,'payment_received',0,'Payment of 19.97 USD submitted through PayPal.',1216371476),(35,152,0,'payment_received',0,'Payment of 19.97 USD submitted through PayPal.',1216498303),(36,153,0,'payment_received',0,'Payment of 19.97 USD submitted through PayPal.',1216554910),(37,156,0,'payment_received',0,'Payment of 19.97 USD submitted through PayPal.',1216603937),(38,162,0,'payment_received',0,'Payment of 19.97 USD submitted through PayPal.',1216636229),(39,163,0,'payment_received',0,'Payment of 19.97 USD submitted through PayPal.',1216639880),(40,166,0,'payment_received',0,'Payment of 19.97 USD submitted through PayPal.',1216659122),(41,168,0,'payment_received',0,'Payment of 19.97 USD submitted through PayPal.',1216677269),(42,170,0,'payment_received',0,'Payment of 19.97 USD submitted through PayPal.',1216692301),(43,171,0,'payment_received',0,'Payment of 19.97 USD submitted through PayPal.',1216698341),(44,172,0,'payment_received',0,'Payment of 19.97 USD submitted through PayPal.',1216698398),(45,175,0,'payment_received',0,'Payment of 19.97 USD submitted through PayPal.',1216726446),(46,176,0,'payment_received',0,'Payment of 19.97 USD submitted through PayPal.',1216749299),(47,182,0,'payment_received',0,'Payment of 19.97 USD submitted through PayPal.',1216779406),(48,183,0,'payment_received',0,'Payment of 19.97 USD submitted through PayPal.',1216780760),(49,188,0,'payment_received',0,'Payment of 19.97 USD submitted through PayPal.',1216882968),(50,190,0,'payment_received',0,'Payment of 19.97 USD submitted through PayPal.',1216954028),(51,192,0,'payment_received',0,'Payment of 19.97 USD submitted through PayPal.',1216965581),(52,193,0,'payment_received',0,'Payment of 19.97 USD submitted through PayPal.',1216993626),(53,194,0,'payment_received',0,'Payment of 19.97 USD submitted through PayPal.',1216994923),(54,199,0,'payment_received',0,'Payment of 19.97 USD submitted through PayPal.',1217069931),(55,202,0,'payment_received',0,'Payment of 19.97 USD submitted through PayPal.',1217077633),(56,203,0,'payment_received',0,'Payment of 19.97 USD submitted through PayPal.',1217085809),(57,204,0,'payment_received',0,'Payment of 19.97 USD submitted through PayPal.',1217178892);

--
-- Table structure for table `uc_order_line_items`
--

CREATE TABLE `uc_order_line_items` (
  `line_item_id` mediumint(9) NOT NULL auto_increment,
  `order_id` mediumint(9) NOT NULL default '0',
  `type` varchar(32) NOT NULL default '',
  `title` varchar(128) NOT NULL default '',
  `amount` decimal(10,2) NOT NULL default '0.00',
  `weight` smallint(6) NOT NULL default '0',
  PRIMARY KEY  (`line_item_id`),
  KEY `order_id` (`order_id`)
) ENGINE=MyISAM DEFAULT CHARSET=utf8;

--
-- Dumping data for table `uc_order_line_items`
--



--
-- Table structure for table `uc_order_log`
--

CREATE TABLE `uc_order_log` (
  `order_log_id` mediumint(9) NOT NULL auto_increment,
  `order_id` mediumint(9) NOT NULL default '0',
  `uid` mediumint(9) NOT NULL default '0',
  `changes` text NOT NULL,
  `created` int(11) NOT NULL default '0',
  PRIMARY KEY  (`order_log_id`),
  KEY `order_id` (`order_id`)
) ENGINE=MyISAM DEFAULT CHARSET=utf8;

--
-- Dumping data for table `uc_order_log`
--


INSERT INTO `uc_order_log` VALUES (1,56,0,'<div class=\"item-list\"><ul><li>PayPal payment for $100.00 entered by -.</li></ul></div>',1213933026),(2,56,0,'<div class=\"item-list\"><ul><li>Order status changed from <em>in_checkout</em> to <em>completed</em>.</li></ul></div>',1213933026),(3,57,0,'<div class=\"item-list\"><ul><li>PayPal payment for $19.97 entered by -.</li></ul></div>',1213934484),(4,57,0,'<div class=\"item-list\"><ul><li>Order status changed from <em>in_checkout</em> to <em>completed</em>.</li></ul></div>',1213934484),(5,58,0,'<div class=\"item-list\"><ul><li>PayPal payment for $19.97 entered by -.</li></ul></div>',1213934832),(6,58,0,'<div class=\"item-list\"><ul><li>Order status changed from <em>in_checkout</em> to <em>completed</em>.</li></ul></div>',1213934832),(7,59,0,'<div class=\"item-list\"><ul><li>PayPal payment for $19.97 entered by -.</li></ul></div>',1213935321),(8,59,0,'<div class=\"item-list\"><ul><li>Order status changed from <em>in_checkout</em> to <em>completed</em>.</li></ul></div>',1213935321),(9,60,0,'<div class=\"item-list\"><ul><li>PayPal payment for $19.97 entered by -.</li></ul></div>',1213935661),(10,60,0,'<div class=\"item-list\"><ul><li>Order status changed from <em>in_checkout</em> to <em>completed</em>.</li></ul></div>',1213935661),(11,63,0,'<div class=\"item-list\"><ul><li>PayPal payment for $19.97 entered by -.</li></ul></div>',1213970955),(12,63,0,'<div class=\"item-list\"><ul><li>Order status changed from <em>in_checkout</em> to <em>completed</em>.</li></ul></div>',1213970955),(13,64,0,'<div class=\"item-list\"><ul><li>PayPal payment for $19.97 entered by -.</li></ul></div>',1213971220),(14,64,0,'<div class=\"item-list\"><ul><li>Order status changed from <em>in_checkout</em> to <em>completed</em>.</li></ul></div>',1213971220),(15,65,0,'<div class=\"item-list\"><ul><li>PayPal payment for $19.97 entered by -.</li></ul></div>',1213971769),(16,65,0,'<div class=\"item-list\"><ul><li>Order status changed from <em>in_checkout</em> to <em>completed</em>.</li></ul></div>',1213971769),(17,66,159,'<div class=\"item-list\"><ul><li>Order status changed from <em>in_checkout</em> to <em>pending</em>.</li></ul></div>',1213971878),(18,66,0,'<div class=\"item-list\"><ul><li>PayPal payment for $19.97 entered by -.</li></ul></div>',1213971890),(19,66,0,'<div class=\"item-list\"><ul><li>Order status changed from <em>pending</em> to <em>completed</em>.</li></ul></div>',1213971890),(20,67,160,'<div class=\"item-list\"><ul><li>Order status changed from <em>in_checkout</em> to <em>pending</em>.</li></ul></div>',1213972000),(21,67,0,'<div class=\"item-list\"><ul><li>PayPal payment for $19.97 entered by -.</li></ul></div>',1213972004),(22,67,0,'<div class=\"item-list\"><ul><li>Order status changed from <em>pending</em> to <em>completed</em>.</li></ul></div>',1213972004),(23,68,0,'<div class=\"item-list\"><ul><li>PayPal payment for $19.97 entered by -.</li></ul></div>',1213972562),(24,68,0,'<div class=\"item-list\"><ul><li>Order status changed from <em>in_checkout</em> to <em>completed</em>.</li></ul></div>',1213972562),(25,72,0,'<div class=\"item-list\"><ul><li>PayPal payment for $19.97 entered by -.</li></ul></div>',1214430279),(26,72,0,'<div class=\"item-list\"><ul><li>Order status changed from <em>in_checkout</em> to <em>completed</em>.</li></ul></div>',1214430279),(27,73,1,'<div class=\"item-list\"><ul><li>Order status changed from <em>in_checkout</em> to <em>pending</em>.</li></ul></div>',1214430771),(28,73,0,'<div class=\"item-list\"><ul><li>PayPal payment for $79.88 entered by -.</li></ul></div>',1214430772),(29,73,0,'<div class=\"item-list\"><ul><li>Order status changed from <em>pending</em> to <em>completed</em>.</li></ul></div>',1214430772),(30,76,0,'<div class=\"item-list\"><ul><li>PayPal payment for $19.97 entered by -.</li></ul></div>',1214852201),(31,76,0,'<div class=\"item-list\"><ul><li>Order status changed from <em>in_checkout</em> to <em>completed</em>.</li></ul></div>',1214852201),(32,79,0,'<div class=\"item-list\"><ul><li>PayPal payment for $19.97 entered by -.</li></ul></div>',1214994175),(33,79,0,'<div class=\"item-list\"><ul><li>Order status changed from <em>in_checkout</em> to <em>completed</em>.</li></ul></div>',1214994175),(34,82,0,'<div class=\"item-list\"><ul><li>PayPal payment for $19.97 entered by -.</li></ul></div>',1215111806),(35,82,0,'<div class=\"item-list\"><ul><li>Order status changed from <em>in_checkout</em> to <em>completed</em>.</li></ul></div>',1215111807),(36,83,0,'<div class=\"item-list\"><ul><li>PayPal payment for $19.97 entered by -.</li></ul></div>',1215113184),(37,83,0,'<div class=\"item-list\"><ul><li>Order status changed from <em>in_checkout</em> to <em>completed</em>.</li></ul></div>',1215113184),(38,85,168,'<div class=\"item-list\"><ul><li>Order status changed from <em>in_checkout</em> to <em>pending</em>.</li></ul></div>',1215114242),(39,85,0,'<div class=\"item-list\"><ul><li>PayPal payment for $39.94 entered by -.</li></ul></div>',1215114243),(40,85,0,'<div class=\"item-list\"><ul><li>Order status changed from <em>pending</em> to <em>completed</em>.</li></ul></div>',1215114243),(41,86,0,'<div class=\"item-list\"><ul><li>PayPal payment for $19.97 entered by -.</li></ul></div>',1215131254),(42,86,0,'<div class=\"item-list\"><ul><li>Order status changed from <em>in_checkout</em> to <em>completed</em>.</li></ul></div>',1215131255),(43,87,0,'<div class=\"item-list\"><ul><li>PayPal payment for $19.97 entered by -.</li></ul></div>',1215132714),(44,87,0,'<div class=\"item-list\"><ul><li>Order status changed from <em>in_checkout</em> to <em>completed</em>.</li></ul></div>',1215132714),(45,88,172,'<div class=\"item-list\"><ul><li>Order status changed from <em>in_checkout</em> to <em>pending</em>.</li></ul></div>',1215133245),(46,88,0,'<div class=\"item-list\"><ul><li>PayPal payment for $19.97 entered by -.</li></ul></div>',1215133246),(47,88,0,'<div class=\"item-list\"><ul><li>Order status changed from <em>pending</em> to <em>completed</em>.</li></ul></div>',1215133246),(48,89,0,'<div class=\"item-list\"><ul><li>PayPal payment for $19.97 entered by -.</li></ul></div>',1215133484),(49,89,0,'<div class=\"item-list\"><ul><li>Order status changed from <em>in_checkout</em> to <em>completed</em>.</li></ul></div>',1215133484),(50,90,0,'<div class=\"item-list\"><ul><li>PayPal payment for $19.97 entered by -.</li></ul></div>',1215133677),(51,90,0,'<div class=\"item-list\"><ul><li>Order status changed from <em>in_checkout</em> to <em>completed</em>.</li></ul></div>',1215133677),(52,92,0,'<div class=\"item-list\"><ul><li>PayPal payment for $19.97 entered by -.</li></ul></div>',1215186722),(53,92,0,'<div class=\"item-list\"><ul><li>Order status changed from <em>in_checkout</em> to <em>completed</em>.</li></ul></div>',1215186722),(54,94,0,'<div class=\"item-list\"><ul><li>PayPal payment for $19.97 entered by -.</li></ul></div>',1215195107),(55,94,0,'<div class=\"item-list\"><ul><li>Order status changed from <em>in_checkout</em> to <em>completed</em>.</li></ul></div>',1215195107),(56,94,0,'<div class=\"item-list\"><ul><li>Order status changed from <em>completed</em> to <em>completed</em>.</li></ul></div>',1215195107),(57,94,0,'<div class=\"item-list\"><ul><li>Order status changed from <em>completed</em> to <em>completed</em>.</li></ul></div>',1215195113),(58,95,177,'<div class=\"item-list\"><ul><li>Order status changed from <em>in_checkout</em> to <em>pending</em>.</li></ul></div>',1215195349),(59,95,0,'<div class=\"item-list\"><ul><li>PayPal payment for $19.97 entered by -.</li></ul></div>',1215195349),(60,95,0,'<div class=\"item-list\"><ul><li>Order status changed from <em>pending</em> to <em>completed</em>.</li></ul></div>',1215195349),(61,95,0,'<div class=\"item-list\"><ul><li>Order status changed from <em>completed</em> to <em>completed</em>.</li></ul></div>',1215195349),(62,123,0,'<div class=\"item-list\"><ul><li>PayPal payment for $19.97 entered by -.</li></ul></div>',1215712584),(63,123,0,'<div class=\"item-list\"><ul><li>Order status changed from <em>in_checkout</em> to <em>completed</em>.</li></ul></div>',1215712584),(64,123,0,'<div class=\"item-list\"><ul><li>Order status changed from <em>completed</em> to <em>completed</em>.</li></ul></div>',1215712585),(65,123,0,'<div class=\"item-list\"><ul><li>Order status changed from <em>completed</em> to <em>completed</em>.</li></ul></div>',1215712591),(66,125,0,'<div class=\"item-list\"><ul><li>PayPal payment for $19.97 entered by -.</li></ul></div>',1215787838),(67,125,0,'<div class=\"item-list\"><ul><li>Order status changed from <em>in_checkout</em> to <em>completed</em>.</li></ul></div>',1215787838),(68,125,0,'<div class=\"item-list\"><ul><li>Order status changed from <em>completed</em> to <em>completed</em>.</li></ul></div>',1215787838),(69,127,0,'<div class=\"item-list\"><ul><li>PayPal payment for $19.97 entered by -.</li></ul></div>',1215844763),(70,127,0,'<div class=\"item-list\"><ul><li>Order status changed from <em>in_checkout</em> to <em>completed</em>.</li></ul></div>',1215844763),(71,127,0,'<div class=\"item-list\"><ul><li>Order status changed from <em>completed</em> to <em>completed</em>.</li></ul></div>',1215844763),(72,127,0,'<div class=\"item-list\"><ul><li>Order status changed from <em>completed</em> to <em>completed</em>.</li></ul></div>',1215844781),(73,131,0,'<div class=\"item-list\"><ul><li>PayPal payment for $19.97 entered by -.</li></ul></div>',1215900655),(74,131,0,'<div class=\"item-list\"><ul><li>Order status changed from <em>in_checkout</em> to <em>completed</em>.</li></ul></div>',1215900655),(75,131,0,'<div class=\"item-list\"><ul><li>Order status changed from <em>completed</em> to <em>completed</em>.</li></ul></div>',1215900656),(76,131,0,'<div class=\"item-list\"><ul><li>Order status changed from <em>completed</em> to <em>completed</em>.</li></ul></div>',1215900664),(77,134,0,'<div class=\"item-list\"><ul><li>PayPal payment for $19.97 entered by -.</li></ul></div>',1216060230),(78,134,0,'<div class=\"item-list\"><ul><li>Order status changed from <em>in_checkout</em> to <em>completed</em>.</li></ul></div>',1216060230),(79,134,0,'<div class=\"item-list\"><ul><li>Order status changed from <em>completed</em> to <em>completed</em>.</li></ul></div>',1216060231),(80,134,0,'<div class=\"item-list\"><ul><li>Order status changed from <em>completed</em> to <em>completed</em>.</li></ul></div>',1216060241),(81,135,0,'<div class=\"item-list\"><ul><li>PayPal payment for $19.97 entered by -.</li></ul></div>',1216232781),(82,135,0,'<div class=\"item-list\"><ul><li>Order status changed from <em>in_checkout</em> to <em>completed</em>.</li></ul></div>',1216232781),(83,135,0,'<div class=\"item-list\"><ul><li>Order status changed from <em>completed</em> to <em>completed</em>.</li></ul></div>',1216232782),(84,140,0,'<div class=\"item-list\"><ul><li>PayPal payment for $19.97 entered by -.</li></ul></div>',1216306253),(85,140,0,'<div class=\"item-list\"><ul><li>Order status changed from <em>in_checkout</em> to <em>completed</em>.</li></ul></div>',1216306253),(86,140,0,'<div class=\"item-list\"><ul><li>Order status changed from <em>completed</em> to <em>completed</em>.</li></ul></div>',1216306254),(87,140,0,'<div class=\"item-list\"><ul><li>Order status changed from <em>completed</em> to <em>completed</em>.</li></ul></div>',1216306261),(88,142,0,'<div class=\"item-list\"><ul><li>PayPal payment for $19.97 entered by -.</li></ul></div>',1216371476),(89,142,0,'<div class=\"item-list\"><ul><li>Order status changed from <em>in_checkout</em> to <em>completed</em>.</li></ul></div>',1216371476),(90,142,0,'<div class=\"item-list\"><ul><li>Order status changed from <em>completed</em> to <em>completed</em>.</li></ul></div>',1216371476),(91,152,0,'<div class=\"item-list\"><ul><li>PayPal payment for $19.97 entered by -.</li></ul></div>',1216498302),(92,152,0,'<div class=\"item-list\"><ul><li>Order status changed from <em>in_checkout</em> to <em>completed</em>.</li></ul></div>',1216498302),(93,152,0,'<div class=\"item-list\"><ul><li>Order status changed from <em>completed</em> to <em>completed</em>.</li></ul></div>',1216498303),(94,152,0,'<div class=\"item-list\"><ul><li>Order status changed from <em>completed</em> to <em>completed</em>.</li></ul></div>',1216498307),(95,153,0,'<div class=\"item-list\"><ul><li>PayPal payment for $19.97 entered by -.</li></ul></div>',1216554910),(96,153,0,'<div class=\"item-list\"><ul><li>Order status changed from <em>in_checkout</em> to <em>completed</em>.</li></ul></div>',1216554910),(97,153,0,'<div class=\"item-list\"><ul><li>Order status changed from <em>completed</em> to <em>completed</em>.</li></ul></div>',1216554910),(98,153,0,'<div class=\"item-list\"><ul><li>Order status changed from <em>completed</em> to <em>completed</em>.</li></ul></div>',1216554920),(99,153,196,'<div class=\"item-list\"><ul><li>Order status changed from <em>completed</em> to <em>completed</em>.</li></ul></div>',1216555523),(100,156,0,'<div class=\"item-list\"><ul><li>PayPal payment for $19.97 entered by -.</li></ul></div>',1216603936),(101,156,0,'<div class=\"item-list\"><ul><li>Order status changed from <em>in_checkout</em> to <em>completed</em>.</li></ul></div>',1216603936),(102,156,0,'<div class=\"item-list\"><ul><li>Order status changed from <em>completed</em> to <em>completed</em>.</li></ul></div>',1216603937),(103,156,0,'<div class=\"item-list\"><ul><li>Order status changed from <em>completed</em> to <em>completed</em>.</li></ul></div>',1216603949),(104,162,0,'<div class=\"item-list\"><ul><li>PayPal payment for $19.97 entered by -.</li></ul></div>',1216636228),(105,162,0,'<div class=\"item-list\"><ul><li>Order status changed from <em>in_checkout</em> to <em>completed</em>.</li></ul></div>',1216636228),(106,162,0,'<div class=\"item-list\"><ul><li>Order status changed from <em>completed</em> to <em>completed</em>.</li></ul></div>',1216636229),(107,162,0,'<div class=\"item-list\"><ul><li>Order status changed from <em>completed</em> to <em>completed</em>.</li></ul></div>',1216636245),(108,163,0,'<div class=\"item-list\"><ul><li>PayPal payment for $19.97 entered by -.</li></ul></div>',1216639880),(109,163,0,'<div class=\"item-list\"><ul><li>Order status changed from <em>in_checkout</em> to <em>completed</em>.</li></ul></div>',1216639880),(110,163,0,'<div class=\"item-list\"><ul><li>Order status changed from <em>completed</em> to <em>completed</em>.</li></ul></div>',1216639880),(111,163,0,'<div class=\"item-list\"><ul><li>Order status changed from <em>completed</em> to <em>completed</em>.</li></ul></div>',1216639894),(112,166,0,'<div class=\"item-list\"><ul><li>PayPal payment for $19.97 entered by -.</li></ul></div>',1216659122),(113,166,0,'<div class=\"item-list\"><ul><li>Order status changed from <em>in_checkout</em> to <em>completed</em>.</li></ul></div>',1216659122),(114,166,0,'<div class=\"item-list\"><ul><li>Order status changed from <em>completed</em> to <em>completed</em>.</li></ul></div>',1216659122),(115,166,0,'<div class=\"item-list\"><ul><li>Order status changed from <em>completed</em> to <em>completed</em>.</li></ul></div>',1216659134),(116,168,0,'<div class=\"item-list\"><ul><li>PayPal payment for $19.97 entered by -.</li></ul></div>',1216677268),(117,168,0,'<div class=\"item-list\"><ul><li>Order status changed from <em>in_checkout</em> to <em>completed</em>.</li></ul></div>',1216677268),(118,168,0,'<div class=\"item-list\"><ul><li>Order status changed from <em>completed</em> to <em>completed</em>.</li></ul></div>',1216677269),(119,168,0,'<div class=\"item-list\"><ul><li>Order status changed from <em>completed</em> to <em>completed</em>.</li></ul></div>',1216677278),(120,170,0,'<div class=\"item-list\"><ul><li>PayPal payment for $19.97 entered by -.</li></ul></div>',1216692301),(121,170,0,'<div class=\"item-list\"><ul><li>Order status changed from <em>in_checkout</em> to <em>completed</em>.</li></ul></div>',1216692301),(122,170,0,'<div class=\"item-list\"><ul><li>Order status changed from <em>completed</em> to <em>completed</em>.</li></ul></div>',1216692301),(123,171,0,'<div class=\"item-list\"><ul><li>PayPal payment for $19.97 entered by -.</li></ul></div>',1216698341),(124,171,0,'<div class=\"item-list\"><ul><li>Order status changed from <em>in_checkout</em> to <em>completed</em>.</li></ul></div>',1216698341),(125,171,0,'<div class=\"item-list\"><ul><li>Order status changed from <em>completed</em> to <em>completed</em>.</li></ul></div>',1216698341),(126,171,0,'<div class=\"item-list\"><ul><li>Order status changed from <em>completed</em> to <em>completed</em>.</li></ul></div>',1216698348),(127,172,0,'<div class=\"item-list\"><ul><li>PayPal payment for $19.97 entered by -.</li></ul></div>',1216698398),(128,172,0,'<div class=\"item-list\"><ul><li>Order status changed from <em>in_checkout</em> to <em>completed</em>.</li></ul></div>',1216698398),(129,172,0,'<div class=\"item-list\"><ul><li>Order status changed from <em>completed</em> to <em>completed</em>.</li></ul></div>',1216698398),(130,172,0,'<div class=\"item-list\"><ul><li>Order status changed from <em>completed</em> to <em>completed</em>.</li></ul></div>',1216698406),(131,175,0,'<div class=\"item-list\"><ul><li>PayPal payment for $19.97 entered by -.</li></ul></div>',1216726446),(132,175,0,'<div class=\"item-list\"><ul><li>Order status changed from <em>in_checkout</em> to <em>completed</em>.</li></ul></div>',1216726446),(133,175,0,'<div class=\"item-list\"><ul><li>Order status changed from <em>completed</em> to <em>completed</em>.</li></ul></div>',1216726446),(134,175,0,'<div class=\"item-list\"><ul><li>Order status changed from <em>completed</em> to <em>completed</em>.</li></ul></div>',1216726669),(135,176,0,'<div class=\"item-list\"><ul><li>PayPal payment for $19.97 entered by -.</li></ul></div>',1216749298),(136,176,0,'<div class=\"item-list\"><ul><li>Order status changed from <em>in_checkout</em> to <em>completed</em>.</li></ul></div>',1216749298),(137,176,0,'<div class=\"item-list\"><ul><li>Order status changed from <em>completed</em> to <em>completed</em>.</li></ul></div>',1216749299),(138,176,0,'<div class=\"item-list\"><ul><li>Order status changed from <em>completed</em> to <em>completed</em>.</li></ul></div>',1216749328),(139,182,0,'<div class=\"item-list\"><ul><li>PayPal payment for $19.97 entered by -.</li></ul></div>',1216779406),(140,182,0,'<div class=\"item-list\"><ul><li>Order status changed from <em>in_checkout</em> to <em>completed</em>.</li></ul></div>',1216779406),(141,182,0,'<div class=\"item-list\"><ul><li>Order status changed from <em>completed</em> to <em>completed</em>.</li></ul></div>',1216779406),(142,182,0,'<div class=\"item-list\"><ul><li>Order status changed from <em>completed</em> to <em>completed</em>.</li></ul></div>',1216779420),(143,183,0,'<div class=\"item-list\"><ul><li>PayPal payment for $19.97 entered by -.</li></ul></div>',1216780759),(144,183,0,'<div class=\"item-list\"><ul><li>Order status changed from <em>in_checkout</em> to <em>completed</em>.</li></ul></div>',1216780759),(145,183,0,'<div class=\"item-list\"><ul><li>Order status changed from <em>completed</em> to <em>completed</em>.</li></ul></div>',1216780760),(146,183,0,'<div class=\"item-list\"><ul><li>Order status changed from <em>completed</em> to <em>completed</em>.</li></ul></div>',1216780770),(147,188,0,'<div class=\"item-list\"><ul><li>PayPal payment for $19.97 entered by -.</li></ul></div>',1216882967),(148,188,0,'<div class=\"item-list\"><ul><li>Order status changed from <em>in_checkout</em> to <em>completed</em>.</li></ul></div>',1216882967),(149,188,0,'<div class=\"item-list\"><ul><li>Order status changed from <em>completed</em> to <em>completed</em>.</li></ul></div>',1216882968),(150,188,0,'<div class=\"item-list\"><ul><li>Order status changed from <em>completed</em> to <em>completed</em>.</li></ul></div>',1216883024),(151,190,0,'<div class=\"item-list\"><ul><li>PayPal payment for $19.97 entered by -.</li></ul></div>',1216954027),(152,190,0,'<div class=\"item-list\"><ul><li>Order status changed from <em>in_checkout</em> to <em>completed</em>.</li></ul></div>',1216954027),(153,190,0,'<div class=\"item-list\"><ul><li>Order status changed from <em>completed</em> to <em>completed</em>.</li></ul></div>',1216954028),(154,190,0,'<div class=\"item-list\"><ul><li>Order status changed from <em>completed</em> to <em>completed</em>.</li></ul></div>',1216954040),(155,192,0,'<div class=\"item-list\"><ul><li>PayPal payment for $19.97 entered by -.</li></ul></div>',1216965580),(156,192,0,'<div class=\"item-list\"><ul><li>Order status changed from <em>in_checkout</em> to <em>completed</em>.</li></ul></div>',1216965580),(157,192,0,'<div class=\"item-list\"><ul><li>Order status changed from <em>completed</em> to <em>completed</em>.</li></ul></div>',1216965581),(158,192,0,'<div class=\"item-list\"><ul><li>Order status changed from <em>completed</em> to <em>completed</em>.</li></ul></div>',1216965611),(159,193,0,'<div class=\"item-list\"><ul><li>PayPal payment for $19.97 entered by -.</li></ul></div>',1216993626),(160,193,0,'<div class=\"item-list\"><ul><li>Order status changed from <em>in_checkout</em> to <em>completed</em>.</li></ul></div>',1216993626),(161,193,0,'<div class=\"item-list\"><ul><li>Order status changed from <em>completed</em> to <em>completed</em>.</li></ul></div>',1216993626),(162,194,0,'<div class=\"item-list\"><ul><li>PayPal payment for $19.97 entered by -.</li></ul></div>',1216994922),(163,194,0,'<div class=\"item-list\"><ul><li>Order status changed from <em>in_checkout</em> to <em>completed</em>.</li></ul></div>',1216994922),(164,194,0,'<div class=\"item-list\"><ul><li>Order status changed from <em>completed</em> to <em>completed</em>.</li></ul></div>',1216994923),(165,199,0,'<div class=\"item-list\"><ul><li>PayPal payment for $19.97 entered by -.</li></ul></div>',1217069931),(166,199,0,'<div class=\"item-list\"><ul><li>Order status changed from <em>in_checkout</em> to <em>completed</em>.</li></ul></div>',1217069931),(167,199,0,'<div class=\"item-list\"><ul><li>Order status changed from <em>completed</em> to <em>completed</em>.</li></ul></div>',1217069931),(168,202,0,'<div class=\"item-list\"><ul><li>PayPal payment for $19.97 entered by -.</li></ul></div>',1217077633),(169,202,0,'<div class=\"item-list\"><ul><li>Order status changed from <em>in_checkout</em> to <em>completed</em>.</li></ul></div>',1217077633),(170,202,0,'<div class=\"item-list\"><ul><li>Order status changed from <em>completed</em> to <em>completed</em>.</li></ul></div>',1217077633),(171,202,0,'<div class=\"item-list\"><ul><li>Order status changed from <em>completed</em> to <em>completed</em>.</li></ul></div>',1217077640),(172,203,0,'<div class=\"item-list\"><ul><li>PayPal payment for $19.97 entered by -.</li></ul></div>',1217085808),(173,203,0,'<div class=\"item-list\"><ul><li>Order status changed from <em>in_checkout</em> to <em>completed</em>.</li></ul></div>',1217085808),(174,203,0,'<div class=\"item-list\"><ul><li>Order status changed from <em>completed</em> to <em>completed</em>.</li></ul></div>',1217085809),(175,203,0,'<div class=\"item-list\"><ul><li>Order status changed from <em>completed</em> to <em>completed</em>.</li></ul></div>',1217085820),(176,204,0,'<div class=\"item-list\"><ul><li>PayPal payment for $19.97 entered by -.</li></ul></div>',1217178892),(177,204,0,'<div class=\"item-list\"><ul><li>Order status changed from <em>in_checkout</em> to <em>completed</em>.</li></ul></div>',1217178892),(178,204,0,'<div class=\"item-list\"><ul><li>Order status changed from <em>completed</em> to <em>completed</em>.</li></ul></div>',1217178892),(179,207,0,'<div class=\"item-list\"><ul><li>PayPal payment for $19.97 entered by -.</li></ul></div>',1217201174),(180,207,0,'<div class=\"item-list\"><ul><li>Order status changed from <em>in_checkout</em> to <em>completed</em>.</li></ul></div>',1217201174),(181,207,0,'<div class=\"item-list\"><ul><li>Order status changed from <em>completed</em> to <em>completed</em>.</li></ul></div>',1217201174),(182,215,0,'<div class=\"item-list\"><ul><li>PayPal payment for $19.97 entered by -.</li></ul></div>',1217391183),(183,215,0,'<div class=\"item-list\"><ul><li>Order status changed from <em>in_checkout</em> to <em>completed</em>.</li></ul></div>',1217391183),(184,215,0,'<div class=\"item-list\"><ul><li>Order status changed from <em>completed</em> to <em>completed</em>.</li></ul></div>',1217391184);

--
-- Table structure for table `uc_order_products`
--

CREATE TABLE `uc_order_products` (
  `order_product_id` int(9) NOT NULL auto_increment,
  `order_id` mediumint(9) NOT NULL default '0',
  `nid` mediumint(9) NOT NULL default '0',
  `title` varchar(128) NOT NULL default '',
  `manufacturer` varchar(32) NOT NULL default '',
  `model` varchar(255) NOT NULL default '',
  `qty` smallint(6) NOT NULL default '0',
  `cost` decimal(10,2) NOT NULL default '0.00',
  `price` decimal(10,2) NOT NULL default '0.00',
  `weight` float NOT NULL default '0',
  `data` text NOT NULL,
  PRIMARY KEY  (`order_product_id`),
  KEY `order_id` (`order_id`)
) ENGINE=MyISAM DEFAULT CHARSET=utf8;

--
-- Dumping data for table `uc_order_products`
--


INSERT INTO `uc_order_products` VALUES (1,1,178,'Premium Subscription','','Premium Subscription',1,'9.99','9.99',0,'a:2:{s:9:\"shippable\";s:1:\"1\";s:6:\"module\";s:10:\"uc_product\";}'),(2,2,178,'Premium Subscription','','Premium Subscription',1,'9.99','9.99',0,'a:2:{s:9:\"shippable\";s:1:\"1\";s:6:\"module\";s:10:\"uc_product\";}'),(3,3,178,'Premium Subscription','','Premium Subscription',1,'9.99','9.99',0,'a:2:{s:9:\"shippable\";s:1:\"1\";s:6:\"module\";s:10:\"uc_product\";}'),(4,4,178,'Premium Subscription','','Premium Subscription',1,'9.99','9.99',0,'a:2:{s:9:\"shippable\";s:1:\"1\";s:6:\"module\";s:10:\"uc_product\";}'),(5,5,178,'Premium Subscription','','Premium Subscription',1,'9.99','9.99',0,'a:2:{s:9:\"shippable\";s:1:\"1\";s:6:\"module\";s:10:\"uc_product\";}'),(6,6,178,'Premium Subscription','','Premium Subscription',1,'9.99','9.99',0,'a:2:{s:9:\"shippable\";s:1:\"1\";s:6:\"module\";s:10:\"uc_product\";}'),(7,7,178,'Premium Subscription','','Premium Subscription',1,'9.99','9.99',0,'a:2:{s:9:\"shippable\";s:1:\"1\";s:6:\"module\";s:10:\"uc_product\";}'),(8,8,178,'Premium Subscription','','Premium Subscription',1,'9.99','9.99',0,'a:2:{s:9:\"shippable\";s:1:\"1\";s:6:\"module\";s:10:\"uc_product\";}'),(9,9,181,'123','','123',1,'0.00','123.00',1,'a:2:{s:9:\"shippable\";s:1:\"1\";s:6:\"module\";s:10:\"uc_product\";}'),(10,10,181,'123','','123',1,'0.00','123.00',1,'a:2:{s:9:\"shippable\";s:1:\"1\";s:6:\"module\";s:10:\"uc_product\";}'),(11,11,178,'Premium Subscription','','Premium Subscription',1,'9.99','9.99',0,'a:2:{s:9:\"shippable\";s:1:\"1\";s:6:\"module\";s:10:\"uc_product\";}'),(12,12,178,'Premium Subscription','','Premium Subscription',1,'9.99','9.99',0,'a:2:{s:9:\"shippable\";s:1:\"1\";s:6:\"module\";s:10:\"uc_product\";}'),(13,13,178,'Premium Subscription','','Premium Subscription',1,'9.99','9.99',0,'a:2:{s:9:\"shippable\";s:1:\"1\";s:6:\"module\";s:10:\"uc_product\";}'),(14,14,178,'Premium Subscription','','Premium Subscription',2,'9.99','9.99',0,'a:2:{s:9:\"shippable\";s:1:\"1\";s:6:\"module\";s:10:\"uc_product\";}'),(15,14,181,'123','','123',3,'0.00','123.00',1,'a:2:{s:9:\"shippable\";s:1:\"1\";s:6:\"module\";s:10:\"uc_product\";}'),(16,15,178,'Premium Subscription','','Premium Subscription',1,'9.99','9.99',0,'a:2:{s:9:\"shippable\";s:1:\"1\";s:6:\"module\";s:10:\"uc_product\";}'),(17,16,178,'Premium Subscription','','Premium Subscription',1,'9.99','9.99',0,'a:2:{s:9:\"shippable\";s:1:\"1\";s:6:\"module\";s:10:\"uc_product\";}'),(18,17,178,'Premium Subscription','','Premium Subscription',1,'9.99','9.99',0,'a:2:{s:9:\"shippable\";s:1:\"1\";s:6:\"module\";s:10:\"uc_product\";}'),(19,18,178,'Premium Subscription','','Premium Subscription',1,'9.99','9.99',0,'a:2:{s:9:\"shippable\";s:1:\"1\";s:6:\"module\";s:10:\"uc_product\";}'),(20,19,178,'Premium Subscription','','Premium Subscription',2,'9.99','9.99',0,'a:2:{s:9:\"shippable\";s:1:\"1\";s:6:\"module\";s:10:\"uc_product\";}'),(21,20,178,'Premium Subscription','','Premium Subscription',1,'9.99','9.99',0,'a:2:{s:9:\"shippable\";s:1:\"1\";s:6:\"module\";s:10:\"uc_product\";}'),(22,21,178,'Premium Subscription','','Premium Subscription',1,'9.99','9.99',0,'a:2:{s:9:\"shippable\";s:1:\"1\";s:6:\"module\";s:10:\"uc_product\";}'),(23,22,178,'Premium Subscription','','Premium Subscription',1,'9.99','9.99',0,'a:2:{s:9:\"shippable\";s:1:\"1\";s:6:\"module\";s:10:\"uc_product\";}'),(24,23,178,'Premium Subscription','','Premium Subscription',1,'9.99','9.99',0,'a:2:{s:9:\"shippable\";s:1:\"1\";s:6:\"module\";s:10:\"uc_product\";}'),(25,24,181,'123','','123',3,'0.00','123.00',1,'a:2:{s:9:\"shippable\";s:1:\"1\";s:6:\"module\";s:10:\"uc_product\";}'),(26,24,178,'Premium Subscription','','Premium Subscription',6,'9.99','9.99',0,'a:2:{s:9:\"shippable\";s:1:\"1\";s:6:\"module\";s:10:\"uc_product\";}'),(27,25,178,'Premium Subscription','','Premium Subscription',1,'9.99','9.99',0,'a:2:{s:9:\"shippable\";s:1:\"1\";s:6:\"module\";s:10:\"uc_product\";}'),(28,26,178,'Premium Subscription','','Premium Subscription',1,'9.99','9.99',0,'a:2:{s:9:\"shippable\";s:1:\"1\";s:6:\"module\";s:10:\"uc_product\";}'),(29,27,178,'Premium Subscription','','Premium Subscription',1,'9.99','9.99',0,'a:2:{s:9:\"shippable\";s:1:\"1\";s:6:\"module\";s:10:\"uc_product\";}'),(30,28,178,'Premium Subscription','','Premium Subscription',1,'9.99','9.99',0,'a:2:{s:9:\"shippable\";s:1:\"1\";s:6:\"module\";s:10:\"uc_product\";}'),(31,29,178,'Premium Subscription','','Premium Subscription',1,'9.99','9.99',0,'a:2:{s:9:\"shippable\";s:1:\"1\";s:6:\"module\";s:10:\"uc_product\";}'),(32,30,178,'Premium Subscription','','Premium Subscription',1,'9.99','9.99',0,'a:2:{s:9:\"shippable\";s:1:\"1\";s:6:\"module\";s:10:\"uc_product\";}'),(33,31,178,'Premium Subscription','','Premium Subscription',2,'9.99','9.99',0,'a:2:{s:9:\"shippable\";s:1:\"1\";s:6:\"module\";s:10:\"uc_product\";}'),(34,32,178,'Premium Subscription','','Premium Subscription',2,'9.99','9.99',0,'a:2:{s:9:\"shippable\";s:1:\"1\";s:6:\"module\";s:10:\"uc_product\";}'),(35,33,178,'Premium Subscription','','Premium Subscription',1,'9.99','9.99',0,'a:2:{s:9:\"shippable\";s:1:\"1\";s:6:\"module\";s:10:\"uc_product\";}'),(36,34,178,'Premium Subscription','','Premium Subscription',1,'9.99','9.99',0,'a:2:{s:9:\"shippable\";s:1:\"1\";s:6:\"module\";s:10:\"uc_product\";}'),(37,35,178,'Premium Subscription','','Premium Subscription',1,'9.99','9.99',0,'a:2:{s:9:\"shippable\";s:1:\"1\";s:6:\"module\";s:10:\"uc_product\";}'),(38,36,178,'Premium Subscription','','Premium Subscription',1,'9.99','9.99',0,'a:2:{s:9:\"shippable\";s:1:\"1\";s:6:\"module\";s:10:\"uc_product\";}'),(39,37,178,'Premium Subscription','','Premium Subscription',1,'9.99','9.99',0,'a:2:{s:9:\"shippable\";s:1:\"1\";s:6:\"module\";s:10:\"uc_product\";}'),(40,38,178,'Premium Subscription','','Premium Subscription',1,'9.99','9.99',0,'a:2:{s:9:\"shippable\";s:1:\"1\";s:6:\"module\";s:10:\"uc_product\";}'),(41,39,178,'Premium Subscription','','Premium Subscription',1,'9.99','9.99',0,'a:2:{s:9:\"shippable\";s:1:\"1\";s:6:\"module\";s:10:\"uc_product\";}'),(42,40,178,'Premium Subscription','','Premium Subscription',1,'9.99','9.99',0,'a:2:{s:9:\"shippable\";s:1:\"1\";s:6:\"module\";s:10:\"uc_product\";}'),(43,41,178,'Premium Subscription','','Premium Subscription',1,'9.99','9.99',0,'a:2:{s:9:\"shippable\";s:1:\"1\";s:6:\"module\";s:10:\"uc_product\";}'),(44,42,178,'Premium Subscription','','Premium Subscription',2,'9.99','9.99',0,'a:2:{s:9:\"shippable\";s:1:\"1\";s:6:\"module\";s:10:\"uc_product\";}'),(45,43,178,'Premium Subscription','','Premium Subscription',1,'9.99','9.99',0,'a:2:{s:9:\"shippable\";s:1:\"1\";s:6:\"module\";s:10:\"uc_product\";}'),(46,44,178,'Premium Subscription','','Premium Subscription',1,'9.99','9.99',0,'a:2:{s:9:\"shippable\";s:1:\"1\";s:6:\"module\";s:10:\"uc_product\";}'),(47,45,178,'Premium Subscription','','Premium Subscription',2,'9.99','9.99',0,'a:2:{s:9:\"shippable\";s:1:\"1\";s:6:\"module\";s:10:\"uc_product\";}'),(48,46,178,'Premium Subscription','','Premium Subscription',2,'9.99','9.99',0,'a:2:{s:9:\"shippable\";s:1:\"1\";s:6:\"module\";s:10:\"uc_product\";}'),(49,47,178,'Premium Subscription','','Premium Subscription',2,'9.99','9.99',0,'a:2:{s:9:\"shippable\";s:1:\"1\";s:6:\"module\";s:10:\"uc_product\";}'),(50,48,178,'Premium Subscription','','Premium Subscription',2,'9.99','9.99',0,'a:2:{s:9:\"shippable\";s:1:\"1\";s:6:\"module\";s:10:\"uc_product\";}'),(51,50,178,'Premium Subscription','','Premium Subscription',1,'9.99','9.99',0,'a:2:{s:9:\"shippable\";s:1:\"1\";s:6:\"module\";s:10:\"uc_product\";}'),(52,52,178,'Premium Subscription','','Premium Subscription',2,'9.99','9.99',0,'a:2:{s:9:\"shippable\";s:1:\"1\";s:6:\"module\";s:10:\"uc_product\";}'),(53,53,178,'Premium Subscription','','Premium Subscription',2,'9.99','9.99',0,'a:2:{s:9:\"shippable\";s:1:\"1\";s:6:\"module\";s:10:\"uc_product\";}'),(54,54,176,'Joint Pain Comfort Membership','','JPM',1,'0.00','100.00',0,'a:2:{s:9:\"shippable\";s:1:\"0\";s:6:\"module\";s:10:\"uc_product\";}'),(55,55,176,'Joint Pain Comfort Membership','','JPM',3,'0.00','100.00',0,'a:2:{s:9:\"shippable\";s:1:\"0\";s:6:\"module\";s:10:\"uc_product\";}'),(56,56,176,'Joint Pain Comfort Membership','','JPM',1,'0.00','100.00',0,'a:2:{s:9:\"shippable\";s:1:\"0\";s:6:\"module\";s:10:\"uc_product\";}'),(57,57,176,'Joint Pain Comfort Membership','','JPM',1,'0.00','19.97',0,'a:2:{s:9:\"shippable\";s:1:\"0\";s:6:\"module\";s:10:\"uc_product\";}'),(58,58,176,'Joint Pain Comfort Membership','','JPM',1,'0.00','19.97',0,'a:2:{s:9:\"shippable\";s:1:\"0\";s:6:\"module\";s:10:\"uc_product\";}'),(59,59,182,'Joint Pain Comfort Membership','','JPM',1,'0.00','19.97',0,'a:2:{s:9:\"shippable\";s:1:\"0\";s:6:\"module\";s:10:\"uc_product\";}'),(60,60,182,'Joint Pain Comfort Membership','','JPM',1,'0.00','19.97',0,'a:2:{s:9:\"shippable\";s:1:\"0\";s:6:\"module\";s:10:\"uc_product\";}'),(61,61,182,'Joint Pain Comfort Membership','','JPM',1,'0.00','19.97',0,'a:2:{s:9:\"shippable\";s:1:\"0\";s:6:\"module\";s:10:\"uc_product\";}'),(62,62,183,'Joint Pain Comfort Membership','','JPM',1,'19.97','19.97',0,'a:2:{s:9:\"shippable\";s:1:\"0\";s:6:\"module\";s:10:\"uc_product\";}'),(63,63,183,'Joint Pain Comfort Membership','','JPM',1,'19.97','19.97',0,'a:2:{s:9:\"shippable\";s:1:\"0\";s:6:\"module\";s:10:\"uc_product\";}'),(64,64,183,'Joint Pain Comfort Membership','','JPM',1,'19.97','19.97',0,'a:2:{s:9:\"shippable\";s:1:\"0\";s:6:\"module\";s:10:\"uc_product\";}'),(65,65,183,'Joint Pain Comfort Membership','','JPM',1,'19.97','19.97',0,'a:2:{s:9:\"shippable\";s:1:\"0\";s:6:\"module\";s:10:\"uc_product\";}'),(66,66,183,'Joint Pain Comfort Membership','','JPM',1,'19.97','19.97',0,'a:2:{s:9:\"shippable\";s:1:\"0\";s:6:\"module\";s:10:\"uc_product\";}'),(68,67,183,'Joint Pain Comfort Membership','','JPM',1,'19.97','19.97',0,'a:2:{s:9:\"shippable\";s:1:\"0\";s:6:\"module\";s:10:\"uc_product\";}'),(69,68,183,'Joint Pain Comfort Membership','','JPM',1,'19.97','19.97',0,'a:2:{s:9:\"shippable\";s:1:\"0\";s:6:\"module\";s:10:\"uc_product\";}'),(70,69,183,'Joint Pain Comfort Membership','','JPM',1,'19.97','19.97',0,'a:2:{s:9:\"shippable\";s:1:\"0\";s:6:\"module\";s:10:\"uc_product\";}'),(71,70,183,'Joint Pain Comfort Membership','','JPM',7,'19.97','19.97',0,'a:2:{s:9:\"shippable\";s:1:\"0\";s:6:\"module\";s:10:\"uc_product\";}'),(72,71,183,'Joint Pain Comfort Membership','','JPM',1,'19.97','19.97',0,'a:2:{s:9:\"shippable\";s:1:\"0\";s:6:\"module\";s:10:\"uc_product\";}'),(73,72,183,'Joint Pain Comfort Membership','','JPM',1,'19.97','19.97',0,'a:2:{s:9:\"shippable\";s:1:\"0\";s:6:\"module\";s:10:\"uc_product\";}'),(74,73,183,'Joint Pain Comfort Membership','','JPM',4,'19.97','19.97',0,'a:2:{s:9:\"shippable\";s:1:\"0\";s:6:\"module\";s:10:\"uc_product\";}'),(75,74,183,'Joint Pain Comfort Membership','','JPM',1,'19.97','19.97',0,'a:2:{s:9:\"shippable\";s:1:\"0\";s:6:\"module\";s:10:\"uc_product\";}'),(76,75,183,'Joint Pain Comfort Membership','','JPM',1,'19.97','19.97',0,'a:2:{s:9:\"shippable\";s:1:\"0\";s:6:\"module\";s:10:\"uc_product\";}'),(77,76,183,'Joint Pain Comfort Membership','','JPM',1,'19.97','19.97',0,'a:2:{s:9:\"shippable\";s:1:\"0\";s:6:\"module\";s:10:\"uc_product\";}'),(79,77,183,'Joint Pain Comfort Membership','','JPM',5,'19.97','19.97',0,'a:2:{s:9:\"shippable\";s:1:\"0\";s:6:\"module\";s:10:\"uc_product\";}'),(80,78,183,'Joint Pain Comfort Membership','','JPM',1,'19.97','19.97',0,'a:2:{s:9:\"shippable\";s:1:\"0\";s:6:\"module\";s:10:\"uc_product\";}'),(81,79,183,'Joint Pain Comfort Membership','','JPM',1,'19.97','19.97',0,'a:2:{s:9:\"shippable\";s:1:\"0\";s:6:\"module\";s:10:\"uc_product\";}'),(82,80,183,'Joint Pain Comfort Membership','','JPM',2,'19.97','19.97',0,'a:2:{s:9:\"shippable\";s:1:\"0\";s:6:\"module\";s:10:\"uc_product\";}'),(83,81,183,'Joint Pain Comfort Membership','','JPM',1,'19.97','19.97',0,'a:2:{s:9:\"shippable\";s:1:\"0\";s:6:\"module\";s:10:\"uc_product\";}'),(84,82,183,'Joint Pain Comfort Membership','','JPM',1,'19.97','19.97',0,'a:2:{s:9:\"shippable\";s:1:\"0\";s:6:\"module\";s:10:\"uc_product\";}'),(85,83,183,'Joint Pain Comfort Membership','','JPM',1,'19.97','19.97',0,'a:2:{s:9:\"shippable\";s:1:\"0\";s:6:\"module\";s:10:\"uc_product\";}'),(86,84,183,'Joint Pain Comfort Membership','','JPM',1,'19.97','19.97',0,'a:2:{s:9:\"shippable\";s:1:\"0\";s:6:\"module\";s:10:\"uc_product\";}'),(87,85,183,'Joint Pain Comfort Membership','','JPM',2,'19.97','19.97',0,'a:2:{s:9:\"shippable\";s:1:\"0\";s:6:\"module\";s:10:\"uc_product\";}'),(88,86,183,'Joint Pain Comfort Membership','','JPM',1,'19.97','19.97',0,'a:2:{s:9:\"shippable\";s:1:\"0\";s:6:\"module\";s:10:\"uc_product\";}'),(89,87,183,'Joint Pain Comfort Membership','','JPM',1,'19.97','19.97',0,'a:2:{s:9:\"shippable\";s:1:\"0\";s:6:\"module\";s:10:\"uc_product\";}'),(90,88,183,'Joint Pain Comfort Membership','','JPM',1,'19.97','19.97',0,'a:2:{s:9:\"shippable\";s:1:\"0\";s:6:\"module\";s:10:\"uc_product\";}'),(91,89,183,'Joint Pain Comfort Membership','','JPM',1,'19.97','19.97',0,'a:2:{s:9:\"shippable\";s:1:\"0\";s:6:\"module\";s:10:\"uc_product\";}'),(92,90,183,'Joint Pain Comfort Membership','','JPM',1,'19.97','19.97',0,'a:2:{s:9:\"shippable\";s:1:\"0\";s:6:\"module\";s:10:\"uc_product\";}'),(93,91,183,'Joint Pain Comfort Membership','','JPM',1,'19.97','19.97',0,'a:2:{s:9:\"shippable\";s:1:\"0\";s:6:\"module\";s:10:\"uc_product\";}'),(94,92,183,'Joint Pain Comfort Membership','','JPM',1,'19.97','19.97',0,'a:2:{s:9:\"shippable\";s:1:\"0\";s:6:\"module\";s:10:\"uc_product\";}'),(96,93,183,'Joint Pain Comfort Membership','','JPM',1,'19.97','19.97',0,'a:2:{s:9:\"shippable\";s:1:\"0\";s:6:\"module\";s:10:\"uc_product\";}'),(97,94,183,'Joint Pain Comfort Membership','','JPM',1,'19.97','19.97',0,'a:2:{s:9:\"shippable\";s:1:\"0\";s:6:\"module\";s:10:\"uc_product\";}'),(98,95,183,'Joint Pain Comfort Membership','','JPM',1,'19.97','19.97',0,'a:2:{s:9:\"shippable\";s:1:\"0\";s:6:\"module\";s:10:\"uc_product\";}'),(102,96,183,'Joint Pain Comfort Membership','','JPM',1,'19.97','19.97',0,'a:2:{s:9:\"shippable\";s:1:\"0\";s:6:\"module\";s:10:\"uc_product\";}'),(103,97,183,'Joint Pain Comfort Membership','','JPM',1,'19.97','19.97',0,'a:2:{s:9:\"shippable\";s:1:\"0\";s:6:\"module\";s:10:\"uc_product\";}'),(104,98,183,'Joint Pain Comfort Membership','','JPM',1,'19.97','19.97',0,'a:2:{s:9:\"shippable\";s:1:\"0\";s:6:\"module\";s:10:\"uc_product\";}'),(105,99,183,'Joint Pain Comfort Membership','','JPM',1,'19.97','19.97',0,'a:2:{s:9:\"shippable\";s:1:\"0\";s:6:\"module\";s:10:\"uc_product\";}'),(106,100,183,'Joint Pain Comfort Membership','','JPM',1,'19.97','19.97',0,'a:2:{s:9:\"shippable\";s:1:\"0\";s:6:\"module\";s:10:\"uc_product\";}'),(107,101,183,'Joint Pain Comfort Membership','','JPM',1,'19.97','19.97',0,'a:2:{s:9:\"shippable\";s:1:\"0\";s:6:\"module\";s:10:\"uc_product\";}'),(108,102,183,'Joint Pain Comfort Membership','','JPM',1,'19.97','19.97',0,'a:2:{s:9:\"shippable\";s:1:\"0\";s:6:\"module\";s:10:\"uc_product\";}'),(109,103,183,'Joint Pain Comfort Membership','','JPM',1,'19.97','19.97',0,'a:2:{s:9:\"shippable\";s:1:\"0\";s:6:\"module\";s:10:\"uc_product\";}'),(110,104,183,'Joint Pain Comfort Membership','','JPM',1,'19.97','19.97',0,'a:2:{s:9:\"shippable\";s:1:\"0\";s:6:\"module\";s:10:\"uc_product\";}'),(113,105,183,'Joint Pain Comfort Membership','','JPM',1,'19.97','19.97',0,'a:2:{s:9:\"shippable\";s:1:\"0\";s:6:\"module\";s:10:\"uc_product\";}'),(115,106,183,'Joint Pain Comfort Membership','','JPM',1,'19.97','19.97',0,'a:2:{s:9:\"shippable\";s:1:\"0\";s:6:\"module\";s:10:\"uc_product\";}'),(116,107,183,'Joint Pain Comfort Membership','','JPM',1,'19.97','19.97',0,'a:2:{s:9:\"shippable\";s:1:\"0\";s:6:\"module\";s:10:\"uc_product\";}'),(117,108,183,'Joint Pain Comfort Membership','','JPM',1,'19.97','19.97',0,'a:2:{s:9:\"shippable\";s:1:\"0\";s:6:\"module\";s:10:\"uc_product\";}'),(118,109,183,'Joint Pain Comfort Membership','','JPM',1,'19.97','19.97',0,'a:2:{s:9:\"shippable\";s:1:\"0\";s:6:\"module\";s:10:\"uc_product\";}'),(119,110,183,'Joint Pain Comfort Membership','','JPM',1,'19.97','19.97',0,'a:2:{s:9:\"shippable\";s:1:\"0\";s:6:\"module\";s:10:\"uc_product\";}'),(120,111,183,'Joint Pain Comfort Membership','','JPM',1,'19.97','19.97',0,'a:2:{s:9:\"shippable\";s:1:\"0\";s:6:\"module\";s:10:\"uc_product\";}'),(121,112,183,'Joint Pain Comfort Membership','','JPM',1,'19.97','19.97',0,'a:2:{s:9:\"shippable\";s:1:\"0\";s:6:\"module\";s:10:\"uc_product\";}'),(122,113,183,'Joint Pain Comfort Membership','','JPM',1,'19.97','19.97',0,'a:2:{s:9:\"shippable\";s:1:\"0\";s:6:\"module\";s:10:\"uc_product\";}'),(123,114,183,'Joint Pain Comfort Membership','','JPM',1,'19.97','19.97',0,'a:2:{s:9:\"shippable\";s:1:\"0\";s:6:\"module\";s:10:\"uc_product\";}'),(124,115,183,'Joint Pain Comfort Membership','','JPM',1,'19.97','19.97',0,'a:2:{s:9:\"shippable\";s:1:\"0\";s:6:\"module\";s:10:\"uc_product\";}'),(126,116,183,'Joint Pain Comfort Membership','','JPM',1,'19.97','19.97',0,'a:2:{s:9:\"shippable\";s:1:\"0\";s:6:\"module\";s:10:\"uc_product\";}'),(127,117,183,'Joint Pain Comfort Membership','','JPM',1,'19.97','19.97',0,'a:2:{s:9:\"shippable\";s:1:\"0\";s:6:\"module\";s:10:\"uc_product\";}'),(128,118,183,'Joint Pain Comfort Membership','','JPM',1,'19.97','19.97',0,'a:2:{s:9:\"shippable\";s:1:\"0\";s:6:\"module\";s:10:\"uc_product\";}'),(129,119,183,'Joint Pain Comfort Membership','','JPM',1,'19.97','19.97',0,'a:2:{s:9:\"shippable\";s:1:\"0\";s:6:\"module\";s:10:\"uc_product\";}'),(130,120,183,'Joint Pain Comfort Membership','','JPM',1,'19.97','19.97',0,'a:2:{s:9:\"shippable\";s:1:\"0\";s:6:\"module\";s:10:\"uc_product\";}'),(131,121,183,'Joint Pain Comfort Membership','','JPM',1,'19.97','19.97',0,'a:2:{s:9:\"shippable\";s:1:\"0\";s:6:\"module\";s:10:\"uc_product\";}'),(132,122,183,'Joint Pain Comfort Membership','','JPM',1,'19.97','19.97',0,'a:2:{s:9:\"shippable\";s:1:\"0\";s:6:\"module\";s:10:\"uc_product\";}'),(133,123,183,'Joint Pain Comfort Membership','','JPM',1,'19.97','19.97',0,'a:2:{s:9:\"shippable\";s:1:\"0\";s:6:\"module\";s:10:\"uc_product\";}'),(135,124,183,'Joint Pain Comfort Membership','','JPM',1,'19.97','19.97',0,'a:2:{s:9:\"shippable\";s:1:\"0\";s:6:\"module\";s:10:\"uc_product\";}'),(136,125,183,'Joint Pain Comfort Membership','','JPM',1,'19.97','19.97',0,'a:2:{s:9:\"shippable\";s:1:\"0\";s:6:\"module\";s:10:\"uc_product\";}'),(137,126,183,'Joint Pain Comfort Membership','','JPM',1,'19.97','19.97',0,'a:2:{s:9:\"shippable\";s:1:\"0\";s:6:\"module\";s:10:\"uc_product\";}'),(138,127,183,'Joint Pain Comfort Membership','','JPM',1,'19.97','19.97',0,'a:2:{s:9:\"shippable\";s:1:\"0\";s:6:\"module\";s:10:\"uc_product\";}'),(139,128,183,'Joint Pain Comfort Membership','','JPM',1,'19.97','19.97',0,'a:2:{s:9:\"shippable\";s:1:\"0\";s:6:\"module\";s:10:\"uc_product\";}'),(141,129,183,'Joint Pain Comfort Membership','','JPM',1,'19.97','19.97',0,'a:2:{s:9:\"shippable\";s:1:\"0\";s:6:\"module\";s:10:\"uc_product\";}'),(142,130,183,'Joint Pain Comfort Membership','','JPM',1,'19.97','19.97',0,'a:2:{s:9:\"shippable\";s:1:\"0\";s:6:\"module\";s:10:\"uc_product\";}'),(143,131,183,'Joint Pain Comfort Membership','','JPM',1,'19.97','19.97',0,'a:2:{s:9:\"shippable\";s:1:\"0\";s:6:\"module\";s:10:\"uc_product\";}'),(144,132,183,'Joint Pain Comfort Membership','','JPM',1,'19.97','19.97',0,'a:2:{s:9:\"shippable\";s:1:\"0\";s:6:\"module\";s:10:\"uc_product\";}'),(145,133,183,'Joint Pain Comfort Membership','','JPM',1,'19.97','19.97',0,'a:2:{s:9:\"shippable\";s:1:\"0\";s:6:\"module\";s:10:\"uc_product\";}'),(146,134,183,'Joint Pain Comfort Membership','','JPM',1,'19.97','19.97',0,'a:2:{s:9:\"shippable\";s:1:\"0\";s:6:\"module\";s:10:\"uc_product\";}'),(148,135,183,'Joint Pain Comfort Membership','','JPM',1,'19.97','19.97',0,'a:2:{s:9:\"shippable\";s:1:\"0\";s:6:\"module\";s:10:\"uc_product\";}'),(149,136,183,'Joint Pain Comfort Membership','','JPM',1,'19.97','19.97',0,'a:2:{s:9:\"shippable\";s:1:\"0\";s:6:\"module\";s:10:\"uc_product\";}'),(150,137,183,'Joint Pain Comfort Membership','','JPM',1,'19.97','19.97',0,'a:2:{s:9:\"shippable\";s:1:\"0\";s:6:\"module\";s:10:\"uc_product\";}'),(152,138,183,'Joint Pain Comfort Membership','','JPM',1,'19.97','19.97',0,'a:2:{s:9:\"shippable\";s:1:\"0\";s:6:\"module\";s:10:\"uc_product\";}'),(153,139,183,'Joint Pain Comfort Membership','','JPM',1,'19.97','19.97',0,'a:2:{s:9:\"shippable\";s:1:\"0\";s:6:\"module\";s:10:\"uc_product\";}'),(154,140,183,'Joint Pain Comfort Membership','','JPM',1,'19.97','19.97',0,'a:2:{s:9:\"shippable\";s:1:\"0\";s:6:\"module\";s:10:\"uc_product\";}'),(155,141,183,'Joint Pain Comfort Membership','','JPM',1,'19.97','19.97',0,'a:2:{s:9:\"shippable\";s:1:\"0\";s:6:\"module\";s:10:\"uc_product\";}'),(156,142,183,'Joint Pain Comfort Membership','','JPM',1,'19.97','19.97',0,'a:2:{s:9:\"shippable\";s:1:\"0\";s:6:\"module\";s:10:\"uc_product\";}'),(158,143,183,'Joint Pain Comfort Membership','','JPM',1,'19.97','19.97',0,'a:2:{s:9:\"shippable\";s:1:\"0\";s:6:\"module\";s:10:\"uc_product\";}'),(159,144,183,'Joint Pain Comfort Membership','','JPM',1,'19.97','19.97',0,'a:2:{s:9:\"shippable\";s:1:\"0\";s:6:\"module\";s:10:\"uc_product\";}'),(161,145,183,'Joint Pain Comfort Membership','','JPM',1,'19.97','19.97',0,'a:2:{s:9:\"shippable\";s:1:\"0\";s:6:\"module\";s:10:\"uc_product\";}'),(162,146,183,'Joint Pain Comfort Membership','','JPM',1,'19.97','19.97',0,'a:2:{s:9:\"shippable\";s:1:\"0\";s:6:\"module\";s:10:\"uc_product\";}'),(163,147,183,'Joint Pain Comfort Membership','','JPM',1,'19.97','19.97',0,'a:2:{s:9:\"shippable\";s:1:\"0\";s:6:\"module\";s:10:\"uc_product\";}'),(164,148,183,'Joint Pain Comfort Membership','','JPM',1,'19.97','19.97',0,'a:2:{s:9:\"shippable\";s:1:\"0\";s:6:\"module\";s:10:\"uc_product\";}'),(165,149,183,'Joint Pain Comfort Membership','','JPM',1,'19.97','19.97',0,'a:2:{s:9:\"shippable\";s:1:\"0\";s:6:\"module\";s:10:\"uc_product\";}'),(166,150,183,'Joint Pain Comfort Membership','','JPM',1,'19.97','19.97',0,'a:2:{s:9:\"shippable\";s:1:\"0\";s:6:\"module\";s:10:\"uc_product\";}'),(167,151,183,'Joint Pain Comfort Membership','','JPM',1,'19.97','19.97',0,'a:2:{s:9:\"shippable\";s:1:\"0\";s:6:\"module\";s:10:\"uc_product\";}'),(168,152,183,'Joint Pain Comfort Membership','','JPM',1,'19.97','19.97',0,'a:2:{s:9:\"shippable\";s:1:\"0\";s:6:\"module\";s:10:\"uc_product\";}'),(169,153,183,'Joint Pain Comfort Membership','','JPM',1,'19.97','19.97',0,'a:2:{s:9:\"shippable\";s:1:\"0\";s:6:\"module\";s:10:\"uc_product\";}'),(171,154,183,'Joint Pain Comfort Membership','','JPM',1,'19.97','19.97',0,'a:2:{s:9:\"shippable\";s:1:\"0\";s:6:\"module\";s:10:\"uc_product\";}'),(173,155,183,'Joint Pain Comfort Membership','','JPM',1,'19.97','19.97',0,'a:2:{s:9:\"shippable\";s:1:\"0\";s:6:\"module\";s:10:\"uc_product\";}'),(174,156,183,'Joint Pain Comfort Membership','','JPM',1,'19.97','19.97',0,'a:2:{s:9:\"shippable\";s:1:\"0\";s:6:\"module\";s:10:\"uc_product\";}'),(176,157,183,'Joint Pain Comfort Membership','','JPM',1,'19.97','19.97',0,'a:2:{s:9:\"shippable\";s:1:\"0\";s:6:\"module\";s:10:\"uc_product\";}'),(178,158,183,'Joint Pain Comfort Membership','','JPM',1,'19.97','19.97',0,'a:2:{s:9:\"shippable\";s:1:\"0\";s:6:\"module\";s:10:\"uc_product\";}'),(179,159,183,'Joint Pain Comfort Membership','','JPM',1,'19.97','19.97',0,'a:2:{s:9:\"shippable\";s:1:\"0\";s:6:\"module\";s:10:\"uc_product\";}'),(180,160,183,'Joint Pain Comfort Membership','','JPM',1,'19.97','19.97',0,'a:2:{s:9:\"shippable\";s:1:\"0\";s:6:\"module\";s:10:\"uc_product\";}'),(181,161,183,'Joint Pain Comfort Membership','','JPM',1,'19.97','19.97',0,'a:2:{s:9:\"shippable\";s:1:\"0\";s:6:\"module\";s:10:\"uc_product\";}'),(182,162,183,'Joint Pain Comfort Membership','','JPM',1,'19.97','19.97',0,'a:2:{s:9:\"shippable\";s:1:\"0\";s:6:\"module\";s:10:\"uc_product\";}'),(183,163,183,'Joint Pain Comfort Membership','','JPM',1,'19.97','19.97',0,'a:2:{s:9:\"shippable\";s:1:\"0\";s:6:\"module\";s:10:\"uc_product\";}'),(185,164,183,'Joint Pain Comfort Membership','','JPM',1,'19.97','19.97',0,'a:2:{s:9:\"shippable\";s:1:\"0\";s:6:\"module\";s:10:\"uc_product\";}'),(187,165,183,'Joint Pain Comfort Membership','','JPM',1,'19.97','19.97',0,'a:2:{s:9:\"shippable\";s:1:\"0\";s:6:\"module\";s:10:\"uc_product\";}'),(188,166,183,'Joint Pain Comfort Membership','','JPM',1,'19.97','19.97',0,'a:2:{s:9:\"shippable\";s:1:\"0\";s:6:\"module\";s:10:\"uc_product\";}'),(191,167,183,'Joint Pain Comfort Membership','','JPM',1,'19.97','19.97',0,'a:2:{s:9:\"shippable\";s:1:\"0\";s:6:\"module\";s:10:\"uc_product\";}'),(192,168,183,'Joint Pain Comfort Membership','','JPM',1,'19.97','19.97',0,'a:2:{s:9:\"shippable\";s:1:\"0\";s:6:\"module\";s:10:\"uc_product\";}'),(194,169,183,'Joint Pain Comfort Membership','','JPM',1,'19.97','19.97',0,'a:2:{s:9:\"shippable\";s:1:\"0\";s:6:\"module\";s:10:\"uc_product\";}'),(196,170,183,'Joint Pain Comfort Membership','','JPM',1,'19.97','19.97',0,'a:2:{s:9:\"shippable\";s:1:\"0\";s:6:\"module\";s:10:\"uc_product\";}'),(197,171,183,'Joint Pain Comfort Membership','','JPM',1,'19.97','19.97',0,'a:2:{s:9:\"shippable\";s:1:\"0\";s:6:\"module\";s:10:\"uc_product\";}'),(198,172,183,'Joint Pain Comfort Membership','','JPM',1,'19.97','19.97',0,'a:2:{s:9:\"shippable\";s:1:\"0\";s:6:\"module\";s:10:\"uc_product\";}'),(199,173,183,'Joint Pain Comfort Membership','','JPM',1,'19.97','19.97',0,'a:2:{s:9:\"shippable\";s:1:\"0\";s:6:\"module\";s:10:\"uc_product\";}'),(200,174,183,'Joint Pain Comfort Membership','','JPM',1,'19.97','19.97',0,'a:2:{s:9:\"shippable\";s:1:\"0\";s:6:\"module\";s:10:\"uc_product\";}'),(201,175,183,'Joint Pain Comfort Membership','','JPM',1,'19.97','19.97',0,'a:2:{s:9:\"shippable\";s:1:\"0\";s:6:\"module\";s:10:\"uc_product\";}'),(202,176,183,'Joint Pain Comfort Membership','','JPM',1,'19.97','19.97',0,'a:2:{s:9:\"shippable\";s:1:\"0\";s:6:\"module\";s:10:\"uc_product\";}'),(203,177,183,'Joint Pain Comfort Membership','','JPM',1,'19.97','19.97',0,'a:2:{s:9:\"shippable\";s:1:\"0\";s:6:\"module\";s:10:\"uc_product\";}'),(204,178,183,'Joint Pain Comfort Membership','','JPM',1,'19.97','19.97',0,'a:2:{s:9:\"shippable\";s:1:\"0\";s:6:\"module\";s:10:\"uc_product\";}'),(205,179,183,'Joint Pain Comfort Membership','','JPM',1,'19.97','19.97',0,'a:2:{s:9:\"shippable\";s:1:\"0\";s:6:\"module\";s:10:\"uc_product\";}'),(206,180,183,'Joint Pain Comfort Membership','','JPM',1,'19.97','19.97',0,'a:2:{s:9:\"shippable\";s:1:\"0\";s:6:\"module\";s:10:\"uc_product\";}'),(207,181,183,'Joint Pain Comfort Membership','','JPM',1,'19.97','19.97',0,'a:2:{s:9:\"shippable\";s:1:\"0\";s:6:\"module\";s:10:\"uc_product\";}'),(208,182,183,'Joint Pain Comfort Membership','','JPM',1,'19.97','19.97',0,'a:2:{s:9:\"shippable\";s:1:\"0\";s:6:\"module\";s:10:\"uc_product\";}'),(209,183,183,'Joint Pain Comfort Membership','','JPM',1,'19.97','19.97',0,'a:2:{s:9:\"shippable\";s:1:\"0\";s:6:\"module\";s:10:\"uc_product\";}'),(213,184,183,'Joint Pain Comfort Membership','','JPM',1,'19.97','19.97',0,'a:2:{s:9:\"shippable\";s:1:\"0\";s:6:\"module\";s:10:\"uc_product\";}'),(214,185,183,'Joint Pain Comfort Membership','','JPM',1,'19.97','19.97',0,'a:2:{s:9:\"shippable\";s:1:\"0\";s:6:\"module\";s:10:\"uc_product\";}'),(216,186,183,'Joint Pain Comfort Membership','','JPM',1,'19.97','19.97',0,'a:2:{s:9:\"shippable\";s:1:\"0\";s:6:\"module\";s:10:\"uc_product\";}'),(221,187,183,'Joint Pain Comfort Membership','','JPM',1,'19.97','19.97',0,'a:2:{s:9:\"shippable\";s:1:\"0\";s:6:\"module\";s:10:\"uc_product\";}'),(222,188,183,'Joint Pain Comfort Membership','','JPM',1,'19.97','19.97',0,'a:2:{s:9:\"shippable\";s:1:\"0\";s:6:\"module\";s:10:\"uc_product\";}'),(223,189,183,'Joint Pain Comfort Membership','','JPM',1,'19.97','19.97',0,'a:2:{s:9:\"shippable\";s:1:\"0\";s:6:\"module\";s:10:\"uc_product\";}'),(224,190,183,'Joint Pain Comfort Membership','','JPM',1,'19.97','19.97',0,'a:2:{s:9:\"shippable\";s:1:\"0\";s:6:\"module\";s:10:\"uc_product\";}'),(225,191,183,'Joint Pain Comfort Membership','','JPM',1,'19.97','19.97',0,'a:2:{s:9:\"shippable\";s:1:\"0\";s:6:\"module\";s:10:\"uc_product\";}'),(226,192,183,'Joint Pain Comfort Membership','','JPM',1,'19.97','19.97',0,'a:2:{s:9:\"shippable\";s:1:\"0\";s:6:\"module\";s:10:\"uc_product\";}'),(228,193,183,'Joint Pain Comfort Membership','','JPM',1,'19.97','19.97',0,'a:2:{s:9:\"shippable\";s:1:\"0\";s:6:\"module\";s:10:\"uc_product\";}'),(230,194,183,'Joint Pain Comfort Membership','','JPM',1,'19.97','19.97',0,'a:2:{s:9:\"shippable\";s:1:\"0\";s:6:\"module\";s:10:\"uc_product\";}'),(231,195,183,'Joint Pain Comfort Membership','','JPM',1,'19.97','19.97',0,'a:2:{s:9:\"shippable\";s:1:\"0\";s:6:\"module\";s:10:\"uc_product\";}'),(233,196,183,'Joint Pain Comfort Membership','','JPM',1,'19.97','19.97',0,'a:2:{s:9:\"shippable\";s:1:\"0\";s:6:\"module\";s:10:\"uc_product\";}'),(235,197,183,'Joint Pain Comfort Membership','','JPM',1,'19.97','19.97',0,'a:2:{s:9:\"shippable\";s:1:\"0\";s:6:\"module\";s:10:\"uc_product\";}'),(236,198,183,'Joint Pain Comfort Membership','','JPM',1,'19.97','19.97',0,'a:2:{s:9:\"shippable\";s:1:\"0\";s:6:\"module\";s:10:\"uc_product\";}'),(237,199,183,'Joint Pain Comfort Membership','','JPM',1,'19.97','19.97',0,'a:2:{s:9:\"shippable\";s:1:\"0\";s:6:\"module\";s:10:\"uc_product\";}'),(238,200,183,'Joint Pain Comfort Membership','','JPM',1,'19.97','19.97',0,'a:2:{s:9:\"shippable\";s:1:\"0\";s:6:\"module\";s:10:\"uc_product\";}'),(240,201,183,'Joint Pain Comfort Membership','','JPM',1,'19.97','19.97',0,'a:2:{s:9:\"shippable\";s:1:\"0\";s:6:\"module\";s:10:\"uc_product\";}'),(241,202,183,'Joint Pain Comfort Membership','','JPM',1,'19.97','19.97',0,'a:2:{s:9:\"shippable\";s:1:\"0\";s:6:\"module\";s:10:\"uc_product\";}'),(243,203,183,'Joint Pain Comfort Membership','','JPM',1,'19.97','19.97',0,'a:2:{s:9:\"shippable\";s:1:\"0\";s:6:\"module\";s:10:\"uc_product\";}'),(245,204,183,'Joint Pain Comfort Membership','','JPM',1,'19.97','19.97',0,'a:2:{s:9:\"shippable\";s:1:\"0\";s:6:\"module\";s:10:\"uc_product\";}'),(246,205,183,'Joint Pain Comfort Membership','','JPM',1,'19.97','19.97',0,'a:2:{s:9:\"shippable\";s:1:\"0\";s:6:\"module\";s:10:\"uc_product\";}'),(248,206,183,'Joint Pain Comfort Membership','','JPM',1,'19.97','19.97',0,'a:2:{s:9:\"shippable\";s:1:\"0\";s:6:\"module\";s:10:\"uc_product\";}'),(249,207,183,'Joint Pain Comfort Membership','','JPM',1,'19.97','19.97',0,'a:2:{s:10:\"attributes\";a:0:{}s:6:\"module\";s:10:\"uc_product\";}'),(250,208,183,'Joint Pain Comfort Membership','','JPM',1,'19.97','19.97',0,'a:2:{s:10:\"attributes\";a:0:{}s:6:\"module\";s:10:\"uc_product\";}'),(251,209,183,'Joint Pain Comfort Membership','','JPM',1,'19.97','19.97',0,'a:2:{s:10:\"attributes\";a:0:{}s:6:\"module\";s:10:\"uc_product\";}'),(252,210,183,'Joint Pain Comfort Membership','','JPM',1,'19.97','19.97',0,'a:2:{s:10:\"attributes\";a:0:{}s:6:\"module\";s:10:\"uc_product\";}'),(253,211,183,'Joint Pain Comfort Membership','','JPM',1,'19.97','19.97',0,'a:2:{s:10:\"attributes\";a:0:{}s:6:\"module\";s:10:\"uc_product\";}'),(254,212,183,'Joint Pain Comfort Membership','','JPM',1,'19.97','19.97',0,'a:2:{s:10:\"attributes\";a:0:{}s:6:\"module\";s:10:\"uc_product\";}'),(255,213,183,'Joint Pain Comfort Membership','','JPM',1,'19.97','19.97',0,'a:2:{s:10:\"attributes\";a:0:{}s:6:\"module\";s:10:\"uc_product\";}'),(256,214,183,'Joint Pain Comfort Membership','','JPM',1,'19.97','19.97',0,'a:2:{s:10:\"attributes\";a:0:{}s:6:\"module\";s:10:\"uc_product\";}'),(257,215,183,'Joint Pain Comfort Membership','','JPM',1,'19.97','19.97',0,'a:2:{s:10:\"attributes\";a:0:{}s:6:\"module\";s:10:\"uc_product\";}'),(258,216,183,'Joint Pain Comfort Membership','','JPM',1,'19.97','19.97',0,'a:2:{s:10:\"attributes\";a:0:{}s:6:\"module\";s:10:\"uc_product\";}'),(259,217,183,'Joint Pain Comfort Membership','','JPM',1,'19.97','19.97',0,'a:2:{s:10:\"attributes\";a:0:{}s:6:\"module\";s:10:\"uc_product\";}'),(260,218,183,'Joint Pain Comfort Membership','','JPM',1,'19.97','19.97',0,'a:2:{s:10:\"attributes\";a:0:{}s:6:\"module\";s:10:\"uc_product\";}'),(261,219,183,'Joint Pain Comfort Membership','','JPM',1,'19.97','19.97',0,'a:2:{s:10:\"attributes\";a:0:{}s:6:\"module\";s:10:\"uc_product\";}'),(262,220,183,'Joint Pain Comfort Membership','','JPM',1,'19.97','19.97',0,'a:2:{s:10:\"attributes\";a:0:{}s:6:\"module\";s:10:\"uc_product\";}'),(263,221,183,'Joint Pain Comfort Membership','','JPM',1,'19.97','19.97',0,'a:2:{s:10:\"attributes\";a:0:{}s:6:\"module\";s:10:\"uc_product\";}'),(264,222,183,'Joint Pain Comfort Membership','','JPM',1,'19.97','19.97',0,'a:2:{s:10:\"attributes\";a:0:{}s:6:\"module\";s:10:\"uc_product\";}'),(265,223,183,'Joint Pain Comfort Membership','','JPM',1,'19.97','19.97',0,'a:2:{s:10:\"attributes\";a:0:{}s:6:\"module\";s:10:\"uc_product\";}'),(266,224,183,'Joint Pain Comfort Membership','','JPM',1,'19.97','19.97',0,'a:2:{s:10:\"attributes\";a:0:{}s:6:\"module\";s:10:\"uc_product\";}'),(267,225,183,'Joint Pain Comfort Membership','','JPM',1,'19.97','19.97',0,'a:2:{s:10:\"attributes\";a:0:{}s:6:\"module\";s:10:\"uc_product\";}'),(268,226,183,'Joint Pain Comfort Membership','','JPM',1,'19.97','19.97',0,'a:2:{s:10:\"attributes\";a:0:{}s:6:\"module\";s:10:\"uc_product\";}'),(269,227,183,'Joint Pain Comfort Membership','','JPM',1,'19.97','19.97',0,'a:2:{s:10:\"attributes\";a:0:{}s:6:\"module\";s:10:\"uc_product\";}'),(270,228,183,'Joint Pain Comfort Membership','','JPM',1,'19.97','19.97',0,'a:2:{s:10:\"attributes\";a:0:{}s:6:\"module\";s:10:\"uc_product\";}'),(271,229,183,'Joint Pain Comfort Membership','','JPM',1,'19.97','19.97',0,'a:2:{s:10:\"attributes\";a:0:{}s:6:\"module\";s:10:\"uc_product\";}');

--
-- Table structure for table `uc_order_statuses`
--

CREATE TABLE `uc_order_statuses` (
  `order_status_id` varchar(32) NOT NULL default '',
  `title` varchar(48) NOT NULL default '',
  `state` varchar(32) NOT NULL default '',
  `weight` smallint(9) NOT NULL default '0',
  `locked` tinyint(4) NOT NULL default '0',
  PRIMARY KEY  (`order_status_id`)
) ENGINE=MyISAM DEFAULT CHARSET=utf8;

--
-- Dumping data for table `uc_order_statuses`
--


INSERT INTO `uc_order_statuses` VALUES ('canceled','Canceled','canceled',-20,1),('in_checkout','In checkout','in_checkout',-10,1),('pending','Pending','post_checkout',0,1),('processing','Processing','post_checkout',10,1),('completed','Completed','completed',20,1);

--
-- Table structure for table `uc_orders`
--

CREATE TABLE `uc_orders` (
  `order_id` mediumint(9) NOT NULL default '0',
  `uid` mediumint(9) NOT NULL default '0',
  `order_status` varchar(32) NOT NULL default '',
  `order_total` decimal(10,2) NOT NULL default '0.00',
  `primary_email` varchar(96) NOT NULL default '',
  `delivery_first_name` varchar(32) NOT NULL default '',
  `delivery_last_name` varchar(32) NOT NULL default '',
  `delivery_phone` varchar(32) NOT NULL default '',
  `delivery_company` varchar(64) NOT NULL default '',
  `delivery_street1` varchar(64) NOT NULL default '',
  `delivery_street2` varchar(64) NOT NULL default '',
  `delivery_city` varchar(32) NOT NULL default '',
  `delivery_zone` mediumint(9) NOT NULL default '0',
  `delivery_postal_code` varchar(10) NOT NULL default '',
  `delivery_country` mediumint(9) NOT NULL default '0',
  `billing_first_name` varchar(32) NOT NULL default '',
  `billing_last_name` varchar(32) NOT NULL default '',
  `billing_phone` varchar(32) NOT NULL default '',
  `billing_company` varchar(64) NOT NULL default '',
  `billing_street1` varchar(64) NOT NULL default '',
  `billing_street2` varchar(64) NOT NULL default '',
  `billing_city` varchar(32) NOT NULL default '',
  `billing_zone` mediumint(9) NOT NULL default '0',
  `billing_postal_code` varchar(10) NOT NULL default '',
  `billing_country` mediumint(9) NOT NULL default '0',
  `payment_method` varchar(32) NOT NULL default '',
  `data` text,
  `created` int(11) NOT NULL default '0',
  `modified` int(11) NOT NULL default '0',
  PRIMARY KEY  (`order_id`),
  KEY `uid` (`uid`),
  KEY `order_status` (`order_status`)
) ENGINE=MyISAM DEFAULT CHARSET=utf8;

--
-- Dumping data for table `uc_orders`
--


INSERT INTO `uc_orders` VALUES (65,159,'completed','19.97','r23@hotmail.com','','','','','','','',0,'',0,'','','','','','','',0,'',0,'paypal_wps','a:1:{s:8:\"new_user\";a:2:{s:4:\"name\";s:3:\"r23\";s:4:\"pass\";s:4:\"1234\";}}',1213971725,1213971725),(66,159,'completed','19.97','r23@hotmail.com','','','','','','','',0,'',0,'','','','','','','',0,'',0,'paypal_wps','N;',1213971828,1213971828),(67,160,'completed','19.97','warche_1213935342_per@gmail.com','','','','','','','',0,'',0,'','','','','','','',0,'',0,'paypal_wps','a:1:{s:8:\"new_user\";a:2:{s:4:\"name\";s:7:\"r123456\";s:4:\"pass\";s:3:\"123\";}}',1213971945,1213971961),(68,161,'completed','19.97','3456@gmail.com','','','','','','','',0,'',0,'','','','','','','',0,'',0,'paypal_wps','a:1:{s:8:\"new_user\";a:2:{s:4:\"name\";s:4:\"3456\";s:4:\"pass\";s:4:\"3456\";}}',1213972529,1213972529),(69,0,'in_checkout','19.97','asdasd@hotmail.com','','','','','','','',0,'',0,'','','','','','','',0,'',0,'paypal_wps','a:1:{s:8:\"new_user\";a:2:{s:4:\"name\";s:5:\"asasd\";s:4:\"pass\";s:6:\"asdasd\";}}',1214427520,1214427520),(70,0,'in_checkout','139.79','jpage01@mac.com','','','','','','','',0,'',0,'','','','','','','',0,'',0,'paypal_wps','a:1:{s:8:\"new_user\";a:2:{s:4:\"name\";s:3:\"Jon\";s:4:\"pass\";s:8:\"peeppeep\";}}',1214427632,1214427632),(71,0,'in_checkout','19.97','warche_1213935342_per@gmail.com','','','','','','','',0,'',0,'','','','','','','',0,'',0,'paypal_wps','a:1:{s:8:\"new_user\";a:2:{s:4:\"name\";s:31:\"warche_1213935342_per@gmail.com\";s:4:\"pass\";s:31:\"warche_1213935342_per@gmail.com\";}}',1214430044,1214430044),(72,162,'completed','19.97','warche_1213935342_per@gmail.com','','','','','','','',0,'',0,'','','','','','','',0,'',0,'paypal_wps','a:1:{s:8:\"new_user\";a:2:{s:4:\"name\";s:31:\"warche_1213935342_per@gmail.com\";s:4:\"pass\";s:31:\"warche_1213935342_per@gmail.com\";}}',1214430206,1214430206),(73,1,'completed','79.88','warchestbuilder@gmail.com','','','','','','','',0,'',0,'','','','','','','',0,'',0,'paypal_wps','N;',1214430729,1214430729),(74,0,'in_checkout','19.97','aaa2@hot.com','','','','','','','',0,'',0,'','','','','','','',0,'',0,'paypal_wps','a:1:{s:8:\"new_user\";a:2:{s:4:\"name\";s:3:\"asd\";s:4:\"pass\";s:3:\"asd\";}}',1214492550,1214492550),(75,0,'in_checkout','19.97','','','','','','','','',0,'',0,'','','','','','','',0,'',0,'paypal_wps','N;',1214809020,1214809020),(76,163,'completed','19.97','Gaynor.jm@Blueyonder.co.uk','','','','','','','',0,'',0,'','','','','','','',0,'',0,'paypal_wps','a:1:{s:8:\"new_user\";a:1:{s:4:\"pass\";s:0:\"\";}}',1214851951,1214851951),(77,0,'in_checkout','99.85','gabrielk01@aapt.net.au','','','','','','','',0,'',0,'','','','','','','',0,'',0,'paypal_wps','a:1:{s:8:\"new_user\";a:2:{s:4:\"name\";s:8:\"dessikan\";s:4:\"pass\";s:6:\"astria\";}}',1214915113,1214915139),(78,0,'in_checkout','19.97','','','','','','','','',0,'',0,'','','','','','','',0,'',0,'paypal_wps','N;',1214955757,1214955757),(79,164,'completed','19.97','finnacorelli@yahoo.com.au','','','','','','','',0,'',0,'','','','','','','',0,'',0,'paypal_wps','a:1:{s:8:\"new_user\";a:2:{s:4:\"name\";s:12:\"finnacorelli\";s:4:\"pass\";s:8:\"emilia11\";}}',1214994091,1214994091),(80,0,'in_checkout','39.94','','','','','','','','',0,'',0,'','','','','','','',0,'',0,'paypal_wps','N;',1215054226,1215054226),(81,0,'in_checkout','19.97','bmwalexandra@yahoo.com','','','','','','','',0,'',0,'','','','','','','',0,'',0,'paypal_wps','N;',1215097994,1215097994),(82,166,'completed','19.97','ls0007@hotmail.com','','','','','','','',0,'',0,'','','','','','','',0,'',0,'paypal_wps','a:1:{s:8:\"new_user\";a:2:{s:4:\"name\";s:5:\"slick\";s:4:\"pass\";s:8:\"jackaroo\";}}',1215111107,1215111107),(83,167,'completed','19.97','warche_1213932323_per@gmail.com','','','','','','','',0,'',0,'','','','','','','',0,'',0,'paypal_wps','a:1:{s:8:\"new_user\";a:2:{s:4:\"name\";s:7:\"user123\";s:4:\"pass\";s:3:\"123\";}}',1215113063,1215113063),(84,0,'in_checkout','19.97','jpage01@mac.com','','','','','','','',0,'',0,'','','','','','','',0,'',0,'paypal_wps','a:1:{s:8:\"new_user\";a:2:{s:4:\"name\";s:4:\"jonp\";s:4:\"pass\";s:6:\"test01\";}}',1215113971,1215113971),(85,168,'completed','39.94','jpage01@mac.com','','','','','','','',0,'',0,'','','','','','','',0,'',0,'paypal_wps','a:1:{s:8:\"new_user\";a:2:{s:4:\"name\";s:4:\"Jonp\";s:4:\"pass\";s:6:\"test01\";}}',1215114162,1215114162),(86,170,'completed','19.97','estebansalsano@gmail.com','','','','','','','',0,'',0,'','','','','','','',0,'',0,'paypal_wps','N;',1215131057,1215131057),(87,171,'completed','19.97','estebansalsano2@gmail.com','','','','','','','',0,'',0,'','','','','','','',0,'',0,'paypal_wps','N;',1215132677,1215132677),(88,172,'completed','19.97','aaa@hot.com','','','','','','','',0,'',0,'','','','','','','',0,'',0,'paypal_wps','a:1:{s:8:\"new_user\";a:2:{s:4:\"name\";s:3:\"123\";s:4:\"pass\";s:3:\"123\";}}',1215133198,1215133198),(89,173,'completed','19.97','aaa@hotmail.com','','','','','','','',0,'',0,'','','','','','','',0,'',0,'paypal_wps','a:1:{s:8:\"new_user\";a:2:{s:4:\"name\";s:6:\"test67\";s:4:\"pass\";s:6:\"test67\";}}',1215133306,1215133306),(90,174,'completed','19.97','estebansalsano@gmail.com','','','','','','','',0,'',0,'','','','','','','',0,'',0,'paypal_wps','a:1:{s:8:\"new_user\";a:2:{s:4:\"name\";s:4:\"rafa\";s:4:\"pass\";s:4:\"rafa\";}}',1215133647,1215133647),(91,0,'in_checkout','19.97','estebansalsano@gmail.com','','','','','','','',0,'',0,'','','','','','','',0,'',0,'paypal_wps','N;',1215186516,1215186516),(92,175,'completed','19.97','estebansalsano@gmail.com','','','','','','','',0,'',0,'','','','','','','',0,'',0,'paypal_wps','a:1:{s:8:\"new_user\";a:1:{s:4:\"pass\";s:0:\"\";}}',1215186612,1215186612),(93,0,'in_checkout','19.97','12@hotmail.com','','','','','','','',0,'',0,'','','','','','','',0,'',0,'paypal_wps','a:1:{s:8:\"new_user\";a:2:{s:4:\"name\";s:3:\"123\";s:4:\"pass\";s:3:\"123\";}}',1215187147,1215187175),(94,176,'completed','19.97','aaa@hot.com','','','','','','','',0,'',0,'','','','','','','',0,'',0,'paypal_wps','a:1:{s:8:\"new_user\";a:2:{s:4:\"name\";s:4:\"test\";s:4:\"pass\";s:4:\"test\";}}',1215194988,1215194988),(95,0,'completed','19.97','estebansalsano@gmail.com','','','','','','','',0,'',0,'','','','','','','',0,'',0,'paypal_wps','a:1:{s:8:\"new_user\";a:2:{s:4:\"name\";s:7:\"esteban\";s:4:\"pass\";s:7:\"esteban\";}}',1215195319,1215195319),(96,0,'in_checkout','19.97','ohenry13@yahoo.com','','','','','','','',0,'',0,'','','','','','','',0,'',0,'paypal_wps','a:1:{s:8:\"new_user\";a:2:{s:4:\"name\";s:8:\"ohenry13\";s:4:\"pass\";s:6:\"davidc\";}}',1215208488,1215209083),(97,0,'in_checkout','19.97','','','','','','','','',0,'',0,'','','','','','','',0,'',0,'paypal_wps','N;',1215281861,1215281861),(98,0,'in_checkout','19.97','','','','','','','','',0,'',0,'','','','','','','',0,'',0,'paypal_wps','N;',1215294705,1215294705),(99,0,'in_checkout','19.97','pafeigl62@yahoo.com','','','','','','','',0,'',0,'','','','','','','',0,'',0,'paypal_wps','a:1:{s:8:\"new_user\";a:2:{s:4:\"name\";s:6:\"carina\";s:4:\"pass\";s:8:\"nicholas\";}}',1215308954,1215308954),(100,0,'in_checkout','19.97','pafeigl62@yahoo.com','','','','','','','',0,'',0,'','','','','','','',0,'',0,'paypal_wps','a:1:{s:8:\"new_user\";a:2:{s:4:\"name\";s:6:\"carina\";s:4:\"pass\";s:0:\"\";}}',1215309300,1215309300),(101,0,'in_checkout','19.97','pafeigl62@yahoo.com','','','','','','','',0,'',0,'','','','','','','',0,'',0,'paypal_wps','a:1:{s:8:\"new_user\";a:2:{s:4:\"name\";s:6:\"carina\";s:4:\"pass\";s:0:\"\";}}',1215309462,1215309462),(102,0,'in_checkout','19.97','pafeigl62@yahoo.com','','','','','','','',0,'',0,'','','','','','','',0,'',0,'paypal_wps','a:1:{s:8:\"new_user\";a:2:{s:4:\"name\";s:6:\"carina\";s:4:\"pass\";s:8:\"nicholas\";}}',1215310017,1215310017),(103,0,'in_checkout','19.97','pafeigl62@yahoo.com','','','','','','','',0,'',0,'','','','','','','',0,'',0,'paypal_wps','a:1:{s:8:\"new_user\";a:2:{s:4:\"name\";s:6:\"carina\";s:4:\"pass\";s:0:\"\";}}',1215310234,1215310234),(104,0,'in_checkout','19.97','mickeyortiz@msn.com','','','','','','','',0,'',0,'','','','','','','',0,'',0,'paypal_wps','a:1:{s:8:\"new_user\";a:1:{s:4:\"pass\";s:0:\"\";}}',1215312398,1215312398),(105,0,'in_checkout','19.97','mickeyortiz@msn.com','','','','','','','',0,'',0,'','','','','','','',0,'',0,'paypal_wps','a:1:{s:8:\"new_user\";a:1:{s:4:\"pass\";s:0:\"\";}}',1215312507,1215312620),(106,0,'in_checkout','19.97','ardellaw1941@gmail.com','','','','','','','',0,'',0,'','','','','','','',0,'',0,'paypal_wps','a:1:{s:8:\"new_user\";a:2:{s:4:\"name\";s:12:\"ardellaw1941\";s:4:\"pass\";s:0:\"\";}}',1215372338,1215372397),(107,0,'in_checkout','19.97','','','','','','','','',0,'',0,'','','','','','','',0,'',0,'paypal_wps','N;',1215372772,1215372772),(108,0,'in_checkout','19.97','katie-stewart@hotmail.com','','','','','','','',0,'',0,'','','','','','','',0,'',0,'paypal_wps','a:1:{s:8:\"new_user\";a:2:{s:4:\"name\";s:9:\"katiebear\";s:4:\"pass\";s:8:\"phillip1\";}}',1215382289,1215382289),(109,0,'in_checkout','19.97','','','','','','','','',0,'',0,'','','','','','','',0,'',0,'paypal_wps','N;',1215396129,1215396129),(110,0,'in_checkout','19.97','dottieinlv@cox.net','','','','','','','',0,'',0,'','','','','','','',0,'',0,'paypal_wps','a:1:{s:8:\"new_user\";a:2:{s:4:\"name\";s:11:\"dottieimage\";s:4:\"pass\";s:6:\"d3425d\";}}',1215396477,1215396477),(111,0,'in_checkout','19.97','','','','','','','','',0,'',0,'','','','','','','',0,'',0,'paypal_wps','N;',1215453035,1215453035),(112,0,'in_checkout','19.97','','','','','','','','',0,'',0,'','','','','','','',0,'',0,'paypal_wps','N;',1215465102,1215465102),(113,0,'in_checkout','19.97','','','','','','','','',0,'',0,'','','','','','','',0,'',0,'paypal_wps','N;',1215486026,1215486026),(114,0,'in_checkout','19.97','gm@gassers.com','','','','','','','',0,'',0,'','','','','','','',0,'',0,'paypal_wps','a:1:{s:8:\"new_user\";a:2:{s:4:\"name\";s:11:\"john gasser\";s:4:\"pass\";s:9:\"mustang66\";}}',1215499042,1215499042),(115,181,'in_checkout','19.97','claireauxd@aol.com','','','','','','','',0,'',0,'','','','','','','',0,'',0,'paypal_wps','N;',1215533850,1215533850),(116,181,'in_checkout','19.97','claireauxd@aol.com','','','','','','','',0,'',0,'','','','','','','',0,'',0,'paypal_wps','N;',1215534068,1215534156),(117,181,'in_checkout','19.97','claireauxd@aol.com','','','','','','','',0,'',0,'','','','','','','',0,'',0,'paypal_wps','N;',1215534603,1215534603),(118,0,'in_checkout','19.97','gonewest@usa.com','','','','','','','',0,'',0,'','','','','','','',0,'',0,'paypal_wps','a:1:{s:8:\"new_user\";a:2:{s:4:\"name\";s:8:\"gonewest\";s:4:\"pass\";s:7:\"directx\";}}',1215572475,1215572475),(119,0,'in_checkout','19.97','','','','','','','','',0,'',0,'','','','','','','',0,'',0,'paypal_wps','N;',1215624311,1215624311),(120,0,'in_checkout','19.97','','','','','','','','',0,'',0,'','','','','','','',0,'',0,'paypal_wps','N;',1215633351,1215633351),(121,0,'in_checkout','19.97','','','','','','','','',0,'',0,'','','','','','','',0,'',0,'paypal_wps','N;',1215680205,1215680205),(122,0,'in_checkout','19.97','dudley_jones@fsmail.net','','','','','','','',0,'',0,'','','','','','','',0,'',0,'paypal_wps','a:1:{s:8:\"new_user\";a:2:{s:4:\"name\";s:5:\"Ethan\";s:4:\"pass\";s:8:\"Millwood\";}}',1215706851,1215706851),(123,185,'completed','19.97','fast2last@aol.com','','','','','','','',0,'',0,'','','','','','','',0,'',0,'paypal_wps','a:1:{s:8:\"new_user\";a:2:{s:4:\"name\";s:7:\"j brown\";s:4:\"pass\";s:7:\"tobyboy\";}}',1215712507,1215712507),(124,0,'in_checkout','19.97','sweetums2008@hotmail.com','','','','','','','',0,'',0,'','','','','','','',0,'',0,'paypal_wps','a:1:{s:8:\"new_user\";a:1:{s:4:\"pass\";s:8:\"sunshine\";}}',1215781300,1215781441),(125,186,'completed','19.97','pterry@gmail.com','','','','','','','',0,'',0,'','','','','','','',0,'',0,'paypal_wps','a:1:{s:8:\"new_user\";a:2:{s:4:\"name\";s:10:\"chechessee\";s:4:\"pass\";s:6:\"guitar\";}}',1215787768,1215787768),(126,0,'in_checkout','19.97','','','','','','','','',0,'',0,'','','','','','','',0,'',0,'paypal_wps','N;',1215816633,1215816633),(127,0,'completed','19.97','thiodine@bigpond.net.au','','','','','','','',0,'',0,'','','','','','','',0,'',0,'paypal_wps','N;',1215844672,1215844672),(128,0,'in_checkout','19.97','gpsidhu@msn.com','','','','','','','',0,'',0,'','','','','','','',0,'',0,'paypal_wps','a:1:{s:8:\"new_user\";a:2:{s:4:\"name\";s:8:\"Gurpreet\";s:4:\"pass\";s:6:\"vandna\";}}',1215888168,1215888169),(129,0,'in_checkout','19.97','gpsidhu@msn.com','','','','','','','',0,'',0,'','','','','','','',0,'',0,'paypal_wps','a:1:{s:8:\"new_user\";a:1:{s:4:\"pass\";s:0:\"\";}}',1215888491,1215888509),(130,0,'in_checkout','19.97','jeffriesinfo@cox.net','','','','','','','',0,'',0,'','','','','','','',0,'',0,'paypal_wps','a:1:{s:8:\"new_user\";a:1:{s:4:\"pass\";s:0:\"\";}}',1215899656,1215899656),(131,188,'completed','19.97','jeffriesinfo@cox.net','','','','','','','',0,'',0,'','','','','','','',0,'',0,'paypal_wps','a:1:{s:8:\"new_user\";a:2:{s:4:\"name\";s:11:\"jimjeffries\";s:4:\"pass\";s:6:\"praise\";}}',1215899758,1215899758),(132,0,'in_checkout','19.97','','','','','','','','',0,'',0,'','','','','','','',0,'',0,'paypal_wps','N;',1215968868,1215968868),(133,0,'in_checkout','19.97','bill.bangs4@ntlworld.com','','','','','','','',0,'',0,'','','','','','','',0,'',0,'paypal_wps','a:1:{s:8:\"new_user\";a:2:{s:4:\"name\";s:7:\"Oakland\";s:4:\"pass\";s:8:\"allison1\";}}',1216043678,1216043679),(134,190,'completed','19.97','kj.hall@ukonline.co.uk','','','','','','','',0,'',0,'','','','','','','',0,'',0,'paypal_wps','a:1:{s:8:\"new_user\";a:2:{s:4:\"name\";s:7:\"katyjoy\";s:4:\"pass\";s:8:\"mutuhati\";}}',1216060169,1216060169),(135,193,'completed','19.97','joanie220@bellsouth.net','','','','','','','',0,'',0,'','','','','','','',0,'',0,'paypal_wps','a:1:{s:8:\"new_user\";a:2:{s:4:\"name\";s:9:\"joanie220\";s:4:\"pass\";s:8:\"j022048k\";}}',1216232339,1216232466),(136,0,'in_checkout','19.97','','','','','','','','',0,'',0,'','','','','','','',0,'',0,'paypal_wps','N;',1216237574,1216237574),(137,0,'in_checkout','19.97','gardosh@hotmail.com','','','','','','','',0,'',0,'','','','','','','',0,'',0,'paypal_wps','N;',1216273143,1216273143),(138,0,'in_checkout','19.97','deborah@deborahmoran.co.uk','','','','','','','',0,'',0,'','','','','','','',0,'',0,'paypal_wps','a:1:{s:8:\"new_user\";a:2:{s:4:\"name\";s:12:\"DeborahMoran\";s:4:\"pass\";s:10:\"jorjasarah\";}}',1216289212,1216289347),(139,0,'in_checkout','19.97','deborah@deborahmoran.co.uk','','','','','','','',0,'',0,'','','','','','','',0,'',0,'paypal_wps','a:1:{s:8:\"new_user\";a:2:{s:4:\"name\";s:13:\"Deborah Moran\";s:4:\"pass\";s:10:\"jorjasarah\";}}',1216291367,1216291367),(140,195,'completed','19.97','thrive@candiscoffee.com','','','','','','','',0,'',0,'','','','','','','',0,'',0,'paypal_wps','a:1:{s:8:\"new_user\";a:2:{s:4:\"name\";s:8:\"CCCoffee\";s:4:\"pass\";s:9:\"TrustLife\";}}',1216306203,1216306203),(141,0,'in_checkout','19.97','gbelcourt@omers.com','','','','','','','',0,'',0,'','','','','','','',0,'',0,'paypal_wps','N;',1216312268,1216312268),(142,196,'completed','19.97','town_countrytowing@hotmail.com','','','','','','','',0,'',0,'','','','','','','',0,'',0,'paypal_wps','a:1:{s:8:\"new_user\";a:2:{s:4:\"name\";s:6:\"oldtex\";s:4:\"pass\";s:8:\"towtruck\";}}',1216371032,1216371032),(143,0,'in_checkout','19.97','m_mitikulena@hotmail.com','','','','','','','',0,'',0,'','','','','','','',0,'',0,'paypal_wps','a:1:{s:8:\"new_user\";a:2:{s:4:\"name\";s:4:\"mefi\";s:4:\"pass\";s:5:\"sonny\";}}',1216438857,1216438927),(144,0,'in_checkout','19.97','jghallam7@bigpond.com','','','','','','','',0,'',0,'','','','','','','',0,'',0,'paypal_wps','a:1:{s:8:\"new_user\";a:2:{s:4:\"name\";s:8:\"jghallam\";s:4:\"pass\";s:9:\"jgh130843\";}}',1216450727,1216450727),(145,0,'in_checkout','19.97','SALMUSA@LIVE.CO.UK','','','','','','','',0,'',0,'','','','','','','',0,'',0,'paypal_wps','a:1:{s:8:\"new_user\";a:2:{s:4:\"name\";s:7:\"SALMUSA\";s:4:\"pass\";s:9:\"acadapter\";}}',1216477534,1216477536),(146,0,'in_checkout','19.97','','','','','','','','',0,'',0,'','','','','','','',0,'',0,'paypal_wps','N;',1216478143,1216478143),(147,0,'in_checkout','19.97','salmusa@live.co.uk','','','','','','','',0,'',0,'','','','','','','',0,'',0,'paypal_wps','a:1:{s:8:\"new_user\";a:2:{s:4:\"name\";s:7:\"salmusa\";s:4:\"pass\";s:9:\"ACADAPTER\";}}',1216478746,1216478746),(148,0,'in_checkout','19.97','','','','','','','','',0,'',0,'','','','','','','',0,'',0,'paypal_wps','N;',1216481657,1216481657),(149,0,'in_checkout','19.97','geema52@yahoo.com','','','','','','','',0,'',0,'','','','','','','',0,'',0,'paypal_wps','a:1:{s:8:\"new_user\";a:2:{s:4:\"name\";s:5:\"Trish\";s:4:\"pass\";s:6:\"puzzle\";}}',1216494466,1216494466),(150,197,'in_checkout','19.97','selee@arrow.com','','','','','','','',0,'',0,'','','','','','','',0,'',0,'paypal_wps','N;',1216497529,1216497529),(151,0,'in_checkout','19.97','salmusa@live.co.uk','','','','','','','',0,'',0,'','','','','','','',0,'',0,'paypal_wps','a:1:{s:8:\"new_user\";a:2:{s:4:\"name\";s:8:\"sal musa\";s:4:\"pass\";s:7:\"mrmaguu\";}}',1216497894,1216497894),(152,198,'completed','19.97','salmusa@live.co.uk','','','','','','','',0,'',0,'','','','','','','',0,'',0,'paypal_wps','a:1:{s:8:\"new_user\";a:2:{s:4:\"name\";s:8:\"sal musa\";s:4:\"pass\";s:0:\"\";}}',1216497902,1216497902),(153,196,'completed','19.97','town_countrytowing@hotmail.com','','','','','','','',0,'',0,'','','','','','','',0,'',0,'paypal_wps','N;',1216554824,1216554824),(154,0,'in_checkout','19.97','','','','','','','','',0,'',0,'','','','','','','',0,'',0,'paypal_wps','N;',1216592036,1216592045),(155,0,'in_checkout','19.97','Rgaumont@megalink.net','','','','','','','',0,'',0,'','','','','','','',0,'',0,'paypal_wps','a:1:{s:8:\"new_user\";a:1:{s:4:\"pass\";s:0:\"\";}}',1216596191,1216596247),(156,199,'completed','19.97','tnewton4@cogeco.ca','','','','','','','',0,'',0,'','','','','','','',0,'',0,'paypal_wps','a:1:{s:8:\"new_user\";a:1:{s:4:\"pass\";s:0:\"\";}}',1216603847,1216603847),(157,0,'in_checkout','19.97','mavis187@msn.com','','','','','','','',0,'',0,'','','','','','','',0,'',0,'paypal_wps','a:1:{s:8:\"new_user\";a:2:{s:4:\"name\";s:5:\"oznuk\";s:4:\"pass\";s:7:\"rowdy72\";}}',1216624373,1216624499),(158,0,'in_checkout','19.97','lquinola@yahoo.com','','','','','','','',0,'',0,'','','','','','','',0,'',0,'paypal_wps','a:1:{s:8:\"new_user\";a:2:{s:4:\"name\";s:19:\"leonides a. quinola\";s:4:\"pass\";s:7:\"leandro\";}}',1216628021,1216628023),(159,0,'in_checkout','19.97','jghallam7@biogpond.com','','','','','','','',0,'',0,'','','','','','','',0,'',0,'paypal_wps','a:1:{s:8:\"new_user\";a:2:{s:4:\"name\";s:8:\"jghallam\";s:4:\"pass\";s:6:\"130843\";}}',1216635599,1216635599),(160,0,'in_checkout','19.97','jghallam7@bigpond.com','','','','','','','',0,'',0,'','','','','','','',0,'',0,'paypal_wps','a:1:{s:8:\"new_user\";a:2:{s:4:\"name\";s:8:\"jghallam\";s:4:\"pass\";s:0:\"\";}}',1216635625,1216635625),(161,0,'in_checkout','19.97','jghallam7@bigpond.com','','','','','','','',0,'',0,'','','','','','','',0,'',0,'paypal_wps','a:1:{s:8:\"new_user\";a:2:{s:4:\"name\";s:8:\"jghallam\";s:4:\"pass\";s:6:\"130843\";}}',1216635709,1216635709),(162,200,'completed','19.97','jghallam7@bigpond.com','','','','','','','',0,'',0,'','','','','','','',0,'',0,'paypal_wps','a:1:{s:8:\"new_user\";a:2:{s:4:\"name\";s:8:\"jghallam\";s:4:\"pass\";s:6:\"130843\";}}',1216636164,1216636164),(163,201,'completed','19.97','dbillstein@hotmail.com','','','','','','','',0,'',0,'','','','','','','',0,'',0,'paypal_wps','a:1:{s:8:\"new_user\";a:2:{s:4:\"name\";s:10:\"dbillstein\";s:4:\"pass\";s:8:\"clarence\";}}',1216639719,1216639719),(164,0,'in_checkout','19.97','mrinb30@yahoo.com','','','','','','','',0,'',0,'','','','','','','',0,'',0,'paypal_wps','a:1:{s:8:\"new_user\";a:1:{s:4:\"pass\";s:0:\"\";}}',1216645026,1216645076),(165,0,'in_checkout','19.97','cpmatharu@gmail.com','','','','','','','',0,'',0,'','','','','','','',0,'',0,'paypal_wps','a:1:{s:8:\"new_user\";a:1:{s:4:\"pass\";s:0:\"\";}}',1216645446,1216645477),(166,202,'completed','19.97','jackreb2000@yahoo.com','','','','','','','',0,'',0,'','','','','','','',0,'',0,'paypal_wps','a:1:{s:8:\"new_user\";a:2:{s:4:\"name\";s:11:\"jackreb2000\";s:4:\"pass\";s:9:\"bluerain2\";}}',1216659017,1216659017),(167,0,'in_checkout','19.97','papeters50@hotmail.com','','','','','','','',0,'',0,'','','','','','','',0,'',0,'paypal_wps','a:1:{s:8:\"new_user\";a:2:{s:4:\"name\";s:10:\"papeters50\";s:4:\"pass\";s:12:\"Copperbird63\";}}',1216676246,1216676356),(168,203,'completed','19.97','papeters50@hotmail.com','','','','','','','',0,'',0,'','','','','','','',0,'',0,'paypal_wps','a:1:{s:8:\"new_user\";a:2:{s:4:\"name\";s:10:\"papeters50\";s:4:\"pass\";s:12:\"Copperbird63\";}}',1216676961,1216676961),(169,0,'in_checkout','19.97','m_mitikulena@hotmail.com','','','','','','','',0,'',0,'','','','','','','',0,'',0,'paypal_wps','a:1:{s:8:\"new_user\";a:2:{s:4:\"name\";s:6:\"orlene\";s:4:\"pass\";s:0:\"\";}}',1216679507,1216679586),(170,205,'completed','19.97','chuxder@yahoo.com','','','','','','','',0,'',0,'','','','','','','',0,'',0,'paypal_wps','a:1:{s:8:\"new_user\";a:2:{s:4:\"name\";s:7:\"chuxder\";s:4:\"pass\";s:0:\"\";}}',1216691926,1216691973),(171,207,'completed','19.97','jensnewmail@yahoo.com','','','','','','','',0,'',0,'','','','','','','',0,'',0,'paypal_wps','a:1:{s:8:\"new_user\";a:2:{s:4:\"name\";s:7:\"jenr316\";s:4:\"pass\";s:8:\"rjroth98\";}}',1216698303,1216698303),(172,0,'completed','19.97','edrennon@sbcglobal.net','','','','','','','',0,'',0,'','','','','','','',0,'',0,'paypal_wps','N;',1216698346,1216698346),(173,0,'in_checkout','19.97','','','','','','','','',0,'',0,'','','','','','','',0,'',0,'paypal_wps','N;',1216706488,1216706488),(174,0,'in_checkout','19.97','abell1@rcn.com','','','','','','','',0,'',0,'','','','','','','',0,'',0,'paypal_wps','a:1:{s:8:\"new_user\";a:1:{s:4:\"pass\";s:0:\"\";}}',1216725587,1216725587),(175,208,'completed','19.97','abell1@rcn.com','','','','','','','',0,'',0,'','','','','','','',0,'',0,'paypal_wps','a:1:{s:8:\"new_user\";a:1:{s:4:\"pass\";s:0:\"\";}}',1216725988,1216725988),(176,209,'completed','19.97','mai@lonhowell.wanadoo.co.uk','','','','','','','',0,'',0,'','','','','','','',0,'',0,'paypal_wps','a:1:{s:8:\"new_user\";a:2:{s:4:\"name\";s:11:\"Mai Howells\";s:4:\"pass\";s:6:\"Corris\";}}',1216748336,1216748336),(177,0,'in_checkout','19.97','gpusher@wusd.us','','','','','','','',0,'',0,'','','','','','','',0,'',0,'paypal_wps','a:1:{s:8:\"new_user\";a:2:{s:4:\"name\";s:7:\"gpusher\";s:4:\"pass\";s:10:\"alchesay15\";}}',1216751097,1216751097),(178,0,'in_checkout','19.97','eternityfranks@hotmail.com','','','','','','','',0,'',0,'','','','','','','',0,'',0,'paypal_wps','a:1:{s:8:\"new_user\";a:2:{s:4:\"name\";s:6:\"debbie\";s:4:\"pass\";s:6:\"debbie\";}}',1216758355,1216758355),(179,0,'in_checkout','19.97','eternityfranks@hotmail.com','','','','','','','',0,'',0,'','','','','','','',0,'',0,'paypal_wps','a:1:{s:8:\"new_user\";a:2:{s:4:\"name\";s:6:\"debbie\";s:4:\"pass\";s:0:\"\";}}',1216758389,1216758389),(180,0,'in_checkout','19.97','ishbel@turnalt.wanadoo.co.uk','','','','','','','',0,'',0,'','','','','','','',0,'',0,'paypal_wps','a:1:{s:8:\"new_user\";a:2:{s:4:\"name\";s:15:\"Ishbel MacNicol\";s:4:\"pass\";s:4:\"Dawn\";}}',1216759252,1216759252),(181,0,'in_checkout','19.97','cdcole2@aol.com','','','','','','','',0,'',0,'','','','','','','',0,'',0,'paypal_wps','a:1:{s:8:\"new_user\";a:2:{s:4:\"name\";s:9:\"cindycole\";s:4:\"pass\";s:7:\"bible98\";}}',1216778700,1216778700),(182,211,'completed','19.97','nelson07@shaw.ca','','','','','','','',0,'',0,'','','','','','','',0,'',0,'paypal_wps','a:1:{s:8:\"new_user\";a:1:{s:4:\"pass\";s:0:\"\";}}',1216779189,1216779189),(183,212,'completed','19.97','dad4u47@yahoo.com','','','','','','','',0,'',0,'','','','','','','',0,'',0,'paypal_wps','a:1:{s:8:\"new_user\";a:2:{s:4:\"name\";s:17:\"dad4u47@yahoo.com\";s:4:\"pass\";s:6:\"rubber\";}}',1216780691,1216780691),(184,0,'in_checkout','19.97','bobbrian@comcast.net','','','','','','','',0,'',0,'','','','','','','',0,'',0,'paypal_wps','a:1:{s:8:\"new_user\";a:2:{s:4:\"name\";s:9:\"Bob Brian\";s:4:\"pass\";s:7:\"Homerun\";}}',1216829455,1216829851),(185,0,'in_checkout','19.97','HENJA@ROGERS.COM','','','','','','','',0,'',0,'','','','','','','',0,'',0,'paypal_wps','a:1:{s:8:\"new_user\";a:2:{s:4:\"name\";s:12:\"HENRY ARNALD\";s:4:\"pass\";s:6:\"MAGGIE\";}}',1216843791,1216843791),(186,0,'in_checkout','19.97','HENJA@ROGERS.COM','','','','','','','',0,'',0,'','','','','','','',0,'',0,'paypal_wps','a:1:{s:8:\"new_user\";a:2:{s:4:\"name\";s:12:\"HENRY ARNALD\";s:4:\"pass\";s:0:\"\";}}',1216843853,1216843854),(187,0,'in_checkout','19.97','bobbrian@comcast.net','','','','','','','',0,'',0,'','','','','','','',0,'',0,'paypal_wps','a:1:{s:8:\"new_user\";a:2:{s:4:\"name\";s:12:\"Williams 406\";s:4:\"pass\";s:7:\"homerun\";}}',1216853955,1216854543),(188,213,'completed','19.97','cpmatharu@gmail.com','','','','','','','',0,'',0,'','','','','','','',0,'',0,'paypal_wps','a:1:{s:8:\"new_user\";a:1:{s:4:\"pass\";s:0:\"\";}}',1216882750,1216882750),(189,0,'in_checkout','19.97','','','','','','','','',0,'',0,'','','','','','','',0,'',0,'paypal_wps','N;',1216922743,1216922743),(190,214,'completed','19.97','oceanlady@comcast.net','','','','','','','',0,'',0,'','','','','','','',0,'',0,'paypal_wps','a:1:{s:8:\"new_user\";a:2:{s:4:\"name\";s:12:\"oceanlady999\";s:4:\"pass\";s:9:\"silver999\";}}',1216953904,1216953904),(191,0,'in_checkout','19.97','placrews34268@yahoo.com','','','','','','','',0,'',0,'','','','','','','',0,'',0,'paypal_wps','a:1:{s:8:\"new_user\";a:2:{s:4:\"name\";s:9:\"1chipper1\";s:4:\"pass\";s:7:\"giraffe\";}}',1216963846,1216963846),(192,215,'completed','19.97','tepeck@tpg.com.au','','','','','','','',0,'',0,'','','','','','','',0,'',0,'paypal_wps','a:1:{s:8:\"new_user\";a:1:{s:4:\"pass\";s:4:\"Pain\";}}',1216965078,1216965078),(193,216,'completed','19.97','rlsmith@xplornet.com','','','','','','','',0,'',0,'','','','','','','',0,'',0,'paypal_wps','a:1:{s:8:\"new_user\";a:2:{s:4:\"name\";s:7:\"rlsmith\";s:4:\"pass\";s:6:\"quincy\";}}',1216992532,1216992652),(194,217,'completed','19.97','stanjudymarks@yahoo.com','','','','','','','',0,'',0,'','','','','','','',0,'',0,'paypal_wps','a:1:{s:8:\"new_user\";a:2:{s:4:\"name\";s:13:\"stanjudymarks\";s:4:\"pass\";s:10:\"tradewinds\";}}',1216994577,1216994660),(195,0,'in_checkout','19.97','oliver.a@telus.net','','','','','','','',0,'',0,'','','','','','','',0,'',0,'paypal_wps','a:1:{s:8:\"new_user\";a:2:{s:4:\"name\";s:8:\"oliver.a\";s:4:\"pass\";s:5:\"april\";}}',1216995983,1216995983),(196,0,'in_checkout','19.97','bobbrian@comcast.net','','','','','','','',0,'',0,'','','','','','','',0,'',0,'paypal_wps','a:1:{s:8:\"new_user\";a:2:{s:4:\"name\";s:9:\"Bob Brian\";s:4:\"pass\";s:7:\"homerun\";}}',1217001252,1217001324),(197,0,'in_checkout','19.97','gbelcourt@omers.com','','','','','','','',0,'',0,'','','','','','','',0,'',0,'paypal_wps','a:1:{s:8:\"new_user\";a:1:{s:4:\"pass\";s:0:\"\";}}',1217010573,1217010584),(198,0,'in_checkout','19.97','kismeth1955@yahoo.com','','','','','','','',0,'',0,'','','','','','','',0,'',0,'paypal_wps','a:1:{s:8:\"new_user\";a:2:{s:4:\"name\";s:7:\"charito\";s:4:\"pass\";s:7:\"kismeth\";}}',1217044441,1217044441),(199,218,'completed','19.97','j.simon@menfa.org.uk','','','','','','','',0,'',0,'','','','','','','',0,'',0,'paypal_wps','a:1:{s:8:\"new_user\";a:2:{s:4:\"name\";s:10:\"Joan Simon\";s:4:\"pass\";s:8:\"frances2\";}}',1217069235,1217069235),(200,0,'in_checkout','19.97','','','','','','','','',0,'',0,'','','','','','','',0,'',0,'paypal_wps','N;',1217076110,1217076110),(201,0,'in_checkout','19.97','rondastclare@yahoo.com','','','','','','','',0,'',0,'','','','','','','',0,'',0,'paypal_wps','a:1:{s:8:\"new_user\";a:2:{s:4:\"name\";s:22:\"rondastclare@yahoo.com\";s:4:\"pass\";s:11:\"cunningham1\";}}',1217077303,1217077334),(202,220,'completed','19.97','rondastclare@yahoo.com','','','','','','','',0,'',0,'','','','','','','',0,'',0,'paypal_wps','a:1:{s:8:\"new_user\";a:1:{s:4:\"pass\";s:0:\"\";}}',1217077554,1217077554),(203,221,'completed','19.97','jlgoode@earthlink.net','','','','','','','',0,'',0,'','','','','','','',0,'',0,'paypal_wps','a:1:{s:8:\"new_user\";a:2:{s:4:\"name\";s:21:\"jlgoode@earthlink.net\";s:4:\"pass\";s:6:\"rusty1\";}}',1217085647,1217085763),(204,222,'completed','19.97','kathysiebers@comcast.net','','','','','','','',0,'',0,'','','','','','','',0,'',0,'paypal_wps','a:1:{s:8:\"new_user\";a:1:{s:4:\"pass\";s:0:\"\";}}',1217178697,1217178721),(205,0,'in_checkout','19.97','molly.parkin@ntlworld.com','','','','','','','',0,'',0,'','','','','','','',0,'',0,'paypal_wps','a:1:{s:8:\"new_user\";a:2:{s:4:\"name\";s:18:\"molly Noyle Parkin\";s:4:\"pass\";s:18:\"forgotten password\";}}',1217193598,1217193598),(206,0,'in_checkout','19.97','molly.parkin@ntlworld.com','','','','','','','',0,'',0,'','','','','','','',0,'',0,'paypal_wps','a:1:{s:8:\"new_user\";a:1:{s:4:\"name\";s:18:\"molly Noyle Parkin\";}}',1217193598,1217193738),(207,224,'completed','19.97','rafael101980@hotmail.com','rafa','sasa','','','','','',0,'',0,'rafa','sasa','','','','','',0,'',0,'paypal_wps','N;',1217201031,1217201174),(208,0,'in_checkout','19.97','','','','','','','','',0,'',0,'','','','','','','',0,'',0,'paypal_wps','N;',1217201612,1217201612),(209,0,'in_checkout','19.97','','','','','','','','',0,'',0,'','','','','','','',0,'',0,'paypal_wps','N;',1217278892,1217278892),(210,0,'in_checkout','19.97','','','','','','','','',0,'',0,'','','','','','','',0,'',0,'paypal_wps','N;',1217288628,1217288628),(211,0,'in_checkout','19.97','','','','','','','','',0,'',0,'','','','','','','',0,'',0,'paypal_wps','N;',1217353430,1217353430),(212,0,'in_checkout','19.97','','','','','','','','',0,'',0,'','','','','','','',0,'',0,'paypal_wps','N;',1217356914,1217356914),(213,0,'in_checkout','19.97','','','','','','','','',0,'',0,'','','','','','','',0,'',0,'paypal_wps','N;',1217364456,1217364456),(214,0,'in_checkout','19.97','','','','','','','','',0,'',0,'','','','','','','',0,'',0,'paypal_wps','N;',1217390327,1217390327),(215,227,'completed','19.97','dsldude51@yahoo.com','Greg','Evans','','','','','',0,'',0,'Greg','Evans','','','','','',0,'',0,'paypal_wps','N;',1217390560,1217391183),(216,0,'in_checkout','19.97','','','','','','','','',0,'',0,'','','','','','','',0,'',0,'paypal_wps','N;',1217391209,1217391209),(217,0,'in_checkout','19.97','','','','','','','','',0,'',0,'','','','','','','',0,'',0,'paypal_wps','N;',1217393337,1217393337),(218,0,'in_checkout','19.97','','','','','','','','',0,'',0,'','','','','','','',0,'',0,'paypal_wps','N;',1217431164,1217431164),(219,0,'in_checkout','19.97','','','','','','','','',0,'',0,'','','','','','','',0,'',0,'paypal_wps','N;',1217477563,1217477563),(220,0,'in_checkout','19.97','','','','','','','','',0,'',0,'','','','','','','',0,'',0,'paypal_wps','N;',1217521917,1217521917),(221,0,'in_checkout','19.97','','','','','','','','',0,'',0,'','','','','','','',0,'',0,'paypal_wps','N;',1217584490,1217584490),(222,0,'in_checkout','19.97','','','','','','','','',0,'',0,'','','','','','','',0,'',0,'paypal_wps','N;',1217591050,1217591050),(223,0,'in_checkout','19.97','','','','','','','','',0,'',0,'','','','','','','',0,'',0,'paypal_wps','N;',1217607415,1217607415),(224,0,'in_checkout','19.97','','','','','','','','',0,'',0,'','','','','','','',0,'',0,'paypal_wps','N;',1217620727,1217620727),(225,0,'in_checkout','19.97','','','','','','','','',0,'',0,'','','','','','','',0,'',0,'paypal_wps','N;',1217668939,1217668939),(226,0,'in_checkout','19.97','','','','','','','','',0,'',0,'','','','','','','',0,'',0,'paypal_wps','N;',1217781420,1217781420),(227,0,'in_checkout','19.97','','','','','','','','',0,'',0,'','','','','','','',0,'',0,'paypal_wps','N;',1217935931,1217935931),(228,0,'in_checkout','19.97','','','','','','','','',0,'',0,'','','','','','','',0,'',0,'paypal_wps','N;',1218011099,1218011099),(229,0,'in_checkout','19.97','','','','','','','','',0,'',0,'','','','','','','',0,'',0,'paypal_wps','N;',1218041965,1218041965);

--
-- Table structure for table `uc_payment_check`
--

CREATE TABLE `uc_payment_check` (
  `check_id` mediumint(9) NOT NULL default '0',
  `order_id` mediumint(9) NOT NULL default '0',
  `clear_date` int(11) NOT NULL default '0',
  PRIMARY KEY  (`check_id`),
  KEY `order_id` (`order_id`)
) ENGINE=MyISAM DEFAULT CHARSET=utf8;

--
-- Dumping data for table `uc_payment_check`
--



--
-- Table structure for table `uc_payment_cod`
--

CREATE TABLE `uc_payment_cod` (
  `order_id` mediumint(9) NOT NULL default '0',
  `delivery_month` smallint(6) NOT NULL default '0',
  `delivery_day` smallint(6) NOT NULL default '0',
  `delivery_year` smallint(6) NOT NULL default '0',
  PRIMARY KEY  (`order_id`)
) ENGINE=MyISAM DEFAULT CHARSET=utf8;

--
-- Dumping data for table `uc_payment_cod`
--



--
-- Table structure for table `uc_payment_other`
--

CREATE TABLE `uc_payment_other` (
  `order_id` mediumint(9) NOT NULL default '0',
  `description` varchar(64) NOT NULL default '',
  PRIMARY KEY  (`order_id`)
) ENGINE=MyISAM DEFAULT CHARSET=utf8;

--
-- Dumping data for table `uc_payment_other`
--



--
-- Table structure for table `uc_payment_paypal_ipn`
--

CREATE TABLE `uc_payment_paypal_ipn` (
  `order_id` int(11) NOT NULL default '0',
  `txn_id` varchar(255) NOT NULL default '',
  `txn_type` varchar(255) NOT NULL default '',
  `mc_gross` varchar(255) NOT NULL default '',
  `status` varchar(255) NOT NULL default '',
  `receiver_email` varchar(255) NOT NULL default '',
  `payer_email` varchar(255) NOT NULL default '',
  `received` int(11) NOT NULL default '0',
  KEY `order_id` (`order_id`)
) ENGINE=MyISAM DEFAULT CHARSET=utf8;

--
-- Dumping data for table `uc_payment_paypal_ipn`
--


INSERT INTO `uc_payment_paypal_ipn` VALUES (56,'16W392869D903762B','cart','100.00','Completed','warche_1213932323_biz@gmail.com','warche_1213933008_per@gmail.com',1213933026),(57,'9N0659869P789361D','cart','19.97','Completed','warche_1213932323_biz@gmail.com','warche_1213934504_per@gmail.com',1213934484),(58,'17T4997184825671H','cart','19.97','Completed','warche_1213932323_biz@gmail.com','warche_1213934874_per@gmail.com',1213934832),(59,'0YV123156K267842J','cart','19.97','Completed','warche_1213932323_biz@gmail.com','warche_1213935342_per@gmail.com',1213935321),(60,'1B803341UP146093B','cart','19.97','Completed','warche_1213932323_biz@gmail.com','warche_1213935342_per@gmail.com',1213935661),(63,'1ML3167849920771B','cart','19.97','Completed','warche_1213932323_biz@gmail.com','warche_1213935342_per@gmail.com',1213970955),(64,'7P057228XJ990702U','cart','19.97','Completed','warche_1213932323_biz@gmail.com','warche_1213935342_per@gmail.com',1213971220),(65,'9B458326N8903691R','cart','19.97','Completed','warche_1213932323_biz@gmail.com','warche_1213935342_per@gmail.com',1213971769),(66,'31323765K89300913','cart','19.97','Completed','warche_1213932323_biz@gmail.com','warche_1213935342_per@gmail.com',1213971890),(67,'5AC69776X95324839','cart','19.97','Completed','warche_1213932323_biz@gmail.com','warche_1213935342_per@gmail.com',1213972004),(68,'6H549589XF844651J','cart','19.97','Completed','warche_1213932323_biz@gmail.com','warche_1213935342_per@gmail.com',1213972562),(72,'05T93231NG4686807','cart','19.97','Completed','warche_1213932323_biz@gmail.com','warche_1213935342_per@gmail.com',1214430279),(73,'0Y9717520Y0283646','cart','79.88','Completed','warche_1213932323_biz@gmail.com','warche_1213935342_per@gmail.com',1214430772),(76,'24H08335UJ098453M','cart','19.97','Completed','qualifysolutions@gmail.com','philip-spark@blueyonder.co.uk',1214852201),(79,'1ML74740PU726873G','cart','19.97','Completed','qualifysolutions@gmail.com','josephcorelli@yahoo.com.au',1214994175),(82,'4X338772DL932260K','cart','19.97','Completed','qualifysolutions@gmail.com','ls0007@hotmail.com',1215111806),(83,'9PJ36523BF442734S','cart','19.97','Completed','warche_1213932323_biz@gmail.com','warche_1213935342_per@gmail.com',1215113184),(85,'6M248104AU088524D','cart','39.94','Completed','warche_1213932323_biz@gmail.com','warche_1213935342_per@gmail.com',1215114243),(86,'6Y378210K7947473H','cart','19.97','Completed','warche_1213932323_biz@gmail.com','warche_1213935342_per@gmail.com',1215131254),(87,'3DF16611E3486890Y','cart','19.97','Completed','warche_1213932323_biz@gmail.com','warche_1213935342_per@gmail.com',1215132714),(88,'81M80901AV593484V','cart','19.97','Completed','warche_1213932323_biz@gmail.com','warche_1213935342_per@gmail.com',1215133246),(89,'8SG80243BL4493733','cart','19.97','Completed','warche_1213932323_biz@gmail.com','warche_1213935342_per@gmail.com',1215133484),(90,'4E921303041143124','cart','19.97','Completed','warche_1213932323_biz@gmail.com','warche_1213935342_per@gmail.com',1215133677),(92,'25068038C1000871E','cart','19.97','Completed','warche_1213932323_biz@gmail.com','warche_1213935342_per@gmail.com',1215186722),(94,'4UR76714PS0106847','cart','19.97','Completed','warche_1213932323_biz@gmail.com','warche_1213935342_per@gmail.com',1215195107),(95,'6M412555YL4749208','cart','19.97','Completed','warche_1213932323_biz@gmail.com','warche_1213935342_per@gmail.com',1215195349),(123,'14538610K1005632M','cart','19.97','Completed','qualifysolutions@gmail.com','fast2last@aol.com',1215712584),(125,'01377624JU858182A','cart','19.97','Completed','qualifysolutions@gmail.com','chechessee@embarqmail.com',1215787838),(127,'0L910055EL442872C','cart','19.97','Completed','qualifysolutions@gmail.com','thiodine@bigpond.net.au',1215844763),(131,'44636887R2896002W','cart','19.97','Completed','qualifysolutions@gmail.com','jeffriesinfo@cox.net',1215900655),(134,'49C165290G667320T','cart','19.97','Completed','qualifysolutions@gmail.com','kj.hall@ukonline.co.uk',1216060230),(135,'0F249038HA9528442','cart','19.97','Completed','qualifysolutions@gmail.com','joanie220@bellsouth.net',1216232781),(140,'8AS25300Y20645716','cart','19.97','Completed','qualifysolutions@gmail.com','cccoffee@myway.com',1216306253),(142,'6BV63509F7442551C','cart','19.97','Completed','qualifysolutions@gmail.com','town_countrytowing@hotmail.com',1216371476),(152,'4YW51774GY750584T','cart','19.97','Completed','qualifysolutions@gmail.com','salmusa@live.co.uk',1216498302),(153,'65V28615E9752303V','cart','19.97','Completed','qualifysolutions@gmail.com','town_countrytowing@hotmail.com',1216554910),(156,'14C94908E7810863P','cart','19.97','Completed','qualifysolutions@gmail.com','tnewton4@cogeco.ca',1216603936),(162,'24S60596WJ875105T','cart','19.97','Completed','qualifysolutions@gmail.com','jghallam7@bigpond.com',1216636228),(163,'0PF623675G529551B','cart','19.97','Completed','qualifysolutions@gmail.com','billstein36@bigpond.com',1216639880),(166,'9AC22050FK411853X','cart','19.97','Completed','qualifysolutions@gmail.com','jackreb2000@yahoo.com',1216659122),(168,'9AS11916LH566221R','cart','19.97','Completed','qualifysolutions@gmail.com','papeters50@hotmail.com',1216677268),(170,'312916517R2802012','cart','19.97','Completed','qualifysolutions@gmail.com','chuxder@yahoo.com',1216692301),(171,'7GE11989HN940682U','cart','19.97','Completed','qualifysolutions@gmail.com','jensnewmail@yahoo.com',1216698341),(172,'46M11873L32280439','cart','19.97','Completed','qualifysolutions@gmail.com','edrennon@sbcglobal.net',1216698398),(175,'1LK166396J943650L','cart','19.97','Completed','qualifysolutions@gmail.com','abell1@rcn.com',1216726446),(176,'93R29788D7835403R','cart','19.97','Completed','qualifysolutions@gmail.com','mai@lonhowell.wanadoo.co.uk',1216749298),(182,'9XL744239J700473A','cart','19.97','Completed','qualifysolutions@gmail.com','nelson07@shaw.ca',1216779406),(183,'0HV421896U291402D','cart','19.97','Completed','qualifysolutions@gmail.com','dad4u47@yahoo.com',1216780759),(188,'9XL084583B4374410','cart','19.97','Completed','qualifysolutions@gmail.com','cpmatharu@gmail.com',1216882967),(190,'1UW76638YW375432M','cart','19.97','Completed','qualifysolutions@gmail.com','oceanlady@comcast.net',1216954027),(192,'337852227F4691431','cart','19.97','Completed','qualifysolutions@gmail.com','tepeck@tpg.com.au',1216965580),(193,'73J53023AE103792W','cart','19.97','Completed','qualifysolutions@gmail.com','rlsmith@xplornet.com',1216993626),(194,'0RG267117W6070944','cart','19.97','Completed','qualifysolutions@gmail.com','stanjudymarks@yahoo.com',1216994922),(199,'82E363148T8196918','cart','19.97','Completed','qualifysolutions@gmail.com','j.simon@menfa.org.uk',1217069931),(202,'50F43266Y53459627','cart','19.97','Completed','qualifysolutions@gmail.com','rondastclare@yahoo.com',1217077633),(203,'4MX59614S4977652T','cart','19.97','Completed','qualifysolutions@gmail.com','jlgoode@earthlink.net',1217085808),(204,'61528054TF437862R','cart','19.97','Completed','qualifysolutions@gmail.com','kathysiebers@comcast.net',1217178892),(207,'3SH41255HT907153V','subscr_payment','19.97','Completed','warche_1213932323_biz@gmail.com','rafael101980@hotmail.com',1217201174),(207,'','subscr_signup','','','warche_1213932323_biz@gmail.com','rafael101980@hotmail.com',1217201176),(215,'','subscr_signup','','','qualifysolutions@gmail.com','dsldude51@yahoo.com',1217391183),(215,'8LY29041VK4877322','subscr_payment','19.97','Completed','qualifysolutions@gmail.com','dsldude51@yahoo.com',1217391183);

--
-- Table structure for table `uc_payment_receipts`
--

CREATE TABLE `uc_payment_receipts` (
  `receipt_id` mediumint(9) NOT NULL default '0',
  `order_id` mediumint(9) NOT NULL default '0',
  `method` varchar(32) NOT NULL default '',
  `amount` decimal(10,2) NOT NULL default '0.00',
  `uid` mediumint(9) NOT NULL default '0',
  `data` text NOT NULL,
  `comment` tinytext NOT NULL,
  `received` int(11) NOT NULL default '0',
  PRIMARY KEY  (`receipt_id`),
  KEY `order_id` (`order_id`)
) ENGINE=MyISAM DEFAULT CHARSET=utf8;

--
-- Dumping data for table `uc_payment_receipts`
--


INSERT INTO `uc_payment_receipts` VALUES (1,56,'PayPal','100.00',141,'','PayPal transaction ID: 16W392869D903762B',1213933026),(2,57,'PayPal','19.97',0,'','PayPal transaction ID: 9N0659869P789361D',1213934484),(3,58,'PayPal','19.97',0,'','PayPal transaction ID: 17T4997184825671H',1213934832),(4,59,'PayPal','19.97',0,'','PayPal transaction ID: 0YV123156K267842J',1213935321),(5,60,'PayPal','19.97',0,'','PayPal transaction ID: 1B803341UP146093B',1213935661),(6,63,'PayPal','19.97',0,'','PayPal transaction ID: 1ML3167849920771B',1213970955),(7,64,'PayPal','19.97',0,'','PayPal transaction ID: 7P057228XJ990702U',1213971220),(8,65,'PayPal','19.97',0,'','PayPal transaction ID: 9B458326N8903691R',1213971769),(9,66,'PayPal','19.97',159,'','PayPal transaction ID: 31323765K89300913',1213971890),(10,67,'PayPal','19.97',160,'','PayPal transaction ID: 5AC69776X95324839',1213972004),(11,68,'PayPal','19.97',0,'','PayPal transaction ID: 6H549589XF844651J',1213972562),(12,72,'PayPal','19.97',0,'','PayPal transaction ID: 05T93231NG4686807',1214430279),(13,73,'PayPal','79.88',1,'','PayPal transaction ID: 0Y9717520Y0283646',1214430772),(14,76,'PayPal','19.97',0,'','PayPal transaction ID: 24H08335UJ098453M',1214852201),(15,79,'PayPal','19.97',0,'','PayPal transaction ID: 1ML74740PU726873G',1214994175),(16,82,'PayPal','19.97',0,'','PayPal transaction ID: 4X338772DL932260K',1215111806),(17,83,'PayPal','19.97',0,'','PayPal transaction ID: 9PJ36523BF442734S',1215113184),(18,85,'PayPal','39.94',168,'','PayPal transaction ID: 6M248104AU088524D',1215114243),(19,86,'PayPal','19.97',170,'','PayPal transaction ID: 6Y378210K7947473H',1215131254),(20,87,'PayPal','19.97',171,'','PayPal transaction ID: 3DF16611E3486890Y',1215132714),(21,88,'PayPal','19.97',172,'','PayPal transaction ID: 81M80901AV593484V',1215133246),(22,89,'PayPal','19.97',0,'','PayPal transaction ID: 8SG80243BL4493733',1215133484),(23,90,'PayPal','19.97',0,'','PayPal transaction ID: 4E921303041143124',1215133677),(24,92,'PayPal','19.97',0,'','PayPal transaction ID: 25068038C1000871E',1215186722),(25,94,'PayPal','19.97',0,'','PayPal transaction ID: 4UR76714PS0106847',1215195107),(26,95,'PayPal','19.97',0,'','PayPal transaction ID: 6M412555YL4749208',1215195349),(27,123,'PayPal','19.97',0,'','PayPal transaction ID: 14538610K1005632M',1215712584),(28,125,'PayPal','19.97',0,'','PayPal transaction ID: 01377624JU858182A',1215787838),(29,127,'PayPal','19.97',0,'','PayPal transaction ID: 0L910055EL442872C',1215844763),(30,131,'PayPal','19.97',0,'','PayPal transaction ID: 44636887R2896002W',1215900655),(31,134,'PayPal','19.97',0,'','PayPal transaction ID: 49C165290G667320T',1216060230),(32,135,'PayPal','19.97',0,'','PayPal transaction ID: 0F249038HA9528442',1216232781),(33,140,'PayPal','19.97',0,'','PayPal transaction ID: 8AS25300Y20645716',1216306253),(34,142,'PayPal','19.97',0,'','PayPal transaction ID: 6BV63509F7442551C',1216371476),(35,152,'PayPal','19.97',0,'','PayPal transaction ID: 4YW51774GY750584T',1216498302),(36,153,'PayPal','19.97',0,'','PayPal transaction ID: 65V28615E9752303V',1216554910),(37,156,'PayPal','19.97',0,'','PayPal transaction ID: 14C94908E7810863P',1216603936),(38,162,'PayPal','19.97',0,'','PayPal transaction ID: 24S60596WJ875105T',1216636228),(39,163,'PayPal','19.97',0,'','PayPal transaction ID: 0PF623675G529551B',1216639880),(40,166,'PayPal','19.97',0,'','PayPal transaction ID: 9AC22050FK411853X',1216659122),(41,168,'PayPal','19.97',0,'','PayPal transaction ID: 9AS11916LH566221R',1216677268),(42,170,'PayPal','19.97',0,'','PayPal transaction ID: 312916517R2802012',1216692301),(43,171,'PayPal','19.97',0,'','PayPal transaction ID: 7GE11989HN940682U',1216698341),(44,172,'PayPal','19.97',0,'','PayPal transaction ID: 46M11873L32280439',1216698398),(45,175,'PayPal','19.97',0,'','PayPal transaction ID: 1LK166396J943650L',1216726446),(46,176,'PayPal','19.97',0,'','PayPal transaction ID: 93R29788D7835403R',1216749298),(47,182,'PayPal','19.97',0,'','PayPal transaction ID: 9XL744239J700473A',1216779406),(48,183,'PayPal','19.97',0,'','PayPal transaction ID: 0HV421896U291402D',1216780759),(49,188,'PayPal','19.97',0,'','PayPal transaction ID: 9XL084583B4374410',1216882967),(50,190,'PayPal','19.97',0,'','PayPal transaction ID: 1UW76638YW375432M',1216954027),(51,192,'PayPal','19.97',0,'','PayPal transaction ID: 337852227F4691431',1216965580),(52,193,'PayPal','19.97',0,'','PayPal transaction ID: 73J53023AE103792W',1216993626),(53,194,'PayPal','19.97',0,'','PayPal transaction ID: 0RG267117W6070944',1216994922),(54,199,'PayPal','19.97',0,'','PayPal transaction ID: 82E363148T8196918',1217069931),(55,202,'PayPal','19.97',0,'','PayPal transaction ID: 50F43266Y53459627',1217077633),(56,203,'PayPal','19.97',0,'','PayPal transaction ID: 4MX59614S4977652T',1217085808),(57,204,'PayPal','19.97',0,'','PayPal transaction ID: 61528054TF437862R',1217178892),(58,207,'PayPal','19.97',0,'','PayPal transaction ID: 3SH41255HT907153V',1217201174),(59,215,'PayPal','19.97',0,'','PayPal transaction ID: 8LY29041VK4877322',1217391183);

--
-- Table structure for table `uc_paypal_buttons`
--

CREATE TABLE `uc_paypal_buttons` (
  `invoice_id` int(11) NOT NULL default '0',
  `options` text,
  `ipn` text,
  `data` text,
  PRIMARY KEY  (`invoice_id`)
) ENGINE=MyISAM DEFAULT CHARSET=utf8;

--
-- Dumping data for table `uc_paypal_buttons`
--


INSERT INTO `uc_paypal_buttons` VALUES (207,'a:15:{s:3:\"cmd\";s:21:\"_xclick-subscriptions\";s:9:\"item_name\";s:29:\"Joint Pain Comfort Membership\";s:11:\"item_number\";s:3:\"JPM\";s:8:\"quantity\";i:1;s:7:\"invoice\";s:16:\"207-SUBSCRIPTION\";s:2:\"a3\";s:5:\"19.97\";s:2:\"p3\";i:12;s:2:\"t3\";s:1:\"M\";s:3:\"src\";i:1;s:5:\"retry\";i:1;s:6:\"return\";s:68:\"http://jointpaincomfort.com/?q=content/joint-pain-comfort-membership\";s:13:\"cancel_return\";s:68:\"http://jointpaincomfort.com/?q=content/joint-pain-comfort-membership\";s:7:\"no_note\";i:1;s:11:\"no_shipping\";s:1:\"1\";s:13:\"currency_code\";s:3:\"USD\";}','a:24:{s:8:\"txn_type\";s:13:\"subscr_signup\";s:9:\"subscr_id\";s:19:\"S-6CC07228W4163004E\";s:9:\"last_name\";s:4:\"sasa\";s:17:\"residence_country\";s:2:\"UY\";s:11:\"mc_currency\";s:3:\"USD\";s:9:\"item_name\";s:29:\"Joint Pain Comfort Membership\";s:8:\"business\";s:31:\"warche_1213932323_biz@gmail.com\";s:7:\"amount3\";s:5:\"19.97\";s:9:\"recurring\";s:1:\"1\";s:11:\"verify_sign\";s:56:\"AVUV.8nKj0dI2rdytpd..h-4aYwYAbTZCFI5CZtvOn0XacntuoOPMyEJ\";s:12:\"payer_status\";s:10:\"unverified\";s:8:\"test_ipn\";s:1:\"1\";s:11:\"payer_email\";s:24:\"rafael101980@hotmail.com\";s:10:\"first_name\";s:4:\"rafa\";s:14:\"receiver_email\";s:31:\"warche_1213932323_biz@gmail.com\";s:8:\"payer_id\";s:13:\"D29EH2EVH8RVN\";s:7:\"invoice\";s:16:\"207-SUBSCRIPTION\";s:9:\"reattempt\";s:1:\"0\";s:11:\"item_number\";s:3:\"JPM\";s:11:\"subscr_date\";s:25:\"16:26:31 Jul 27, 2008 PDT\";s:7:\"charset\";s:12:\"windows-1252\";s:14:\"notify_version\";s:3:\"2.4\";s:7:\"period3\";s:4:\"12 M\";s:10:\"mc_amount3\";s:5:\"19.97\";}','a:2:{s:7:\"payment\";i:3;s:5:\"subid\";i:1;}'),(208,'a:15:{s:3:\"cmd\";s:21:\"_xclick-subscriptions\";s:9:\"item_name\";s:29:\"Joint Pain Comfort Membership\";s:11:\"item_number\";s:3:\"JPM\";s:8:\"quantity\";i:1;s:7:\"invoice\";s:16:\"208-SUBSCRIPTION\";s:2:\"a3\";s:5:\"19.97\";s:2:\"p3\";i:12;s:2:\"t3\";s:1:\"M\";s:3:\"src\";i:1;s:5:\"retry\";i:1;s:6:\"return\";s:68:\"http://jointpaincomfort.com/?q=content/joint-pain-comfort-membership\";s:13:\"cancel_return\";s:68:\"http://jointpaincomfort.com/?q=content/joint-pain-comfort-membership\";s:7:\"no_note\";i:1;s:11:\"no_shipping\";s:1:\"1\";s:13:\"currency_code\";s:3:\"USD\";}',NULL,NULL),(209,'a:15:{s:3:\"cmd\";s:21:\"_xclick-subscriptions\";s:9:\"item_name\";s:29:\"Joint Pain Comfort Membership\";s:11:\"item_number\";s:3:\"JPM\";s:8:\"quantity\";i:1;s:7:\"invoice\";s:16:\"209-SUBSCRIPTION\";s:2:\"a3\";s:5:\"19.97\";s:2:\"p3\";i:12;s:2:\"t3\";s:1:\"M\";s:3:\"src\";i:1;s:5:\"retry\";i:1;s:6:\"return\";s:68:\"http://jointpaincomfort.com/?q=content/joint-pain-comfort-membership\";s:13:\"cancel_return\";s:68:\"http://jointpaincomfort.com/?q=content/joint-pain-comfort-membership\";s:7:\"no_note\";i:1;s:11:\"no_shipping\";s:1:\"1\";s:13:\"currency_code\";s:3:\"USD\";}',NULL,NULL),(210,'a:15:{s:3:\"cmd\";s:21:\"_xclick-subscriptions\";s:9:\"item_name\";s:29:\"Joint Pain Comfort Membership\";s:11:\"item_number\";s:3:\"JPM\";s:8:\"quantity\";i:1;s:7:\"invoice\";s:16:\"210-SUBSCRIPTION\";s:2:\"a3\";s:5:\"19.97\";s:2:\"p3\";i:12;s:2:\"t3\";s:1:\"M\";s:3:\"src\";i:1;s:5:\"retry\";i:1;s:6:\"return\";s:68:\"http://jointpaincomfort.com/?q=content/joint-pain-comfort-membership\";s:13:\"cancel_return\";s:68:\"http://jointpaincomfort.com/?q=content/joint-pain-comfort-membership\";s:7:\"no_note\";i:1;s:11:\"no_shipping\";s:1:\"1\";s:13:\"currency_code\";s:3:\"USD\";}',NULL,NULL),(211,'a:15:{s:3:\"cmd\";s:21:\"_xclick-subscriptions\";s:9:\"item_name\";s:29:\"Joint Pain Comfort Membership\";s:11:\"item_number\";s:3:\"JPM\";s:8:\"quantity\";i:1;s:7:\"invoice\";s:16:\"211-SUBSCRIPTION\";s:2:\"a3\";s:5:\"19.97\";s:2:\"p3\";i:12;s:2:\"t3\";s:1:\"M\";s:3:\"src\";i:1;s:5:\"retry\";i:1;s:6:\"return\";s:68:\"http://jointpaincomfort.com/?q=content/joint-pain-comfort-membership\";s:13:\"cancel_return\";s:68:\"http://jointpaincomfort.com/?q=content/joint-pain-comfort-membership\";s:7:\"no_note\";i:1;s:11:\"no_shipping\";s:1:\"1\";s:13:\"currency_code\";s:3:\"USD\";}',NULL,NULL),(212,'a:15:{s:3:\"cmd\";s:21:\"_xclick-subscriptions\";s:9:\"item_name\";s:29:\"Joint Pain Comfort Membership\";s:11:\"item_number\";s:3:\"JPM\";s:8:\"quantity\";i:1;s:7:\"invoice\";s:16:\"212-SUBSCRIPTION\";s:2:\"a3\";s:5:\"19.97\";s:2:\"p3\";i:12;s:2:\"t3\";s:1:\"M\";s:3:\"src\";i:1;s:5:\"retry\";i:1;s:6:\"return\";s:68:\"http://jointpaincomfort.com/?q=content/joint-pain-comfort-membership\";s:13:\"cancel_return\";s:68:\"http://jointpaincomfort.com/?q=content/joint-pain-comfort-membership\";s:7:\"no_note\";i:1;s:11:\"no_shipping\";s:1:\"1\";s:13:\"currency_code\";s:3:\"USD\";}',NULL,NULL),(213,'a:15:{s:3:\"cmd\";s:21:\"_xclick-subscriptions\";s:9:\"item_name\";s:29:\"Joint Pain Comfort Membership\";s:11:\"item_number\";s:3:\"JPM\";s:8:\"quantity\";i:1;s:7:\"invoice\";s:16:\"213-SUBSCRIPTION\";s:2:\"a3\";s:5:\"19.97\";s:2:\"p3\";i:12;s:2:\"t3\";s:1:\"M\";s:3:\"src\";i:1;s:5:\"retry\";i:1;s:6:\"return\";s:68:\"http://jointpaincomfort.com/?q=content/joint-pain-comfort-membership\";s:13:\"cancel_return\";s:68:\"http://jointpaincomfort.com/?q=content/joint-pain-comfort-membership\";s:7:\"no_note\";i:1;s:11:\"no_shipping\";s:1:\"1\";s:13:\"currency_code\";s:3:\"USD\";}',NULL,NULL),(214,'a:15:{s:3:\"cmd\";s:21:\"_xclick-subscriptions\";s:9:\"item_name\";s:29:\"Joint Pain Comfort Membership\";s:11:\"item_number\";s:3:\"JPM\";s:8:\"quantity\";i:1;s:7:\"invoice\";s:16:\"214-SUBSCRIPTION\";s:2:\"a3\";s:5:\"19.97\";s:2:\"p3\";i:12;s:2:\"t3\";s:1:\"M\";s:3:\"src\";i:1;s:5:\"retry\";i:1;s:6:\"return\";s:68:\"http://jointpaincomfort.com/?q=content/joint-pain-comfort-membership\";s:13:\"cancel_return\";s:68:\"http://jointpaincomfort.com/?q=content/joint-pain-comfort-membership\";s:7:\"no_note\";i:1;s:11:\"no_shipping\";s:1:\"1\";s:13:\"currency_code\";s:3:\"USD\";}',NULL,NULL),(215,'a:15:{s:3:\"cmd\";s:21:\"_xclick-subscriptions\";s:9:\"item_name\";s:29:\"Joint Pain Comfort Membership\";s:11:\"item_number\";s:3:\"JPM\";s:8:\"quantity\";i:1;s:7:\"invoice\";s:16:\"215-SUBSCRIPTION\";s:2:\"a3\";s:5:\"19.97\";s:2:\"p3\";i:12;s:2:\"t3\";s:1:\"M\";s:3:\"src\";i:1;s:5:\"retry\";i:1;s:6:\"return\";s:68:\"http://jointpaincomfort.com/?q=content/joint-pain-comfort-membership\";s:13:\"cancel_return\";s:68:\"http://jointpaincomfort.com/?q=content/joint-pain-comfort-membership\";s:7:\"no_note\";i:1;s:11:\"no_shipping\";s:1:\"1\";s:13:\"currency_code\";s:3:\"USD\";}','a:23:{s:8:\"txn_type\";s:13:\"subscr_signup\";s:9:\"subscr_id\";s:19:\"S-9TL284750X030611P\";s:9:\"last_name\";s:5:\"Evans\";s:17:\"residence_country\";s:2:\"US\";s:11:\"mc_currency\";s:3:\"USD\";s:9:\"item_name\";s:29:\"Joint Pain Comfort Membership\";s:8:\"business\";s:26:\"qualifysolutions@gmail.com\";s:7:\"amount3\";s:5:\"19.97\";s:9:\"recurring\";s:1:\"1\";s:11:\"verify_sign\";s:56:\"AQLGtM8fFD2avzZ.s3nPkwqyZfwIANtejEr5T8d2Ee280rb2wq8LQ.QM\";s:12:\"payer_status\";s:10:\"unverified\";s:11:\"payer_email\";s:19:\"dsldude51@yahoo.com\";s:10:\"first_name\";s:4:\"Greg\";s:14:\"receiver_email\";s:26:\"qualifysolutions@gmail.com\";s:8:\"payer_id\";s:13:\"DKMYLAEMEZ32A\";s:7:\"invoice\";s:16:\"215-SUBSCRIPTION\";s:9:\"reattempt\";s:1:\"0\";s:11:\"item_number\";s:3:\"JPM\";s:11:\"subscr_date\";s:25:\"21:13:49 Jul 29, 2008 PDT\";s:7:\"charset\";s:12:\"windows-1252\";s:14:\"notify_version\";s:3:\"2.4\";s:7:\"period3\";s:4:\"12 M\";s:10:\"mc_amount3\";s:5:\"19.97\";}','a:2:{s:7:\"payment\";i:3;s:5:\"subid\";i:2;}'),(216,'a:15:{s:3:\"cmd\";s:21:\"_xclick-subscriptions\";s:9:\"item_name\";s:29:\"Joint Pain Comfort Membership\";s:11:\"item_number\";s:3:\"JPM\";s:8:\"quantity\";i:1;s:7:\"invoice\";s:16:\"216-SUBSCRIPTION\";s:2:\"a3\";s:5:\"19.97\";s:2:\"p3\";i:12;s:2:\"t3\";s:1:\"M\";s:3:\"src\";i:1;s:5:\"retry\";i:1;s:6:\"return\";s:68:\"http://jointpaincomfort.com/?q=content/joint-pain-comfort-membership\";s:13:\"cancel_return\";s:68:\"http://jointpaincomfort.com/?q=content/joint-pain-comfort-membership\";s:7:\"no_note\";i:1;s:11:\"no_shipping\";s:1:\"1\";s:13:\"currency_code\";s:3:\"USD\";}',NULL,NULL),(217,'a:15:{s:3:\"cmd\";s:21:\"_xclick-subscriptions\";s:9:\"item_name\";s:29:\"Joint Pain Comfort Membership\";s:11:\"item_number\";s:3:\"JPM\";s:8:\"quantity\";i:1;s:7:\"invoice\";s:16:\"217-SUBSCRIPTION\";s:2:\"a3\";s:5:\"19.97\";s:2:\"p3\";i:12;s:2:\"t3\";s:1:\"M\";s:3:\"src\";i:1;s:5:\"retry\";i:1;s:6:\"return\";s:68:\"http://jointpaincomfort.com/?q=content/joint-pain-comfort-membership\";s:13:\"cancel_return\";s:68:\"http://jointpaincomfort.com/?q=content/joint-pain-comfort-membership\";s:7:\"no_note\";i:1;s:11:\"no_shipping\";s:1:\"1\";s:13:\"currency_code\";s:3:\"USD\";}',NULL,NULL),(218,'a:15:{s:3:\"cmd\";s:21:\"_xclick-subscriptions\";s:9:\"item_name\";s:29:\"Joint Pain Comfort Membership\";s:11:\"item_number\";s:3:\"JPM\";s:8:\"quantity\";i:1;s:7:\"invoice\";s:16:\"218-SUBSCRIPTION\";s:2:\"a3\";s:5:\"19.97\";s:2:\"p3\";i:12;s:2:\"t3\";s:1:\"M\";s:3:\"src\";i:1;s:5:\"retry\";i:1;s:6:\"return\";s:68:\"http://jointpaincomfort.com/?q=content/joint-pain-comfort-membership\";s:13:\"cancel_return\";s:68:\"http://jointpaincomfort.com/?q=content/joint-pain-comfort-membership\";s:7:\"no_note\";i:1;s:11:\"no_shipping\";s:1:\"1\";s:13:\"currency_code\";s:3:\"USD\";}',NULL,NULL),(219,'a:15:{s:3:\"cmd\";s:21:\"_xclick-subscriptions\";s:9:\"item_name\";s:29:\"Joint Pain Comfort Membership\";s:11:\"item_number\";s:3:\"JPM\";s:8:\"quantity\";i:1;s:7:\"invoice\";s:16:\"219-SUBSCRIPTION\";s:2:\"a3\";s:5:\"19.97\";s:2:\"p3\";i:12;s:2:\"t3\";s:1:\"M\";s:3:\"src\";i:1;s:5:\"retry\";i:1;s:6:\"return\";s:68:\"http://jointpaincomfort.com/?q=content/joint-pain-comfort-membership\";s:13:\"cancel_return\";s:68:\"http://jointpaincomfort.com/?q=content/joint-pain-comfort-membership\";s:7:\"no_note\";i:1;s:11:\"no_shipping\";s:1:\"1\";s:13:\"currency_code\";s:3:\"USD\";}',NULL,NULL),(220,'a:15:{s:3:\"cmd\";s:21:\"_xclick-subscriptions\";s:9:\"item_name\";s:29:\"Joint Pain Comfort Membership\";s:11:\"item_number\";s:3:\"JPM\";s:8:\"quantity\";i:1;s:7:\"invoice\";s:16:\"220-SUBSCRIPTION\";s:2:\"a3\";s:5:\"19.97\";s:2:\"p3\";i:12;s:2:\"t3\";s:1:\"M\";s:3:\"src\";i:1;s:5:\"retry\";i:1;s:6:\"return\";s:68:\"http://jointpaincomfort.com/?q=content/joint-pain-comfort-membership\";s:13:\"cancel_return\";s:68:\"http://jointpaincomfort.com/?q=content/joint-pain-comfort-membership\";s:7:\"no_note\";i:1;s:11:\"no_shipping\";s:1:\"1\";s:13:\"currency_code\";s:3:\"USD\";}',NULL,NULL),(221,'a:15:{s:3:\"cmd\";s:21:\"_xclick-subscriptions\";s:9:\"item_name\";s:29:\"Joint Pain Comfort Membership\";s:11:\"item_number\";s:3:\"JPM\";s:8:\"quantity\";i:1;s:7:\"invoice\";s:16:\"221-SUBSCRIPTION\";s:2:\"a3\";s:5:\"19.97\";s:2:\"p3\";i:12;s:2:\"t3\";s:1:\"M\";s:3:\"src\";i:1;s:5:\"retry\";i:1;s:6:\"return\";s:68:\"http://jointpaincomfort.com/?q=content/joint-pain-comfort-membership\";s:13:\"cancel_return\";s:68:\"http://jointpaincomfort.com/?q=content/joint-pain-comfort-membership\";s:7:\"no_note\";i:1;s:11:\"no_shipping\";s:1:\"1\";s:13:\"currency_code\";s:3:\"USD\";}',NULL,NULL),(222,'a:15:{s:3:\"cmd\";s:21:\"_xclick-subscriptions\";s:9:\"item_name\";s:29:\"Joint Pain Comfort Membership\";s:11:\"item_number\";s:3:\"JPM\";s:8:\"quantity\";i:1;s:7:\"invoice\";s:16:\"222-SUBSCRIPTION\";s:2:\"a3\";s:5:\"19.97\";s:2:\"p3\";i:12;s:2:\"t3\";s:1:\"M\";s:3:\"src\";i:1;s:5:\"retry\";i:1;s:6:\"return\";s:68:\"http://jointpaincomfort.com/?q=content/joint-pain-comfort-membership\";s:13:\"cancel_return\";s:68:\"http://jointpaincomfort.com/?q=content/joint-pain-comfort-membership\";s:7:\"no_note\";i:1;s:11:\"no_shipping\";s:1:\"1\";s:13:\"currency_code\";s:3:\"USD\";}',NULL,NULL),(223,'a:15:{s:3:\"cmd\";s:21:\"_xclick-subscriptions\";s:9:\"item_name\";s:29:\"Joint Pain Comfort Membership\";s:11:\"item_number\";s:3:\"JPM\";s:8:\"quantity\";i:1;s:7:\"invoice\";s:16:\"223-SUBSCRIPTION\";s:2:\"a3\";s:5:\"19.97\";s:2:\"p3\";i:12;s:2:\"t3\";s:1:\"M\";s:3:\"src\";i:1;s:5:\"retry\";i:1;s:6:\"return\";s:68:\"http://jointpaincomfort.com/?q=content/joint-pain-comfort-membership\";s:13:\"cancel_return\";s:68:\"http://jointpaincomfort.com/?q=content/joint-pain-comfort-membership\";s:7:\"no_note\";i:1;s:11:\"no_shipping\";s:1:\"1\";s:13:\"currency_code\";s:3:\"USD\";}',NULL,NULL),(224,'a:15:{s:3:\"cmd\";s:21:\"_xclick-subscriptions\";s:9:\"item_name\";s:29:\"Joint Pain Comfort Membership\";s:11:\"item_number\";s:3:\"JPM\";s:8:\"quantity\";i:1;s:7:\"invoice\";s:16:\"224-SUBSCRIPTION\";s:2:\"a3\";s:5:\"19.97\";s:2:\"p3\";i:12;s:2:\"t3\";s:1:\"M\";s:3:\"src\";i:1;s:5:\"retry\";i:1;s:6:\"return\";s:68:\"http://jointpaincomfort.com/?q=content/joint-pain-comfort-membership\";s:13:\"cancel_return\";s:68:\"http://jointpaincomfort.com/?q=content/joint-pain-comfort-membership\";s:7:\"no_note\";i:1;s:11:\"no_shipping\";s:1:\"1\";s:13:\"currency_code\";s:3:\"USD\";}',NULL,NULL),(225,'a:15:{s:3:\"cmd\";s:21:\"_xclick-subscriptions\";s:9:\"item_name\";s:29:\"Joint Pain Comfort Membership\";s:11:\"item_number\";s:3:\"JPM\";s:8:\"quantity\";i:1;s:7:\"invoice\";s:16:\"225-SUBSCRIPTION\";s:2:\"a3\";s:5:\"19.97\";s:2:\"p3\";i:12;s:2:\"t3\";s:1:\"M\";s:3:\"src\";i:1;s:5:\"retry\";i:1;s:6:\"return\";s:68:\"http://jointpaincomfort.com/?q=content/joint-pain-comfort-membership\";s:13:\"cancel_return\";s:68:\"http://jointpaincomfort.com/?q=content/joint-pain-comfort-membership\";s:7:\"no_note\";i:1;s:11:\"no_shipping\";s:1:\"1\";s:13:\"currency_code\";s:3:\"USD\";}',NULL,NULL),(226,'a:15:{s:3:\"cmd\";s:21:\"_xclick-subscriptions\";s:9:\"item_name\";s:29:\"Joint Pain Comfort Membership\";s:11:\"item_number\";s:3:\"JPM\";s:8:\"quantity\";i:1;s:7:\"invoice\";s:16:\"226-SUBSCRIPTION\";s:2:\"a3\";s:5:\"19.97\";s:2:\"p3\";i:12;s:2:\"t3\";s:1:\"M\";s:3:\"src\";i:1;s:5:\"retry\";i:1;s:6:\"return\";s:68:\"http://jointpaincomfort.com/?q=content/joint-pain-comfort-membership\";s:13:\"cancel_return\";s:68:\"http://jointpaincomfort.com/?q=content/joint-pain-comfort-membership\";s:7:\"no_note\";i:1;s:11:\"no_shipping\";s:1:\"1\";s:13:\"currency_code\";s:3:\"USD\";}',NULL,NULL),(227,'a:15:{s:3:\"cmd\";s:21:\"_xclick-subscriptions\";s:9:\"item_name\";s:29:\"Joint Pain Comfort Membership\";s:11:\"item_number\";s:3:\"JPM\";s:8:\"quantity\";i:1;s:7:\"invoice\";s:16:\"227-SUBSCRIPTION\";s:2:\"a3\";s:5:\"19.97\";s:2:\"p3\";i:1;s:2:\"t3\";s:1:\"M\";s:3:\"src\";i:1;s:5:\"retry\";i:1;s:6:\"return\";s:68:\"http://jointpaincomfort.com/?q=content/joint-pain-comfort-membership\";s:13:\"cancel_return\";s:68:\"http://jointpaincomfort.com/?q=content/joint-pain-comfort-membership\";s:7:\"no_note\";i:1;s:11:\"no_shipping\";s:1:\"1\";s:13:\"currency_code\";s:3:\"USD\";}',NULL,NULL),(228,'a:15:{s:3:\"cmd\";s:21:\"_xclick-subscriptions\";s:9:\"item_name\";s:29:\"Joint Pain Comfort Membership\";s:11:\"item_number\";s:3:\"JPM\";s:8:\"quantity\";i:1;s:7:\"invoice\";s:16:\"228-SUBSCRIPTION\";s:2:\"a3\";s:5:\"19.97\";s:2:\"p3\";i:1;s:2:\"t3\";s:1:\"M\";s:3:\"src\";i:1;s:5:\"retry\";i:1;s:6:\"return\";s:68:\"http://jointpaincomfort.com/?q=content/joint-pain-comfort-membership\";s:13:\"cancel_return\";s:68:\"http://jointpaincomfort.com/?q=content/joint-pain-comfort-membership\";s:7:\"no_note\";i:1;s:11:\"no_shipping\";s:1:\"1\";s:13:\"currency_code\";s:3:\"USD\";}',NULL,NULL),(229,'a:15:{s:3:\"cmd\";s:21:\"_xclick-subscriptions\";s:9:\"item_name\";s:29:\"Joint Pain Comfort Membership\";s:11:\"item_number\";s:3:\"JPM\";s:8:\"quantity\";i:1;s:7:\"invoice\";s:16:\"229-SUBSCRIPTION\";s:2:\"a3\";s:5:\"19.97\";s:2:\"p3\";i:1;s:2:\"t3\";s:1:\"M\";s:3:\"src\";i:1;s:5:\"retry\";i:1;s:6:\"return\";s:68:\"http://jointpaincomfort.com/?q=content/joint-pain-comfort-membership\";s:13:\"cancel_return\";s:68:\"http://jointpaincomfort.com/?q=content/joint-pain-comfort-membership\";s:7:\"no_note\";i:1;s:11:\"no_shipping\";s:1:\"1\";s:13:\"currency_code\";s:3:\"USD\";}',NULL,NULL);

--
-- Table structure for table `uc_product_adjustments`
--

CREATE TABLE `uc_product_adjustments` (
  `nid` mediumint(9) NOT NULL default '0',
  `combination` varchar(255) NOT NULL default '',
  `model` varchar(255) NOT NULL default '',
  PRIMARY KEY  (`nid`,`combination`)
) ENGINE=MyISAM DEFAULT CHARSET=utf8;

--
-- Dumping data for table `uc_product_adjustments`
--



--
-- Table structure for table `uc_product_attributes`
--

CREATE TABLE `uc_product_attributes` (
  `nid` mediumint(9) NOT NULL default '0',
  `aid` mediumint(9) NOT NULL default '0',
  `ordering` tinyint(2) NOT NULL default '0',
  `default_option` mediumint(9) NOT NULL default '0',
  `required` tinyint(2) NOT NULL default '0',
  `display` tinyint(2) NOT NULL default '1',
  PRIMARY KEY  (`nid`,`aid`)
) ENGINE=MyISAM DEFAULT CHARSET=utf8;

--
-- Dumping data for table `uc_product_attributes`
--



--
-- Table structure for table `uc_product_classes`
--

CREATE TABLE `uc_product_classes` (
  `pcid` varchar(32) NOT NULL default '',
  `name` varchar(255) NOT NULL default '',
  `description` text,
  PRIMARY KEY  (`pcid`)
) ENGINE=MyISAM DEFAULT CHARSET=utf8;

--
-- Dumping data for table `uc_product_classes`
--



--
-- Table structure for table `uc_product_features`
--

CREATE TABLE `uc_product_features` (
  `pfid` mediumint(9) NOT NULL default '0',
  `nid` mediumint(9) NOT NULL default '0',
  `fid` varchar(32) NOT NULL default '',
  `description` text,
  PRIMARY KEY  (`pfid`),
  KEY `nid` (`nid`)
) ENGINE=MyISAM DEFAULT CHARSET=utf8;

--
-- Dumping data for table `uc_product_features`
--


INSERT INTO `uc_product_features` VALUES (2,176,'role','<strong>SKU:</strong> JPM<br/><strong>Role:</strong> member<br/><strong>Expiration:</strong> never<br/><strong>Shippable:</strong> No<br/><strong>Multiply by Quantity:</strong> Yes'),(4,178,'role','When product Premium Subscription is purchased, add a fee for $9.99 charged first after 31 days and every 30 days after that 10 times.'),(5,176,'recurring','When product JPM is purchased, add a fee for $19.97 charged first after 1 months and every 1 months after that 4999 times.'),(6,182,'recurring','When product JPM is purchased, add a fee for $19.97 charged first after 1 months and every 1 months after that 299 times.'),(8,182,'role','<strong>SKU:</strong> JPM<br/><strong>Role:</strong> member<br/><strong>Expiration:</strong> 200 month(s)<br/><strong>Shippable:</strong> No<br/><strong>Multiply by Quantity:</strong> Yes'),(10,183,'uc_paypal_buttons_subscription','Provide PayPal subscription widget using text button.'),(12,183,'role','<strong>SKU:</strong> JPM<br/><strong>Role:</strong> member<br/><strong>Expiration:</strong> 36 month(s)<br/><strong>Shippable:</strong> No<br/><strong>Multiply by Quantity:</strong> Yes');

--
-- Table structure for table `uc_product_max`
--

CREATE TABLE `uc_product_max` (
  `nid` int(10) NOT NULL default '0',
  `product_max` mediumint(9) NOT NULL default '0',
  PRIMARY KEY  (`nid`)
) ENGINE=MyISAM DEFAULT CHARSET=utf8;

--
-- Dumping data for table `uc_product_max`
--


INSERT INTO `uc_product_max` VALUES (183,1);

--
-- Table structure for table `uc_product_options`
--

CREATE TABLE `uc_product_options` (
  `nid` mediumint(9) NOT NULL default '0',
  `oid` mediumint(9) NOT NULL default '0',
  `cost` decimal(10,2) NOT NULL default '0.00',
  `price` decimal(10,2) NOT NULL default '0.00',
  `weight` float NOT NULL default '0',
  `ordering` tinyint(2) NOT NULL default '0',
  PRIMARY KEY  (`nid`,`oid`)
) ENGINE=MyISAM DEFAULT CHARSET=utf8;

--
-- Dumping data for table `uc_product_options`
--



--
-- Table structure for table `uc_products`
--

CREATE TABLE `uc_products` (
  `vid` mediumint(9) NOT NULL default '0',
  `nid` mediumint(9) NOT NULL default '0',
  `model` varchar(255) NOT NULL default '',
  `list_price` decimal(10,2) NOT NULL default '0.00',
  `cost` decimal(10,2) NOT NULL default '0.00',
  `sell_price` decimal(10,2) NOT NULL default '0.00',
  `weight` float NOT NULL default '0',
  `weight_units` varchar(255) NOT NULL default 'lb',
  `length` float unsigned NOT NULL default '0',
  `width` float unsigned NOT NULL default '0',
  `height` float unsigned NOT NULL default '0',
  `length_units` varchar(255) NOT NULL default 'in',
  `pkg_qty` smallint(5) unsigned NOT NULL default '1',
  `default_qty` smallint(5) unsigned NOT NULL default '1',
  `unique_hash` varchar(32) NOT NULL default '',
  `ordering` tinyint(2) NOT NULL default '0',
  `shippable` tinyint(2) NOT NULL default '1',
  PRIMARY KEY  (`vid`)
) ENGINE=MyISAM DEFAULT CHARSET=utf8;

--
-- Dumping data for table `uc_products`
--


INSERT INTO `uc_products` VALUES (183,183,'JPM','19.97','19.97','19.97',0,'lb',0,0,0,'in',1,1,'e82318219010a059c481304b4d7cc36d',0,0);

--
-- Table structure for table `uc_recurring_products`
--

CREATE TABLE `uc_recurring_products` (
  `pfid` mediumint(9) NOT NULL default '0',
  `model` varchar(255) NOT NULL default '',
  `fee_amount` decimal(10,2) NOT NULL default '0.00',
  `initial_charge` varchar(255) NOT NULL default '',
  `regular_interval` varchar(255) NOT NULL default '',
  `number_intervals` smallint(4) NOT NULL default '0',
  PRIMARY KEY  (`pfid`)
) ENGINE=MyISAM DEFAULT CHARSET=utf8;

--
-- Dumping data for table `uc_recurring_products`
--


INSERT INTO `uc_recurring_products` VALUES (2,'Premium Subscription','9.99','30 days','30 days',12),(4,'Premium Subscription','9.99','31 days','30 days',11),(5,'JPM','19.97','1 months','1 months',5000),(6,'JPM','19.97','1 months','1 months',300),(9,'','19.97','1 months','1 months',200);

--
-- Table structure for table `uc_recurring_users`
--

CREATE TABLE `uc_recurring_users` (
  `rfid` mediumint(9) NOT NULL default '0',
  `uid` mediumint(9) NOT NULL default '0',
  `next_charge` int(11) NOT NULL default '0',
  `fee_amount` decimal(10,2) NOT NULL default '0.00',
  `regular_interval` varchar(255) NOT NULL default '',
  `remaining_intervals` smallint(4) NOT NULL default '0',
  `charged_intervals` smallint(4) NOT NULL default '0',
  `order_id` mediumint(9) NOT NULL default '0',
  `data` text NOT NULL,
  `created` int(11) NOT NULL default '0',
  PRIMARY KEY  (`rfid`)
) ENGINE=MyISAM DEFAULT CHARSET=utf8;

--
-- Dumping data for table `uc_recurring_users`
--



--
-- Table structure for table `uc_roles_expirations`
--

CREATE TABLE `uc_roles_expirations` (
  `uid` mediumint(11) NOT NULL default '0',
  `rid` mediumint(11) NOT NULL default '0',
  `expiration` int(11) NOT NULL default '0',
  `notified` tinyint(2) default NULL,
  KEY `uid` (`uid`),
  KEY `rid` (`rid`)
) ENGINE=MyISAM DEFAULT CHARSET=utf8;

--
-- Dumping data for table `uc_roles_expirations`
--


INSERT INTO `uc_roles_expirations` VALUES (1,5,1593121972,NULL),(168,5,1593805443,NULL),(176,5,1972577507,NULL),(177,5,1593886549,NULL),(185,5,1973094985,NULL),(186,5,1594479038,NULL),(188,5,1973283056,NULL),(190,5,1973442631,NULL),(193,5,1594923982,NULL),(195,5,1973688654,NULL),(196,5,1973753876,NULL),(198,5,1973880703,NULL),(199,5,1973986337,NULL),(200,5,1974018629,NULL),(201,5,1974022280,NULL),(202,5,1974041522,NULL),(203,5,1974059669,NULL),(205,5,1595383501,NULL),(207,5,1974080741,NULL),(208,5,1974108846,NULL),(209,5,1974131699,NULL),(211,5,1974161806,NULL),(212,5,1974163160,NULL),(213,5,1974265368,NULL),(214,5,1974336428,NULL),(215,5,1974347980,NULL),(216,5,1595684826,NULL),(217,5,1595686123,NULL),(218,5,1595761131,NULL),(220,5,1974460033,NULL),(221,5,1974468209,NULL),(222,5,1595870092,NULL),(224,5,1248737174,NULL),(227,5,1248927184,NULL);

--
-- Table structure for table `uc_roles_products`
--

CREATE TABLE `uc_roles_products` (
  `pfid` mediumint(9) NOT NULL default '0',
  `nid` int(10) NOT NULL default '0',
  `model` varchar(255) default NULL,
  `rid` mediumint(11) NOT NULL default '0',
  `duration` smallint(4) default NULL,
  `granularity` varchar(32) default NULL,
  `shippable` tinyint(1) NOT NULL default '0',
  `by_quantity` tinyint(1) NOT NULL default '0',
  KEY `pfid` (`pfid`),
  KEY `nid` (`nid`),
  KEY `model` (`model`),
  KEY `rid` (`rid`)
) ENGINE=MyISAM DEFAULT CHARSET=utf8;

--
-- Dumping data for table `uc_roles_products`
--


INSERT INTO `uc_roles_products` VALUES (12,183,'JPM',5,36,'month',0,1);

--
-- Table structure for table `uc_store_footers`
--

CREATE TABLE `uc_store_footers` (
  `path_hash` varchar(32) NOT NULL default '',
  `message` text NOT NULL,
  PRIMARY KEY  (`path_hash`)
) ENGINE=MyISAM DEFAULT CHARSET=utf8;

--
-- Dumping data for table `uc_store_footers`
--


INSERT INTO `uc_store_footers` VALUES ('d3c298ca72c49fbed61860647da88416','Powered by Ubercart, the <a href=\"http://www.ubercart.org/\">free shopping cart software</a>.'),('88776bafb302f60a464d0c0778f9f934','<a href=\"http://www.ubercart.org/\">Powered by Ubercart</a>'),('38bbd0c539f3c60070b3924498eeead3','Powered by Ubercart, the <a href=\"http://www.ubercart.org/\">free shopping cart software</a>.'),('ccf69bc4fce088442ac844d16e81cb35','<a href=\"http://www.ubercart.org/\">Powered by Ubercart</a>'),('dc38ac90cdd233142a5f008bebbefaed','Supported by Ubercart, an <a href=\"http://www.ubercart.org/\">open source e-commerce suite</a>.'),('d76f388562948a2f3f126024869884a9','<a href=\"http://www.ubercart.org/\">Powered by Ubercart</a>'),('45f76202e24256e42024fbc55363869c','<a href=\"http://www.ubercart.org/\">Drupal e-commerce</a> provided by Ubercart.'),('5ef3c4800188f2626cf8f4a8434815a7','Supported by Ubercart, an <a href=\"http://www.ubercart.org/\">open source e-commerce suite</a>.'),('68268fb1f63bdb37eaebbbabd0823aa9','<a href=\"http://www.ubercart.org/\">Powered by Ubercart</a>'),('99226d48d397b2a3412df4f91016aada','<a href=\"http://www.ubercart.org/\">Drupal e-commerce</a> provided by Ubercart.'),('0285a0352f6c16c346aca56055d6f6f4','Powered by Ubercart, the <a href=\"http://www.ubercart.org/\">free shopping cart software</a>.'),('54ae24e4e2c9b79ed452513e7e1fe77d','Supported by Ubercart, an <a href=\"http://www.ubercart.org/\">open source e-commerce suite</a>.'),('563983b39faa2c350cf2e21863461f36','Powered by Ubercart, the <a href=\"http://www.ubercart.org/\">free shopping cart software</a>.'),('2fcda1477e4e9efafbca68ace4536d37','Powered by Ubercart, the <a href=\"http://www.ubercart.org/\">free shopping cart software</a>.'),('8eb5a4e7529765c02c5477208eff41b9','Powered by Ubercart, the <a href=\"http://www.ubercart.org/\">free shopping cart software</a>.'),('e43b1805fe6bbc0303376516682028af','Supported by Ubercart, an <a href=\"http://www.ubercart.org/\">open source e-commerce suite</a>.'),('a8f6dc998b3bc72407fb9bb425db258f','Supported by Ubercart, an <a href=\"http://www.ubercart.org/\">open source e-commerce suite</a>.'),('191b45b8beec622b6bcf31a5b6266129','Supported by Ubercart, an <a href=\"http://www.ubercart.org/\">open source e-commerce suite</a>.'),('cb6ba1aa8a7881d4ebb7056d9a54a2fb','<a href=\"http://www.ubercart.org/\">Powered by Ubercart</a>'),('36c4536996ca5615dcf9911f068786dc','<a href=\"http://www.ubercart.org/\">Powered by Ubercart</a>'),('f9d14b003e52aee4a680ae1370f6435a','<a href=\"http://www.ubercart.org/\">Powered by Ubercart</a>'),('76c2a75449390f365dd21a8357758716','Supported by Ubercart, an <a href=\"http://www.ubercart.org/\">open source e-commerce suite</a>.'),('e64e7b35622060c368d8cf1b75a7a840','Supported by Ubercart, an <a href=\"http://www.ubercart.org/\">open source e-commerce suite</a>.'),('c45171dec7b76895b956a190c98f66df','Powered by Ubercart, the <a href=\"http://www.ubercart.org/\">free shopping cart software</a>.'),('c87d2f385db4e34e4a3970a556564c7f','Supported by Ubercart, an <a href=\"http://www.ubercart.org/\">open source e-commerce suite</a>.'),('7a1a7b8eaf11e55c4b95dc7e6c591c31','Powered by Ubercart, the <a href=\"http://www.ubercart.org/\">free shopping cart software</a>.'),('cfef98b6f38e755c0acb42f962dda1c6','<a href=\"http://www.ubercart.org/\">Drupal e-commerce</a> provided by Ubercart.'),('a2cf3c151c9f793b9c5f005847e69f20','Powered by Ubercart, the <a href=\"http://www.ubercart.org/\">free shopping cart software</a>.'),('3d1ba0f750aa3582ebb2ff979af173c6','Supported by Ubercart, an <a href=\"http://www.ubercart.org/\">open source e-commerce suite</a>.'),('8954fa31ee556afe717e67d3d0076b7b','<a href=\"http://www.ubercart.org/\">Drupal e-commerce</a> provided by Ubercart.'),('a9b739f18f76ea16862e9fe6197f01dd','<a href=\"http://www.ubercart.org/\">Powered by Ubercart</a>'),('0cdfb5539e5c495fc953996bf5d54972','<a href=\"http://www.ubercart.org/\">Powered by Ubercart</a>'),('774e23e9acb4155f3230ec58ded537fd','<a href=\"http://www.ubercart.org/\">Drupal e-commerce</a> provided by Ubercart.'),('0044bb15dfc3f5cec16a510984528f37','<a href=\"http://www.ubercart.org/\">Drupal e-commerce</a> provided by Ubercart.'),('8ad2a5497c47f5e7d4234f967097d432','<a href=\"http://www.ubercart.org/\">Powered by Ubercart</a>'),('e347785940bb34afec85c33b2933f46b','<a href=\"http://www.ubercart.org/\">Drupal e-commerce</a> provided by Ubercart.'),('6b50175e1538d3db230ea656a5c11f3d','<a href=\"http://www.ubercart.org/\">Powered by Ubercart</a>'),('8fd5b360bb78f5368357c7abe3f0b7ce','<a href=\"http://www.ubercart.org/\">Powered by Ubercart</a>'),('cb18dd21f84ecb34eadb0cdf269c94f2','Powered by Ubercart, the <a href=\"http://www.ubercart.org/\">free shopping cart software</a>.'),('54013ba69c196820e56801f1ef5aad54','Powered by Ubercart, the <a href=\"http://www.ubercart.org/\">free shopping cart software</a>.'),('8f3d41ea5f60a4bccd88ee9556b01762','<a href=\"http://www.ubercart.org/\">Powered by Ubercart</a>'),('2fb7bec4b590b45149dfc22edc7f5d10','<a href=\"http://www.ubercart.org/\">Powered by Ubercart</a>'),('a9e5ebc94fde1564954e27e1c2103c84','<a href=\"http://www.ubercart.org/\">Drupal e-commerce</a> provided by Ubercart.'),('60e441fabf57736b17ee1b9571116671','Supported by Ubercart, an <a href=\"http://www.ubercart.org/\">open source e-commerce suite</a>.'),('86f2d477df0d29fe024452a0460db7d7','Powered by Ubercart, the <a href=\"http://www.ubercart.org/\">free shopping cart software</a>.'),('6c802969fa63752fa9e0a9e1fb0da4ae','<a href=\"http://www.ubercart.org/\">Powered by Ubercart</a>'),('ee8369cae4fae47e55f2fa19580cc273','Powered by Ubercart, the <a href=\"http://www.ubercart.org/\">free shopping cart software</a>.'),('57762e29d4a26534016b38ea7bc7d297','<a href=\"http://www.ubercart.org/\">Powered by Ubercart</a>'),('c73cad870a23a81f974b2cf248c85d8e','<a href=\"http://www.ubercart.org/\">Powered by Ubercart</a>'),('4a18a9f2ba6642007658ce12dde79bb0','Supported by Ubercart, an <a href=\"http://www.ubercart.org/\">open source e-commerce suite</a>.'),('bf75bfe98a7173ddc30c8a099c4e1a1e','Powered by Ubercart, the <a href=\"http://www.ubercart.org/\">free shopping cart software</a>.'),('982e174c53ccaafbc596d5e14b1f817e','<a href=\"http://www.ubercart.org/\">Drupal e-commerce</a> provided by Ubercart.'),('eb5fc00df5640390b85d056b4a052c8f','Powered by Ubercart, the <a href=\"http://www.ubercart.org/\">free shopping cart software</a>.'),('88b931688eb6a3403e27a8481148a385','Powered by Ubercart, the <a href=\"http://www.ubercart.org/\">free shopping cart software</a>.'),('688be5138988c6a537ecb57a99ec0228','<a href=\"http://www.ubercart.org/\">Drupal e-commerce</a> provided by Ubercart.'),('0fa270e48ffae6cedd9937b3d74a14b2','Powered by Ubercart, the <a href=\"http://www.ubercart.org/\">free shopping cart software</a>.'),('c1dca9654eddf83e0addfb13d8f515b4','<a href=\"http://www.ubercart.org/\">Drupal e-commerce</a> provided by Ubercart.'),('30054f6c323a2cf35dbd779ce96f1c7e','Powered by Ubercart, the <a href=\"http://www.ubercart.org/\">free shopping cart software</a>.'),('2d84bcb24cf7d87336471eabd317babc','Powered by Ubercart, the <a href=\"http://www.ubercart.org/\">free shopping cart software</a>.'),('41941d4e0d797f7fd86398cc473e51b1','Powered by Ubercart, the <a href=\"http://www.ubercart.org/\">free shopping cart software</a>.'),('b4312e60fc58065937326dab4c2ec434','<a href=\"http://www.ubercart.org/\">Drupal e-commerce</a> provided by Ubercart.'),('5486b31cebdb8cb11b5488d30a75c7c4','<a href=\"http://www.ubercart.org/\">Powered by Ubercart</a>'),('732ed359bec55c01d1c74d8ceac7668a','<a href=\"http://www.ubercart.org/\">Drupal e-commerce</a> provided by Ubercart.'),('d211109870e10735bbacdadd8b7fde9d','<a href=\"http://www.ubercart.org/\">Drupal e-commerce</a> provided by Ubercart.'),('5c36833f2cebe35f6f381b91635d2448','Powered by Ubercart, the <a href=\"http://www.ubercart.org/\">free shopping cart software</a>.'),('21c8667ecafb0edc23dab6e91ec51ff1','Supported by Ubercart, an <a href=\"http://www.ubercart.org/\">open source e-commerce suite</a>.'),('7dccf8caf3ff12d7a6249fab30ff5a16','<a href=\"http://www.ubercart.org/\">Powered by Ubercart</a>'),('06c2bb78408b85eb75a8298a9809ec6d','<a href=\"http://www.ubercart.org/\">Powered by Ubercart</a>'),('834c77835262a2288af5f56537e58c99','<a href=\"http://www.ubercart.org/\">Drupal e-commerce</a> provided by Ubercart.'),('9bf78d8e7281d218da6bab32b1443571','Powered by Ubercart, the <a href=\"http://www.ubercart.org/\">free shopping cart software</a>.'),('2ba12f491bfe8b26f576e4a66057d6d2','Supported by Ubercart, an <a href=\"http://www.ubercart.org/\">open source e-commerce suite</a>.'),('cb12ba957f87e1916421aa2d9deb880f','Powered by Ubercart, the <a href=\"http://www.ubercart.org/\">free shopping cart software</a>.'),('9d4ef60f5920b9dd375e0e4ae9da424e','<a href=\"http://www.ubercart.org/\">Drupal e-commerce</a> provided by Ubercart.'),('52a238c1d69ca631d009cd2962db949c','Powered by Ubercart, the <a href=\"http://www.ubercart.org/\">free shopping cart software</a>.'),('8e7a4b5b913f709ac27bc74417785615','Supported by Ubercart, an <a href=\"http://www.ubercart.org/\">open source e-commerce suite</a>.'),('41094af48e1df6c4c9530fc7694fdeda','Supported by Ubercart, an <a href=\"http://www.ubercart.org/\">open source e-commerce suite</a>.'),('396a020995f20feaef191ab8cbf75023','Powered by Ubercart, the <a href=\"http://www.ubercart.org/\">free shopping cart software</a>.'),('ca36fdfb15d98a4c5b061fa7b5ddff80','Supported by Ubercart, an <a href=\"http://www.ubercart.org/\">open source e-commerce suite</a>.'),('5c9f2f8d3ffa84601293a74b89b4fe2d','Powered by Ubercart, the <a href=\"http://www.ubercart.org/\">free shopping cart software</a>.'),('df82a429a68cd6c2c154130c97260702','<a href=\"http://www.ubercart.org/\">Powered by Ubercart</a>'),('1ce6ca01465243c435d5ec4dbf7af472','Supported by Ubercart, an <a href=\"http://www.ubercart.org/\">open source e-commerce suite</a>.'),('be0d5f73709bf12ed6c8222a539e9c62','<a href=\"http://www.ubercart.org/\">Powered by Ubercart</a>'),('c561cc3b987c45e8c1ce87285d3ff276','<a href=\"http://www.ubercart.org/\">Powered by Ubercart</a>'),('a205ade1b4486037aa0bac729e4cff27','<a href=\"http://www.ubercart.org/\">Drupal e-commerce</a> provided by Ubercart.'),('05f4b5db8c7e1824cb79f875a6a497c2','Powered by Ubercart, the <a href=\"http://www.ubercart.org/\">free shopping cart software</a>.'),('28be9863310ba571262027bd70d6a3c4','<a href=\"http://www.ubercart.org/\">Powered by Ubercart</a>'),('0d31657df02151dd110827b84f57dd49','<a href=\"http://www.ubercart.org/\">Drupal e-commerce</a> provided by Ubercart.'),('ac79ec0b60a17dd4b77707b8ebc3de35','Powered by Ubercart, the <a href=\"http://www.ubercart.org/\">free shopping cart software</a>.'),('077b6a772e8ed0c22f37f6be1d9f83ab','<a href=\"http://www.ubercart.org/\">Drupal e-commerce</a> provided by Ubercart.'),('38e801221926f38573bc930bb7c10200','<a href=\"http://www.ubercart.org/\">Powered by Ubercart</a>'),('c28797b6f83304ab3fbd0dab52f1b357','<a href=\"http://www.ubercart.org/\">Drupal e-commerce</a> provided by Ubercart.'),('8a25f2fafc90cabbd37d97fa364752b7','Powered by Ubercart, the <a href=\"http://www.ubercart.org/\">free shopping cart software</a>.'),('8a7ae8bcaac02da27f885be926a20c15','Powered by Ubercart, the <a href=\"http://www.ubercart.org/\">free shopping cart software</a>.'),('4db8a2b5bc09a4103395fcf622ad2d4a','Supported by Ubercart, an <a href=\"http://www.ubercart.org/\">open source e-commerce suite</a>.');

--
-- Table structure for table `uc_subscriptions`
--

CREATE TABLE `uc_subscriptions` (
  `sid` int(11) NOT NULL default '0',
  `uid` int(11) NOT NULL default '0',
  `order_product_id` int(11) NOT NULL default '0',
  `tstart` int(10) unsigned NOT NULL default '0',
  `texpire` int(10) unsigned NOT NULL default '0',
  `trenew` int(10) unsigned NOT NULL default '0',
  `tnotify` int(10) unsigned NOT NULL default '0',
  `options` text,
  PRIMARY KEY  (`sid`)
) ENGINE=MyISAM DEFAULT CHARSET=utf8;

--
-- Dumping data for table `uc_subscriptions`
--


INSERT INTO `uc_subscriptions` VALUES (1,224,249,1217201176,1248305176,0,1248305176,NULL),(2,0,257,1217391183,1248495183,0,1248495183,NULL);

--
-- Table structure for table `uc_zones`
--

CREATE TABLE `uc_zones` (
  `zone_id` mediumint(11) NOT NULL default '0',
  `zone_country_id` mediumint(11) NOT NULL default '0',
  `zone_code` varchar(32) NOT NULL default '',
  `zone_name` varchar(255) NOT NULL default '',
  PRIMARY KEY  (`zone_id`),
  KEY `zone_code` (`zone_code`),
  KEY `zone_country_id` (`zone_country_id`)
) ENGINE=MyISAM DEFAULT CHARSET=utf8;

--
-- Dumping data for table `uc_zones`
--


INSERT INTO `uc_zones` VALUES (1,840,'AL','Alabama'),(2,840,'AK','Alaska'),(3,840,'AS','American Samoa'),(4,840,'AZ','Arizona'),(5,840,'AR','Arkansas'),(6,840,'AF','Armed Forces Africa'),(7,840,'AA','Armed Forces Americas'),(8,840,'AC','Armed Forces Canada'),(9,840,'AE','Armed Forces Europe'),(10,840,'AM','Armed Forces Middle East'),(11,840,'AP','Armed Forces Pacific'),(12,840,'CA','California'),(13,840,'CO','Colorado'),(14,840,'CT','Connecticut'),(15,840,'DE','Delaware'),(16,840,'DC','District of Columbia'),(17,840,'FM','Federated States Of Micronesia'),(18,840,'FL','Florida'),(19,840,'GA','Georgia'),(20,840,'GU','Guam'),(21,840,'HI','Hawaii'),(22,840,'ID','Idaho'),(23,840,'IL','Illinois'),(24,840,'IN','Indiana'),(25,840,'IA','Iowa'),(26,840,'KS','Kansas'),(27,840,'KY','Kentucky'),(28,840,'LA','Louisiana'),(29,840,'ME','Maine'),(30,840,'MH','Marshall Islands'),(31,840,'MD','Maryland'),(32,840,'MA','Massachusetts'),(33,840,'MI','Michigan'),(34,840,'MN','Minnesota'),(35,840,'MS','Mississippi'),(36,840,'MO','Missouri'),(37,840,'MT','Montana'),(38,840,'NE','Nebraska'),(39,840,'NV','Nevada'),(40,840,'NH','New Hampshire'),(41,840,'NJ','New Jersey'),(42,840,'NM','New Mexico'),(43,840,'NY','New York'),(44,840,'NC','North Carolina'),(45,840,'ND','North Dakota'),(46,840,'MP','Northern Mariana Islands'),(47,840,'OH','Ohio'),(48,840,'OK','Oklahoma'),(49,840,'OR','Oregon'),(50,840,'PW','Palau'),(51,840,'PA','Pennsylvania'),(52,840,'PR','Puerto Rico'),(53,840,'RI','Rhode Island'),(54,840,'SC','South Carolina'),(55,840,'SD','South Dakota'),(56,840,'TN','Tennessee'),(57,840,'TX','Texas'),(58,840,'UT','Utah'),(59,840,'VT','Vermont'),(60,840,'VI','Virgin Islands'),(61,840,'VA','Virginia'),(62,840,'WA','Washington'),(63,840,'WV','West Virginia'),(64,840,'WI','Wisconsin'),(65,840,'WY','Wyoming'),(66,124,'AB','Alberta'),(67,124,'BC','British Columbia'),(68,124,'MB','Manitoba'),(69,124,'NF','Newfoundland'),(70,124,'NB','New Brunswick'),(71,124,'NS','Nova Scotia'),(72,124,'NT','Northwest Territories'),(73,124,'NU','Nunavut'),(74,124,'ON','Ontario'),(75,124,'PE','Prince Edward Island'),(76,124,'QC','Quebec'),(77,124,'SK','Saskatchewan'),(78,124,'YT','Yukon Territory');

--
-- Table structure for table `url_alias`
--

CREATE TABLE `url_alias` (
  `pid` int(10) unsigned NOT NULL auto_increment,
  `src` varchar(128) NOT NULL default '',
  `dst` varchar(128) NOT NULL default '',
  PRIMARY KEY  (`pid`),
  UNIQUE KEY `dst` (`dst`),
  KEY `src` (`src`)
) ENGINE=MyISAM DEFAULT CHARSET=utf8;

--
-- Dumping data for table `url_alias`
--


INSERT INTO `url_alias` VALUES (296,'taxonomy/term/10','category/articles/getting-comfort'),(483,'node/149','content/the-real-reasons-behind-your-pain'),(299,'user/1','users/admin'),(485,'node/150','content/are-you-riddled-with-pain'),(487,'node/151','content/do-may-have-more-severe-issues'),(423,'node/152','content/rheumatoid-arthritis-ra-0'),(510,'node/153','content/are-you-literally-wearing-out-your-bodyfree-article'),(509,'node/154','content/do-you-really-have-arthitisfree-article'),(486,'node/155','content/a-remedy-without-the-damaging-drugs'),(420,'node/156','content/what-psoriatic-arthritis'),(488,'node/157','content/gout-–-what-it-really-is…'),(491,'node/159','content/you-–-and-21-million-others'),(493,'node/160','content/do-you-have-this-disease'),(427,'node/161','content/treatments-arthritis'),(496,'node/162','content/age-concerns-and-your-disease'),(498,'node/163','content/the-‘true’-arthritis-wonder-cure'),(492,'node/164','content/easing-the-pain-naturally'),(494,'node/165','content/exercise-–-yes-or-no'),(495,'node/166','content/race-and-arthritis-how-it-affects-you…'),(497,'node/167','content/crucial-data-about-arthritis'),(499,'node/168','content/which-medicines-will-help…'),(500,'node/169','content/over-100-possible-symptoms'),(502,'node/170','content/before-you-exercise-–-read-this…'),(504,'node/171','content/arthritis-–-do-you-have-it'),(501,'node/172','content/do-you-need-surgery'),(503,'node/173','content/joint-pain-–-simply-explained'),(505,'node/174','content/faq-–-your-questions-answered'),(521,'node/183','content/joint-pain-comfort-membership'),(402,'node/177','content/about'),(457,'node/186','content/another-forum-topic'),(480,'node/187','content/cart-redirection'),(456,'node/185','content/thanks-warm-welcome'),(520,'user/168','users/jonp'),(482,'node/188','content/test-topic'),(511,'node/158','content/acid-crystals-which-cause-you-painfree-article'),(591,'node/184','content/urgent-news'),(512,'user/163','users/gaynorjm'),(513,'user/164','users/finnacorelli'),(515,'node/189','redirectpage'),(517,'user/165','users/tigerclaw'),(518,'user/166','users/slick'),(529,'user/176','users/test'),(530,'user/177','users/esteban'),(531,'user/178','users/esmith2'),(532,'user/179','users/ardellaw1941'),(533,'user/180','users/martin'),(534,'user/181','users/claireaux'),(535,'user/182','users/pjboy'),(536,'user/183','users/yourgift'),(537,'user/184','users/farialou'),(538,'user/185','users/j-brown'),(539,'user/186','users/chechessee'),(540,'user/187','users/starchildcats'),(541,'user/188','users/jimjeffries'),(542,'user/189','users/rich3211hotmailcom'),(543,'user/190','users/katyjoy'),(548,'user/191','users/nalini'),(558,'user/192','users/nathan59'),(559,'user/193','users/joanie220'),(560,'user/194','users/sasha'),(561,'user/195','users/cccoffee'),(562,'user/196','users/oldtex'),(563,'user/197','users/linkin'),(564,'user/198','users/sal-musa'),(565,'user/199','users/tnewton4'),(566,'user/200','users/jghallam'),(567,'user/201','users/dbillstein'),(568,'user/202','users/jackreb2000'),(569,'user/203','users/papeters50'),(570,'user/204','users/andieleigh'),(571,'user/205','users/chuxder'),(572,'user/206','users/earnestine'),(573,'user/207','users/jenr316'),(574,'user/208','users/abell1'),(575,'user/209','users/mai-howells'),(576,'user/210','users/frannie'),(577,'user/211','users/nelson07'),(578,'user/212','users/dad4u47yahoocom'),(579,'user/213','users/cpmatharu'),(580,'user/214','users/oceanlady999'),(581,'user/215','users/tepeck'),(582,'user/216','users/rlsmith'),(583,'user/217','users/stanjudymarks'),(584,'user/218','users/joan-simon'),(585,'user/219','users/volfandaw'),(586,'user/220','users/rondastclare'),(587,'user/221','users/jlgoodeearthlinknet'),(588,'user/222','users/kathysiebers'),(589,'user/223','users/graysy'),(590,'user/224','users/rafael101980'),(592,'user/225','users/rebecca-l-nichols'),(593,'user/226','users/maselinotui'),(594,'user/227','users/dsldude51'),(595,'user/228','users/ncmom02'),(596,'user/229','users/george-rice'),(597,'user/230','users/carolb'),(598,'user/231','users/atir'),(599,'user/232','users/carol707'),(600,'user/233','users/nancyboepple');

--
-- Table structure for table `url_alias_extra`
--

CREATE TABLE `url_alias_extra` (
  `pid` int(10) unsigned NOT NULL default '0',
  `dst` varchar(128) NOT NULL default '',
  `entity_type` varchar(20) default NULL,
  `entity_id` int(10) unsigned default NULL,
  `created_by` varchar(20) default NULL,
  PRIMARY KEY  (`pid`),
  UNIQUE KEY `dst` (`dst`)
) ENGINE=MyISAM DEFAULT CHARSET=utf8;

--
-- Dumping data for table `url_alias_extra`
--



--
-- Table structure for table `user_import`
--

CREATE TABLE `user_import` (
  `import_id` int(10) unsigned NOT NULL auto_increment,
  `name` varchar(25) NOT NULL default '',
  `filename` varchar(50) NOT NULL default '',
  `oldfilename` varchar(50) NOT NULL default '',
  `filepath` tinytext NOT NULL,
  `started` int(11) NOT NULL default '0',
  `pointer` int(10) NOT NULL default '0',
  `processed` int(10) NOT NULL default '0',
  `valid` int(10) NOT NULL default '0',
  `first_line_skip` int(1) NOT NULL default '0',
  `contact` int(1) NOT NULL default '0',
  `username_space` int(1) NOT NULL default '0',
  `send_email` int(1) NOT NULL default '0',
  `field_match` longtext NOT NULL,
  `roles` varchar(255) NOT NULL default '',
  `options` longtext NOT NULL,
  `setting` varchar(10) NOT NULL default '',
  PRIMARY KEY  (`import_id`)
) ENGINE=MyISAM DEFAULT CHARSET=utf8;

--
-- Dumping data for table `user_import`
--


INSERT INTO `user_import` VALUES (3,'','memberfinal-noheader.csv','memberfinal-noheader.csv','sites/default/files/memberfinal-noheader.csv',1204665768,10148,128,126,0,1,0,0,'a:10:{i:0;a:3:{s:11:\"field_match\";s:1:\"0\";s:8:\"username\";s:1:\"0\";s:10:\"abbreviate\";i:0;}i:1;a:3:{s:11:\"field_match\";s:1:\"0\";s:8:\"username\";s:1:\"0\";s:10:\"abbreviate\";i:0;}i:2;a:3:{s:11:\"field_match\";s:1:\"0\";s:8:\"username\";s:1:\"0\";s:10:\"abbreviate\";i:0;}i:3;a:3:{s:11:\"field_match\";s:5:\"email\";s:8:\"username\";s:1:\"0\";s:10:\"abbreviate\";i:0;}i:4;a:3:{s:11:\"field_match\";s:1:\"1\";s:8:\"username\";s:1:\"1\";s:10:\"abbreviate\";i:0;}i:5;a:3:{s:11:\"field_match\";s:8:\"password\";s:8:\"username\";s:1:\"0\";s:10:\"abbreviate\";i:0;}i:6;a:3:{s:11:\"field_match\";s:1:\"0\";s:8:\"username\";s:1:\"0\";s:10:\"abbreviate\";i:0;}i:7;a:3:{s:11:\"field_match\";s:1:\"0\";s:8:\"username\";s:1:\"0\";s:10:\"abbreviate\";i:0;}i:8;a:3:{s:11:\"field_match\";s:1:\"0\";s:8:\"username\";s:1:\"0\";s:10:\"abbreviate\";i:0;}i:9;a:3:{s:11:\"field_match\";s:1:\"0\";s:8:\"username\";s:1:\"0\";s:10:\"abbreviate\";i:0;}}','a:2:{i:1;i:1;i:3;i:0;}','a:12:{s:6:\"groups\";N;s:21:\"existing_og_subscribe\";N;s:19:\"existing_og_subject\";N;s:18:\"existing_og_markup\";N;s:19:\"existing_og_message\";N;s:15:\"existing_og_css\";N;s:7:\"subject\";s:0:\"\";s:7:\"message\";s:0:\"\";s:14:\"message_format\";s:1:\"0\";s:11:\"message_css\";s:0:\"\";s:8:\"activate\";i:0;s:10:\"subscribed\";N;}','imported');

--
-- Table structure for table `user_import_errors`
--

CREATE TABLE `user_import_errors` (
  `import_id` int(10) NOT NULL default '0',
  `data` longtext NOT NULL,
  `error` varchar(25) NOT NULL default '',
  KEY `import_id` (`import_id`)
) ENGINE=MyISAM DEFAULT CHARSET=utf8;

--
-- Dumping data for table `user_import_errors`
--


INSERT INTO `user_import_errors` VALUES (3,'a:2:{i:1;s:8:\"Jonathan\";s:5:\"email\";s:15:\"jpage01@mac.com\";}','duplicate email'),(3,'a:2:{i:1;s:11:\"MWilliamson\";s:5:\"email\";s:25:\"warchestbuilder@gmail.com\";}','duplicate email'),(3,'a:2:{i:1;s:8:\"Jonathan\";s:5:\"email\";s:15:\"jpage01@mac.com\";}','duplicate email'),(3,'a:2:{i:1;s:11:\"MWilliamson\";s:5:\"email\";s:25:\"warchestbuilder@gmail.com\";}','duplicate email');

--
-- Table structure for table `users`
--

CREATE TABLE `users` (
  `uid` int(10) unsigned NOT NULL default '0',
  `name` varchar(60) NOT NULL default '',
  `pass` varchar(32) NOT NULL default '',
  `mail` varchar(64) default '',
  `mode` tinyint(4) NOT NULL default '0',
  `sort` tinyint(4) default '0',
  `threshold` tinyint(4) default '0',
  `theme` varchar(255) NOT NULL default '',
  `signature` varchar(255) NOT NULL default '',
  `created` int(11) NOT NULL default '0',
  `access` int(11) NOT NULL default '0',
  `login` int(11) NOT NULL default '0',
  `status` tinyint(4) NOT NULL default '0',
  `timezone` varchar(8) default NULL,
  `language` varchar(12) NOT NULL default '',
  `picture` varchar(255) NOT NULL default '',
  `init` varchar(64) default '',
  `data` longtext,
  PRIMARY KEY  (`uid`),
  UNIQUE KEY `name` (`name`),
  KEY `created` (`created`),
  KEY `access` (`access`)
) ENGINE=MyISAM DEFAULT CHARSET=utf8;

--
-- Dumping data for table `users`
--


INSERT INTO `users` VALUES (1,'admin','0e698a8ffc1a0af622c7b4db3cb750cc','warchestbuilder@gmail.com',0,0,0,'','',1204554442,1217935915,1217935619,1,'0','','','sudheer.s@binaryvibes.co.in','a:3:{s:7:\"contact\";i:1;s:24:\"comment_notify_mailalert\";i:0;s:11:\"remember_me\";b:0;}'),(168,'Jonp','0e698a8ffc1a0af622c7b4db3cb750cc','jpage01@mac.com',0,0,0,'','',1215114241,1215114299,1215114241,1,NULL,'','','jpage01@mac.com','a:2:{s:7:\"contact\";i:1;s:11:\"remember_me\";b:0;}'),(180,'Martin','6195948cf85194c94e8eaaa4d0fc10f1','MJaeschke25@aol.com',0,0,0,'','',1215480998,1215481504,0,1,NULL,'','','MJaeschke25@aol.com','a:1:{s:7:\"contact\";i:1;}'),(163,'Gaynor.jm','0ca9deeede136f61f21d948aee4634c7','Gaynor.jm@Blueyonder.co.uk',0,0,0,'','',1214852201,1214909559,1214890441,1,NULL,'','','Gaynor.jm@Blueyonder.co.uk','a:8:{s:7:\"contact\";i:1;s:24:\"comment_notify_mailalert\";i:1;s:8:\"new_role\";i:0;s:12:\"new_role_add\";s:1:\"5\";s:16:\"new_role_add_qty\";s:0:\"\";s:24:\"new_role_add_granularity\";s:3:\"day\";s:14:\"tinymce_status\";s:5:\"false\";s:11:\"remember_me\";b:0;}'),(164,'finnacorelli','dbf2fe4b055d7ab20424105b6b9e0ca3','finnacorelli@yahoo.com.au',0,0,0,'','',1214994175,1215002887,1215001130,1,NULL,'','','finnacorelli@yahoo.com.au','a:2:{s:7:\"contact\";i:1;s:11:\"remember_me\";b:1;}'),(165,'tigerclaw','5c03287eed7a70005a8c96cfc499dece','stevetolnai@rogers.com',0,0,0,'','',1215016874,1215017141,0,1,NULL,'','','stevetolnai@rogers.com','a:1:{s:7:\"contact\";i:1;}'),(166,'slick','b4559e739e1cc5da166a4dfcdf69ea9c','ls0007@hotmail.com',0,0,0,'','',1215111807,1215112502,1215112167,1,NULL,'','','ls0007@hotmail.com','a:2:{s:7:\"contact\";i:1;s:11:\"remember_me\";b:1;}'),(176,'test','81dc9bdb52d04dc20036dbd8313ed055','aaa@hot.com',0,0,0,'','',1215195107,1215195209,1215195200,1,NULL,'','','aaa@hot.com','a:8:{s:7:\"contact\";i:1;s:24:\"comment_notify_mailalert\";i:1;s:15:\"role_5_polarity\";s:3:\"add\";s:10:\"role_5_qty\";s:0:\"\";s:18:\"role_5_granularity\";s:3:\"day\";s:17:\"role_5_expiration\";s:10:\"1972577507\";s:14:\"tinymce_status\";s:5:\"false\";s:11:\"remember_me\";b:0;}'),(177,'esteban','69ba109c895658f4c0f163c5fd8c4898','estebansalsano@gmail.com',0,0,0,'','',1215195348,1215195402,1215195349,1,NULL,'','','estebansalsano@gmail.com','a:2:{s:7:\"contact\";i:1;s:11:\"remember_me\";b:0;}'),(178,'esmith2','f97f9f3ea27c1756b9ceb1667fc3d17f','esmith2@bellsouth.net',0,0,0,'','',1215315754,1215453841,1215453540,1,NULL,'','','esmith2@bellsouth.net','a:2:{s:7:\"contact\";i:1;s:11:\"remember_me\";b:0;}'),(179,'ardellaw1941','b0fe97cbc58ab891bea9938dadd472e8','ardellaw1941@gmail.com',0,0,0,'','',1215373432,1215373707,0,1,NULL,'','','ardellaw1941@gmail.com','a:1:{s:7:\"contact\";i:1;}'),(0,'','','',0,0,0,'','',0,0,0,0,NULL,'','','',NULL),(181,'claireaux','96ac07d34adcc400c17785ab021721a9','claireauxd@aol.com',0,0,0,'','',1215533524,1215534605,0,1,NULL,'','','claireauxd@aol.com','a:1:{s:7:\"contact\";i:1;}'),(182,'pjboy','2b8d6bf2f2bca240f396a254408cf12c','mattzhouse2@comcast.net',0,0,0,'','',1215627387,1215627647,0,1,NULL,'','','mattzhouse2@comcast.net','a:1:{s:7:\"contact\";i:1;}'),(183,'yourgift','abdf882c25e08d9ba219fe33f17591fe','frank_hart@hotmail.com',0,0,0,'','',1215635009,1215635295,0,1,NULL,'','','frank_hart@hotmail.com','a:1:{s:7:\"contact\";i:1;}'),(184,'farialou','f3e4d0559ee49923afc281c4f88f9df0','fariafcp@hotmail.com',0,0,0,'','',1215689629,1215689901,0,1,NULL,'','','fariafcp@hotmail.com','a:1:{s:7:\"contact\";i:1;}'),(185,'j brown','e17972728f66af480ac8bc519401d773','fast2last@aol.com',0,0,0,'','',1215712584,1215713960,1215712731,1,NULL,'','','fast2last@aol.com','a:2:{s:7:\"contact\";i:1;s:11:\"remember_me\";b:0;}'),(186,'chechessee','4c39e90d6a5c38a3f8a9b1f05840f240','pterry@gmail.com',0,0,0,'','',1215787838,0,0,1,NULL,'','','pterry@gmail.com','a:1:{s:7:\"contact\";i:1;}'),(187,'starchildcats','18a7763dbf76f40177acbfda65e84214','thiodine@bigpond.net.au',0,0,0,'','',1215844050,1215844440,0,1,NULL,'','','thiodine@bigpond.net.au','a:2:{s:7:\"contact\";i:1;s:24:\"comment_notify_mailalert\";i:1;}'),(188,'jimjeffries','47611ffaec374085439325cafa3ec9d0','jeffriesinfo@cox.net',0,0,0,'','',1215900655,1215901753,1215901074,1,NULL,'','','jeffriesinfo@cox.net','a:2:{s:7:\"contact\";i:1;s:11:\"remember_me\";b:1;}'),(189,'rich3211@hotmail.com','d92ee55d9f2bb7e3ccf91f7aee74dd54','rich3211@hotmail.com',0,0,0,'','',1216052097,1216052177,0,1,NULL,'','','rich3211@hotmail.com','a:1:{s:7:\"contact\";i:1;}'),(190,'katyjoy','6290193e1478d6dac2c30913dafaf945','kj.hall@ukonline.co.uk',0,0,0,'','THIS IS \r\n',1216060230,1216541779,1216541113,1,NULL,'','','kj.hall@ukonline.co.uk','a:3:{s:7:\"contact\";i:1;s:11:\"remember_me\";b:0;s:24:\"comment_notify_mailalert\";i:1;}'),(191,'Nalini','e89baaa3a63d20a10f65eff0d4ff77fd','nalini.patel@hotmail.co.uk',0,0,0,'','',1216159176,1216159375,0,1,NULL,'','','nalini.patel@hotmail.co.uk','a:1:{s:7:\"contact\";i:1;}'),(192,'Nathan59','113689fc1bcabce95e238f7c80729ff0','tepi10@yahoo.com',0,0,0,'','',1216178070,1216178133,0,1,NULL,'','','tepi10@yahoo.com','a:1:{s:7:\"contact\";i:1;}'),(193,'joanie220','500b7aa862bdd6aade5e4bbc9f937c56','joanie220@bellsouth.net',0,0,0,'','',1216232781,1216506605,1216505800,1,NULL,'','','joanie220@bellsouth.net','a:2:{s:7:\"contact\";i:1;s:11:\"remember_me\";b:1;}'),(194,'Sasha','647431b5ca55b04fdf3c2fce31ef1915','gardosh@hotmail.com',0,0,0,'','',1216271958,1216272073,0,1,NULL,'','','gardosh@hotmail.com','a:1:{s:7:\"contact\";i:1;}'),(195,'CCCoffee','bd15780b8deaf51de935e9df08b51225','thrive@candiscoffee.com',0,0,0,'','',1216306253,1216308216,1216306339,1,NULL,'','','thrive@candiscoffee.com','a:2:{s:7:\"contact\";i:1;s:11:\"remember_me\";b:1;}'),(196,'oldtex','8b86eb86457b0b9670dc947440847558','town_countrytowing@hotmail.com',0,0,0,'','',1216371476,1216556748,1216554990,1,NULL,'','','town_countrytowing@hotmail.com','a:2:{s:7:\"contact\";i:1;s:11:\"remember_me\";b:1;}'),(197,'linkin','e10adc3949ba59abbe56e057f20f883e','selee@arrow.com',0,0,0,'','',1216497426,1216497587,0,1,NULL,'','','selee@arrow.com','a:1:{s:7:\"contact\";i:1;}'),(198,'sal musa','c90d65d8442cdf27c56406e484d4c572','salmusa@live.co.uk',0,0,0,'','',1216498302,1216553873,1216553824,1,NULL,'','','salmusa@live.co.uk','a:2:{s:7:\"contact\";i:1;s:11:\"remember_me\";b:0;}'),(199,'tnewton4','0191b024d45c6c128fa45e5bf736d9cc','tnewton4@cogeco.ca',0,0,0,'','Jill',1216603936,1216613486,1216612251,1,NULL,'','','tnewton4@cogeco.ca','a:2:{s:7:\"contact\";i:1;s:24:\"comment_notify_mailalert\";i:1;}'),(200,'jghallam','cfec644f5fe32613ff830ba2dcc4e538','jghallam7@bigpond.com',0,0,0,'','',1216636228,1216638732,1216636560,1,NULL,'','','jghallam7@bigpond.com','a:2:{s:7:\"contact\";i:1;s:11:\"remember_me\";b:1;}'),(201,'dbillstein','4f2757c3476046173a377330098d4193','dbillstein@hotmail.com',0,0,0,'','',1216639880,0,0,1,NULL,'','','dbillstein@hotmail.com','a:1:{s:7:\"contact\";i:1;}'),(202,'jackreb2000','791d2dd268421f43f5250cdf5fea7833','jackreb2000@yahoo.com',0,0,0,'','',1216659122,1216734469,1216732774,1,NULL,'','','jackreb2000@yahoo.com','a:2:{s:7:\"contact\";i:1;s:11:\"remember_me\";b:0;}'),(203,'papeters50','186924cd72abe8ce8ddd17e35e267a77','papeters50@hotmail.com',0,0,0,'','',1216677268,1216677384,1216677326,1,NULL,'','','papeters50@hotmail.com','a:2:{s:7:\"contact\";i:1;s:11:\"remember_me\";b:1;}'),(204,'andieleigh','b3c677b4e01d2b6c955b3e9754a37d2c','abridges14@tampabay.rr.com',0,0,0,'','',1216683932,1216684311,1216684261,1,NULL,'','','abridges14@tampabay.rr.com','a:2:{s:7:\"contact\";i:1;s:11:\"remember_me\";b:1;}'),(205,'chuxder','11b45574864021151e6f060286510301','chuxder@yahoo.com',0,0,0,'','',1216692301,0,0,1,NULL,'','','chuxder@yahoo.com','a:1:{s:7:\"contact\";i:1;}'),(206,'Earnestine','30b2a251a294d08a216a81ac3f269f16','edrennon@sbcglobal.net',0,0,0,'','',1216698149,1216862793,1216698470,1,NULL,'','','edrennon@sbcglobal.net','a:2:{s:7:\"contact\";i:1;s:11:\"remember_me\";b:1;}'),(207,'jenr316','0716c47470567f4930fec0ef9af1efa3','jensnewmail@yahoo.com',0,0,0,'','',1216698341,1218079294,1218079075,1,NULL,'','','jensnewmail@yahoo.com','a:2:{s:7:\"contact\";i:1;s:11:\"remember_me\";b:1;}'),(208,'abell1','0a1887f215af5700a1cdded4f459ed34','abell1@rcn.com',0,0,0,'','',1216726446,0,0,1,NULL,'','','abell1@rcn.com','a:1:{s:7:\"contact\";i:1;}'),(209,'Mai Howells','1439e7d11d00e4e105743192da9c0212','mai@lonhowell.wanadoo.co.uk',0,0,0,'','',1216749298,1216991823,1216749388,1,NULL,'','','mai@lonhowell.wanadoo.co.uk','a:2:{s:7:\"contact\";i:1;s:11:\"remember_me\";b:1;}'),(210,'frannie','9599a092e9511944f02a80ea727bb4d5','theresahanner@yahoo.com',0,0,0,'','',1216754541,1216754713,0,1,NULL,'','','theresahanner@yahoo.com','a:1:{s:7:\"contact\";i:1;}'),(211,'nelson07','bc700ffd1707e50b102975fea3515f06','nelson07@shaw.ca',0,0,0,'','',1216779406,1217196700,1217022415,1,NULL,'','','nelson07@shaw.ca','a:2:{s:7:\"contact\";i:1;s:11:\"remember_me\";b:1;}'),(212,'dad4u47@yahoo.com','a6b0d428cb67dabe09331a620f20771b','dad4u47@yahoo.com',0,0,0,'','',1216780759,1216780967,1216780906,1,NULL,'','','dad4u47@yahoo.com','a:2:{s:7:\"contact\";i:1;s:11:\"remember_me\";b:1;}'),(213,'cpmatharu','2b78c87bab0d4c1952968c39af616aac','cpmatharu@gmail.com',0,0,0,'','',1216882967,1216935641,1216935457,1,NULL,'','','cpmatharu@gmail.com','a:2:{s:7:\"contact\";i:1;s:11:\"remember_me\";b:1;}'),(214,'oceanlady999','c7667a24f184456edd5d6916a877f585','oceanlady@comcast.net',0,0,0,'','',1216954027,1216955514,1216954155,1,NULL,'','','oceanlady@comcast.net','a:2:{s:7:\"contact\";i:1;s:11:\"remember_me\";b:1;}'),(215,'tepeck','19852c5a3a835637102e730cf4fb8d52','tepeck@tpg.com.au',0,0,0,'','',1216965580,1217665060,1217664407,1,NULL,'','','tepeck@tpg.com.au','a:2:{s:7:\"contact\";i:1;s:11:\"remember_me\";b:0;}'),(216,'rlsmith','ae5b6b7e8fbe39c9cf0bbf466a148030','rlsmith@xplornet.com',0,0,0,'','',1216993626,1217709362,1217706842,1,NULL,'','','rlsmith@xplornet.com','a:2:{s:7:\"contact\";i:1;s:11:\"remember_me\";b:1;}'),(217,'stanjudymarks','844010178db80fcb2773f6b365d93248','stanjudymarks@yahoo.com',0,0,0,'','',1216994922,0,0,1,NULL,'','','stanjudymarks@yahoo.com','a:1:{s:7:\"contact\";i:1;}'),(218,'Joan Simon','658379e44a0a6f18658023a3e3c75592','j.simon@menfa.org.uk',0,0,0,'','',1217069931,0,0,1,NULL,'','','j.simon@menfa.org.uk','a:1:{s:7:\"contact\";i:1;}'),(219,'volfandaw','a1e39be2065754e0b6633ad91088224d','volfandaw@yahoo.com',0,0,0,'','',1217077040,1217077149,0,1,NULL,'','','volfandaw@yahoo.com','a:1:{s:7:\"contact\";i:1;}'),(220,'rondastclare','a46c5a1e06446875313ad70f11c5b7a6','rondastclare@yahoo.com',0,0,0,'','',1217077633,0,0,1,NULL,'','','rondastclare@yahoo.com','a:1:{s:7:\"contact\";i:1;}'),(221,'jlgoode@earthlink.net','c9e2c07cc9efdd3e7b1831d25e9197cb','jlgoode@earthlink.net',0,0,0,'','',1217085808,1217111106,1217110285,1,NULL,'','','jlgoode@earthlink.net','a:2:{s:7:\"contact\";i:1;s:11:\"remember_me\";b:0;}'),(222,'kathysiebers','c70ee0f840f0482e5b627cb2a22210a4','kathysiebers@comcast.net',0,0,0,'','',1217178892,1217952972,1217952341,1,NULL,'','','kathysiebers@comcast.net','a:2:{s:7:\"contact\";i:1;s:11:\"remember_me\";b:1;}'),(223,'Graysy','b36d331451a61eb2d76860e00c347396','cableco@waitrose.com',0,0,0,'','',1217184888,1217184938,0,1,NULL,'','','cableco@waitrose.com','a:1:{s:7:\"contact\";i:1;}'),(224,'rafael101980','47d8ca975ae68cf65e9206ca555f3264','rafael101980@hotmail.com',0,0,0,'','',1217201174,1217201386,1217201277,1,NULL,'','','rafael101980@hotmail.com','a:2:{s:7:\"contact\";i:1;s:11:\"remember_me\";b:0;}'),(225,'Rebecca L Nichols','751f7dbdc99a3ac3b35ffbebc620e114','arctibec@hotmail.com',0,0,0,'','',1217356892,1217357566,1217357537,1,NULL,'','','arctibec@hotmail.com','a:2:{s:7:\"contact\";i:1;s:11:\"remember_me\";b:0;}'),(226,'MaselinoTui','a812d10017c174dec089a16aa36b65e3','asomau@hotmail.com',0,0,0,'','',1217381978,1217382791,0,1,NULL,'','','asomau@hotmail.com','a:1:{s:7:\"contact\";i:1;}'),(227,'dsldude51','29734e5a881894bfbff52a8108d93312','dsldude51@yahoo.com',0,0,0,'','',1217391183,0,0,1,NULL,'','','dsldude51@yahoo.com','a:1:{s:7:\"contact\";i:1;}'),(228,'ncmom02','aca10654871be5625f87d5f4e53f3b82','ldelgreco@nc.rr.com',0,0,0,'','',1217420075,1217422734,0,1,NULL,'','','ldelgreco@nc.rr.com','a:1:{s:7:\"contact\";i:1;}'),(229,'george rice','fe3644b1d6e44e8e8c8d207ebfdde4e8','george_rice_@hotmail.com',0,0,0,'','',1217457096,1217457254,0,1,NULL,'','','george_rice_@hotmail.com','a:1:{s:7:\"contact\";i:1;}'),(230,'carolb','614c8d9348cea79337d7adffbde8017c','Busbuster@aol.com',0,0,0,'','',1217531787,1217531958,0,1,NULL,'','','Busbuster@aol.com','a:1:{s:7:\"contact\";i:1;}'),(231,'atir','6552508972644129c83b7f4a5c8eb88f','ritarios51@aol.com',0,0,0,'','',1217596596,1217597172,0,1,NULL,'','','ritarios51@aol.com','a:1:{s:7:\"contact\";i:1;}'),(232,'Carol707','bba1f1ea39dc80bc9a8bcbc0c31ba141','carol_707@yahoo.com',0,0,0,'','',1217602548,1217602643,0,1,NULL,'','','carol_707@yahoo.com','a:1:{s:7:\"contact\";i:1;}'),(233,'NancyBoepple','a9c32511c1ebe6063feeb2d2618e2498','CyberNan2@comcast.net',0,0,0,'','',1217975710,1217975928,0,1,NULL,'','','CyberNan2@comcast.net','a:1:{s:7:\"contact\";i:1;}');

--
-- Table structure for table `users_roles`
--

CREATE TABLE `users_roles` (
  `uid` int(10) unsigned NOT NULL default '0',
  `rid` int(10) unsigned NOT NULL default '0',
  PRIMARY KEY  (`uid`,`rid`)
) ENGINE=MyISAM DEFAULT CHARSET=utf8;

--
-- Dumping data for table `users_roles`
--


INSERT INTO `users_roles` VALUES (1,3),(1,5),(5,3),(7,3),(8,3),(37,3),(163,5),(164,5),(165,5),(166,5),(168,5),(176,5),(177,5),(178,5),(179,5),(180,5),(181,5),(182,5),(185,5),(186,5),(188,5),(190,5),(193,5),(195,5),(196,5),(198,5),(199,5),(200,5),(201,5),(202,5),(203,5),(205,5),(207,5),(208,5),(209,5),(211,5),(212,5),(213,5),(214,5),(215,5),(216,5),(217,5),(218,5),(220,5),(221,5),(222,5),(224,5),(227,5);

--
-- Table structure for table `users_state`
--

CREATE TABLE `users_state` (
  `uid` int(10) unsigned NOT NULL default '0',
  `machine` varchar(63) NOT NULL default '',
  `state` varchar(127) default NULL,
  PRIMARY KEY  (`uid`,`machine`)
) ENGINE=MyISAM DEFAULT CHARSET=utf8;

--
-- Dumping data for table `users_state`
--



--
-- Table structure for table `variable`
--

CREATE TABLE `variable` (
  `name` varchar(128) NOT NULL default '',
  `value` longtext NOT NULL,
  PRIMARY KEY  (`name`)
) ENGINE=MyISAM DEFAULT CHARSET=utf8;

--
-- Dumping data for table `variable`
--


INSERT INTO `variable` VALUES ('filter_html_1','s:1:\"1\";'),('node_options_forum','a:1:{i:0;s:6:\"status\";}'),('menu_primary_menu','s:1:\"2\";'),('menu_secondary_menu','s:1:\"2\";'),('install_profile','s:7:\"default\";'),('node_options_page','a:1:{i:0;s:6:\"status\";}'),('comment_page','s:1:\"0\";'),('forum_nav_vocabulary','i:1;'),('drupal_private_key','s:64:\"cd8f1ddd61683f2f5f6310b4a6f6b62862538f94ad225feb2580046d5a85e9c3\";'),('cron_last','i:1215119021;'),('file_directory_temp','s:4:\"/tmp\";'),('file_directory_path','s:5:\"files\";'),('file_downloads','s:1:\"1\";'),('forward_emailsubject','s:44:\"!name has forwarded a page to you from !site\";'),('pathauto_modulelist','a:5:{i:0;s:5:\"forum\";i:1;s:4:\"node\";i:2;s:8:\"taxonomy\";i:3;s:7:\"tracker\";i:4;s:4:\"user\";}'),('pathauto_taxonomy_supportsfeeds','s:6:\"0/feed\";'),('pathauto_taxonomy_pattern','s:34:\"category/[vocab-raw]/[catpath-raw]\";'),('pathauto_taxonomy_bulkupdate','b:0;'),('pathauto_taxonomy_applytofeeds','b:0;'),('pathauto_taxonomy_2_pattern','s:0:\"\";'),('pathauto_taxonomy_1_pattern','s:0:\"\";'),('pathauto_ignore_words','s:108:\"a,an,as,at,before,but,by,for,from,is,in,into,like,of,off,on,onto,per,since,than,the,this,that,to,up,via,with\";'),('pathauto_indexaliases','b:0;'),('pathauto_indexaliases_bulkupdate','b:0;'),('pathauto_max_component_length','s:3:\"100\";'),('pathauto_max_length','s:3:\"100\";'),('pathauto_node_bulkupdate','b:0;'),('pathauto_node_forum_pattern','s:0:\"\";'),('pathauto_node_image_pattern','s:0:\"\";'),('pathauto_node_page_pattern','s:0:\"\";'),('pathauto_node_pattern','s:19:\"content/[title-raw]\";'),('pathauto_node_story_pattern','s:0:\"\";'),('pathauto_punctuation_quotes','i:0;'),('pathauto_separator','s:1:\"-\";'),('pathauto_update_action','s:1:\"2\";'),('pathauto_user_bulkupdate','b:0;'),('pathauto_user_pattern','s:16:\"users/[user-raw]\";'),('pathauto_user_supportsfeeds','N;'),('pathauto_verbose','b:0;'),('pathauto_punctuation_hyphen','i:1;'),('update_status_last','i:1215194207;'),('video_resolution_1_name','s:7:\"750x520\";'),('video_resolution_1_value','s:7:\"750x520\";'),('video_resolution_2_name','s:7:\"640x480\";'),('video_resolution_2_value','s:7:\"640x480\";'),('clean_url','s:1:\"0\";'),('site_mail','s:25:\"info@jointpaincomfort.com\";'),('site_slogan','s:62:\"A Community To Give Comfort To Those Suffering From Joint Pain\";'),('site_mission','s:0:\"\";'),('anonymous','s:9:\"Anonymous\";'),('site_frontpage','s:4:\"home\";'),('date_default_timezone','s:6:\"-18000\";'),('configurable_timezones','s:1:\"0\";'),('date_format_short','s:12:\"m/d/Y - g:ia\";'),('date_format_medium','s:15:\"D, m/d/Y - g:ia\";'),('date_format_long','s:16:\"l, F j, Y - g:ia\";'),('date_first_day','s:1:\"0\";'),('theme_simplex2_settings','a:16:{s:11:\"toggle_logo\";i:1;s:11:\"toggle_name\";i:1;s:13:\"toggle_slogan\";i:0;s:14:\"toggle_mission\";i:0;s:24:\"toggle_node_user_picture\";i:0;s:27:\"toggle_comment_user_picture\";i:0;s:13:\"toggle_search\";i:1;s:14:\"toggle_favicon\";i:1;s:12:\"default_logo\";i:1;s:9:\"logo_path\";s:0:\"\";s:11:\"logo_upload\";s:0:\"\";s:15:\"default_favicon\";i:1;s:12:\"favicon_path\";s:0:\"\";s:14:\"favicon_upload\";s:0:\"\";s:2:\"op\";s:18:\"Save configuration\";s:10:\"form_token\";s:32:\"1cc3e88a8632fd164e67ea5c142f2292\";}'),('forum_containers','a:1:{i:0;i:12;}'),('forum_hot_topic','s:2:\"15\";'),('forum_per_page','s:2:\"50\";'),('forum_order','s:1:\"1\";'),('theme_newsflash_settings','a:39:{s:7:\"mission\";s:0:\"\";s:12:\"default_logo\";i:1;s:9:\"logo_path\";s:0:\"\";s:15:\"default_favicon\";i:1;s:12:\"favicon_path\";s:0:\"\";s:11:\"toggle_logo\";i:0;s:14:\"toggle_favicon\";i:1;s:11:\"toggle_name\";i:1;s:13:\"toggle_search\";i:1;s:13:\"toggle_slogan\";i:0;s:14:\"toggle_mission\";i:1;s:24:\"toggle_node_user_picture\";i:0;s:27:\"toggle_comment_user_picture\";i:0;s:22:\"toggle_node_info_forum\";i:1;s:20:\"toggle_node_info_faq\";i:1;s:22:\"toggle_node_info_image\";i:1;s:22:\"toggle_node_info_video\";i:1;s:21:\"toggle_node_info_page\";i:0;s:22:\"toggle_node_info_story\";i:1;s:11:\"logo_upload\";s:0:\"\";s:14:\"favicon_upload\";s:0:\"\";s:2:\"op\";s:18:\"Save configuration\";s:10:\"form_token\";s:32:\"2586f8151067834b2cc7f0d30dac3543\";s:15:\"newsflash_style\";i:0;s:15:\"newsflash_width\";i:0;s:20:\"newsflash_fixedwidth\";s:3:\"850\";s:20:\"newsflash_breadcrumb\";i:0;s:18:\"newsflash_iepngfix\";i:0;s:19:\"newsflash_themelogo\";i:0;s:20:\"newsflash_fontfamily\";i:0;s:20:\"newsflash_customfont\";s:0:\"\";s:25:\"newsflash_uselocalcontent\";i:0;s:26:\"newsflash_localcontentfile\";s:0:\"\";s:26:\"newsflash_leftsidebarwidth\";s:3:\"210\";s:27:\"newsflash_rightsidebarwidth\";s:3:\"210\";s:20:\"newsflash_suckerfish\";i:0;s:27:\"newsflash_usecustomlogosize\";i:0;s:19:\"newsflash_logowidth\";s:3:\"100\";s:20:\"newsflash_logoheight\";s:3:\"100\";}'),('update_access_fixed','b:1;'),('content_schema_version','i:1003;'),('user_register','s:1:\"1\";'),('user_email_verification','i:0;'),('user_registration_help','s:0:\"\";'),('user_mail_welcome_subject','s:38:\"Account details for !username at !site\";'),('user_mail_welcome_body','s:187:\"!username,\r\n\r\nThank you for registering at !site. You may now log in to !login_uri using the following username and password:\r\n\r\nusername: !username\r\npassword: !password\r\n\r\n--  !site team\";'),('googleanalytics_track__user1','i:0;'),('googleanalytics_track_5','i:1;'),('googleanalytics_track_4','i:1;'),('user_mail_admin_subject','s:52:\"An administrator created an account for you at !site\";'),('user_mail_admin_body','s:213:\"!username,\r\n\r\nA site administrator at !site has created an account for you. You may now log in to !login_uri using the following username and password:\r\n\r\nusername: !username\r\npassword: !password\r\n\r\n--  !site team\";'),('user_mail_approval_subject','s:63:\"Account details for !username at !site (pending admin approval)\";'),('user_mail_approval_body','s:508:\"!username,\r\n\r\nThank you for registering at !site. Your application for an account is currently pending approval. Once it has been granted, you may log in to !login_uri using the following username and password:\r\n\r\nusername: !username\r\npassword: !password\r\n\r\nYou may also log in by clicking on this link or copying and pasting it in your browser:\r\n\r\n!login_url\r\n\r\nThis is a one-time login, so it can be used only once.\r\n\r\nAfter logging in, you may wish to change your password at !edit_uri\r\n\r\n\r\n--  !site team\";'),('user_mail_pass_subject','s:52:\"Replacement login information for !username at !site\";'),('user_mail_pass_body','s:419:\"!username,\r\n\r\nA request to reset the password for your account has been made at !site.\r\n\r\nYou may now log in to !uri_brief by clicking on this link or copying and pasting it in your browser:\r\n\r\n!login_url\r\n\r\nThis is a one-time login, so it can be used only once. It expires after one day and nothing will happen if it\'s not used.\r\n\r\nAfter logging in, you will be redirected to !edit_uri so you can change your password.\";'),('user_pictures','s:1:\"0\";'),('user_picture_path','s:8:\"pictures\";'),('user_picture_default','s:0:\"\";'),('user_picture_dimensions','s:5:\"85x85\";'),('user_picture_file_size','s:2:\"30\";'),('user_picture_guidelines','s:0:\"\";'),('node_options_articles','a:1:{i:0;s:6:\"status\";}'),('comment_articles','s:1:\"0\";'),('forward_display_articles','i:0;'),('upload_articles','s:1:\"1\";'),('node_options_video','a:1:{i:0;s:6:\"status\";}'),('comment_video','s:1:\"0\";'),('upload_video','s:1:\"1\";'),('forward_display_video','i:0;'),('upload_page','s:1:\"1\";'),('forward_display_page','i:0;'),('node_options_story','a:1:{i:0;s:6:\"status\";}'),('comment_story','s:1:\"2\";'),('upload_story','s:1:\"1\";'),('forward_display_story','i:0;'),('node_options_faq','a:1:{i:0;s:6:\"status\";}'),('comment_faq','s:1:\"0\";'),('upload_faq','s:1:\"1\";'),('forward_display_faq','i:0;'),('theme_sky_settings','a:16:{s:11:\"toggle_logo\";i:0;s:11:\"toggle_name\";i:1;s:13:\"toggle_slogan\";i:0;s:14:\"toggle_mission\";i:0;s:24:\"toggle_node_user_picture\";i:0;s:27:\"toggle_comment_user_picture\";i:0;s:13:\"toggle_search\";i:1;s:14:\"toggle_favicon\";i:0;s:12:\"default_logo\";i:1;s:9:\"logo_path\";s:0:\"\";s:11:\"logo_upload\";s:0:\"\";s:15:\"default_favicon\";i:1;s:12:\"favicon_path\";s:0:\"\";s:14:\"favicon_upload\";s:0:\"\";s:2:\"op\";s:18:\"Save configuration\";s:10:\"form_token\";s:32:\"b038d836bcaf74138c4174d61083e420\";}'),('theme_settings','a:24:{s:11:\"toggle_logo\";i:0;s:11:\"toggle_name\";i:1;s:13:\"toggle_slogan\";i:0;s:14:\"toggle_mission\";i:0;s:24:\"toggle_node_user_picture\";i:0;s:27:\"toggle_comment_user_picture\";i:0;s:13:\"toggle_search\";i:1;s:14:\"toggle_favicon\";i:1;s:25:\"toggle_node_info_articles\";i:0;s:20:\"toggle_node_info_faq\";i:0;s:22:\"toggle_node_info_forum\";i:1;s:22:\"toggle_node_info_image\";i:0;s:21:\"toggle_node_info_page\";i:0;s:24:\"toggle_node_info_product\";i:0;s:22:\"toggle_node_info_story\";i:1;s:22:\"toggle_node_info_video\";i:0;s:12:\"default_logo\";i:1;s:9:\"logo_path\";s:0:\"\";s:11:\"logo_upload\";s:0:\"\";s:15:\"default_favicon\";i:1;s:12:\"favicon_path\";s:0:\"\";s:14:\"favicon_upload\";s:0:\"\";s:2:\"op\";s:18:\"Save configuration\";s:10:\"form_token\";s:32:\"e5dce2f0d8ac141a6b8de8e5f4e620f5\";}'),('commentmover_node_forum','i:1;'),('commentmover_node_faq','i:0;'),('commentmover_node_image','i:0;'),('commentmover_node_video','i:0;'),('commentmover_node_articles','i:0;'),('commentmover_node_page','i:0;'),('commentmover_node_story','i:0;'),('commentmover_prune_forum','i:1;'),('commentmover_prune_faq','i:0;'),('commentmover_prune_image','i:0;'),('commentmover_prune_video','i:0;'),('commentmover_prune_articles','i:0;'),('commentmover_prune_page','i:0;'),('commentmover_prune_story','i:0;'),('commentmover_graft_forum','i:1;'),('commentmover_graft_faq','i:0;'),('commentmover_graft_image','i:0;'),('commentmover_graft_video','i:0;'),('commentmover_graft_articles','i:0;'),('commentmover_graft_page','i:0;'),('commentmover_graft_story','i:0;'),('commentmover_promotion_forum','i:0;'),('commentmover_promotion_faq','i:0;'),('commentmover_promotion_image','i:0;'),('commentmover_promotion_video','i:0;'),('commentmover_promotion_articles','i:0;'),('commentmover_promotion_page','i:0;'),('commentmover_promotion_story','i:0;'),('video_image_publish_thumbnail','i:0;'),('video_image_promote_thumbnail','i:1;'),('video_image_auto_thumbnail','i:0;'),('video_image_auto_thumbnail_debug','i:0;'),('video_default_video_type','s:1:\"0\";'),('video_displaydownloadmenutab','i:0;'),('video_displaydownloadlink','i:0;'),('video_displayplaytime','i:0;'),('video_displayfilesize','i:0;'),('video_resolution_width','s:7:\"640x480\";'),('video_resolution_4_name','s:0:\"\";'),('video_resolution_4_value','s:0:\"\";'),('video_playcounter','i:0;'),('video_downloadcounter','i:0;'),('video_flvplayerloader','s:14:\"FlowPlayer.swf\";'),('video_cortado','s:37:\"http://www.wcbmembers.com/cortado.jar\";'),('imce_settings_tinymce','i:1;'),('imce_settings_textarea','s:0:\"\";'),('imce_settings_rank','a:2:{i:0;s:1:\"3\";i:1;s:1:\"2\";}'),('imce_settings_user1','a:6:{s:5:\"width\";s:3:\"500\";s:6:\"height\";s:3:\"500\";s:6:\"twidth\";s:0:\"\";s:7:\"theight\";s:0:\"\";s:6:\"shared\";s:2:\"u1\";s:6:\"extras\";i:0;}'),('imce_settings_roles','a:2:{i:3;a:17:{s:6:\"delete\";i:1;s:6:\"upload\";i:1;s:7:\"nolimit\";i:0;s:5:\"width\";s:3:\"500\";s:6:\"height\";s:3:\"500\";s:5:\"scale\";i:0;s:6:\"twidth\";s:0:\"\";s:7:\"theight\";s:0:\"\";s:6:\"resize\";i:0;s:8:\"filesize\";s:3:\"100\";s:5:\"quota\";s:3:\"500\";s:6:\"prefix\";s:1:\"u\";s:6:\"shared\";s:0:\"\";s:6:\"subnav\";i:0;s:7:\"subdirs\";s:0:\"\";s:10:\"extensions\";s:0:\"\";s:6:\"extras\";i:0;}i:2;a:17:{s:6:\"delete\";i:1;s:6:\"upload\";i:1;s:7:\"nolimit\";i:0;s:5:\"width\";s:3:\"500\";s:6:\"height\";s:3:\"500\";s:5:\"scale\";i:1;s:6:\"twidth\";s:0:\"\";s:7:\"theight\";s:0:\"\";s:6:\"resize\";i:0;s:8:\"filesize\";s:3:\"100\";s:5:\"quota\";s:3:\"500\";s:6:\"prefix\";s:1:\"u\";s:6:\"shared\";s:0:\"\";s:6:\"subnav\";i:0;s:7:\"subdirs\";s:0:\"\";s:10:\"extensions\";s:0:\"\";s:6:\"extras\";i:0;}}'),('wipe','s:13:\"Re-index site\";'),('search_cron_limit','s:3:\"100\";'),('minimum_word_size','s:1:\"3\";'),('overlap_cjk','i:1;'),('node_rank_relevance','s:1:\"5\";'),('node_rank_recent','s:1:\"5\";'),('node_rank_comments','s:1:\"5\";'),('video_resolution_3_name','s:7:\"800x600\";'),('video_resolution_3_value','s:7:\"800x600\";'),('site_name','s:18:\"Joint Pain Comfort\";'),('site_footer','s:38:\"Copyright © 2008 jointpaincomfort.com\";'),('menu_parent_items','s:1:\"0\";'),('forward_emailmessage','s:70:\"!name thought you would like to see this page from the !site web site.\";'),('forward_postcardsubject','s:43:\"!name has sent you an e-postcard from !site\";'),('forward_postcardmessage','s:102:\"!name has sent you an e-postcard from the !site web site.  Please take a moment to visit our web site.\";'),('googleanalytics_track_1','i:1;'),('googleanalytics_track_2','i:1;'),('googleanalytics_track_3','i:1;'),('uc_address_format_840','s:102:\"!company\r\n!first_name !last_name\r\n!street1\r\n!street2\r\n!city, !zone_code !postal_code\r\n!country_name_if\";'),('uc_address_format_124','s:100:\"!company\r\n!first_name !last_name\r\n!street1\r\n!street2\r\n!city, !postal_code\r\n!zone_name, !country_name\";'),('nodeaccess_forum','a:5:{i:0;a:5:{s:3:\"gid\";i:1;s:5:\"realm\";s:14:\"nodeaccess_rid\";s:10:\"grant_view\";i:1;s:12:\"grant_update\";i:0;s:12:\"grant_delete\";i:0;}i:1;a:5:{s:3:\"gid\";i:2;s:5:\"realm\";s:14:\"nodeaccess_rid\";s:10:\"grant_view\";i:1;s:12:\"grant_update\";i:0;s:12:\"grant_delete\";i:0;}i:2;a:5:{s:3:\"gid\";i:5;s:5:\"realm\";s:14:\"nodeaccess_rid\";s:10:\"grant_view\";i:0;s:12:\"grant_update\";i:0;s:12:\"grant_delete\";i:0;}i:3;a:5:{s:3:\"gid\";i:4;s:5:\"realm\";s:14:\"nodeaccess_rid\";s:10:\"grant_view\";i:0;s:12:\"grant_update\";i:0;s:12:\"grant_delete\";i:0;}i:4;a:5:{s:3:\"gid\";i:3;s:5:\"realm\";s:14:\"nodeaccess_rid\";s:10:\"grant_view\";i:0;s:12:\"grant_update\";i:0;s:12:\"grant_delete\";i:0;}}'),('nodeaccess_faq','a:5:{i:0;a:5:{s:3:\"gid\";i:1;s:5:\"realm\";s:14:\"nodeaccess_rid\";s:10:\"grant_view\";i:1;s:12:\"grant_update\";i:0;s:12:\"grant_delete\";i:0;}i:1;a:5:{s:3:\"gid\";i:2;s:5:\"realm\";s:14:\"nodeaccess_rid\";s:10:\"grant_view\";i:1;s:12:\"grant_update\";i:0;s:12:\"grant_delete\";i:0;}i:2;a:5:{s:3:\"gid\";i:5;s:5:\"realm\";s:14:\"nodeaccess_rid\";s:10:\"grant_view\";i:0;s:12:\"grant_update\";i:0;s:12:\"grant_delete\";i:0;}i:3;a:5:{s:3:\"gid\";i:4;s:5:\"realm\";s:14:\"nodeaccess_rid\";s:10:\"grant_view\";i:0;s:12:\"grant_update\";i:0;s:12:\"grant_delete\";i:0;}i:4;a:5:{s:3:\"gid\";i:3;s:5:\"realm\";s:14:\"nodeaccess_rid\";s:10:\"grant_view\";i:0;s:12:\"grant_update\";i:0;s:12:\"grant_delete\";i:0;}}'),('node_options_product','a:1:{i:0;s:6:\"status\";}'),('comment_product','s:1:\"0\";'),('upload_product','s:1:\"1\";'),('forward_display_product','i:1;'),('uc_pg_paypal_wpp_enabled','i:1;'),('uc_paypal_wpp_currency','s:3:\"USD\";'),('uc_paypal_wpp_server','s:37:\"https://api-3t.sandbox.paypal.com/nvp\";'),('uc_paypal_wpp_payment_action','s:4:\"Sale\";'),('uc_paypal_ec_rqconfirmed_addr','i:0;'),('uc_paypal_ec_review_shipping','i:1;'),('uc_paypal_ec_review_company','i:1;'),('uc_paypal_ec_review_phone','i:1;'),('uc_paypal_ec_review_comment','i:1;'),('uc_paypal_api_username','s:31:\"qualifysolutions_api1.gmail.com\";'),('uc_paypal_api_password','s:16:\"9WMBZMGL5ZUXU53J\";'),('uc_paypal_api_signature','s:56:\"AKi8Bi4z7jbEUHfNIIOrE0SukC0zAqg7Mx5p1lQHfMsq4Rj18pDq0jNN\";'),('uc_payment_method_paypal_wps_checkout','i:1;'),('uc_payment_method_paypal_wps_weight','s:1:\"1\";'),('uc_payment_method_check_checkout','i:0;'),('uc_payment_method_check_weight','s:1:\"1\";'),('uc_payment_method_cod_checkout','i:0;'),('uc_payment_method_cod_weight','s:1:\"1\";'),('uc_payment_method_paypal_ec_checkout','i:0;'),('uc_payment_method_paypal_ec_weight','s:1:\"1\";'),('uc_payment_method_other_checkout','i:0;'),('uc_payment_method_other_weight','s:2:\"10\";'),('uc_paypal_wps_currency','s:3:\"USD\";'),('uc_paypal_wps_language','s:2:\"US\";'),('uc_paypal_wps_payment_action','s:4:\"Sale\";'),('uc_paypal_wps_checkout_button','s:12:\"Submit Order\";'),('uc_paypal_wbs_submit_method','s:6:\"single\";'),('uc_paypal_wps_no_shipping','s:1:\"1\";'),('uc_paypal_wps_address_override','i:1;'),('uc_paypal_wps_address_selection','s:7:\"billing\";'),('uc_paypal_wps_debug_ipn','i:0;'),('uc_check_mailing_company','s:0:\"\";'),('uc_check_mailing_name','s:0:\"\";'),('uc_check_mailing_street1','s:0:\"\";'),('uc_check_mailing_street2','s:0:\"\";'),('uc_check_mailing_city','s:0:\"\";'),('uc_check_mailing_country','s:1:\"0\";'),('uc_check_mailing_zone','s:0:\"\";'),('uc_check_mailing_postal_code','s:0:\"\";'),('uc_check_policy','s:121:\"Personal and business checks will be held for up to 10 business days to ensure payment clears before an order is shipped.\";'),('uc_cod_max_order','s:1:\"0\";'),('uc_cod_delivery_date','i:0;'),('nodeaccess_image','a:5:{i:0;a:5:{s:3:\"gid\";i:1;s:5:\"realm\";s:14:\"nodeaccess_rid\";s:10:\"grant_view\";i:1;s:12:\"grant_update\";i:0;s:12:\"grant_delete\";i:0;}i:1;a:5:{s:3:\"gid\";i:2;s:5:\"realm\";s:14:\"nodeaccess_rid\";s:10:\"grant_view\";i:1;s:12:\"grant_update\";i:0;s:12:\"grant_delete\";i:0;}i:2;a:5:{s:3:\"gid\";i:5;s:5:\"realm\";s:14:\"nodeaccess_rid\";s:10:\"grant_view\";i:0;s:12:\"grant_update\";i:0;s:12:\"grant_delete\";i:0;}i:3;a:5:{s:3:\"gid\";i:4;s:5:\"realm\";s:14:\"nodeaccess_rid\";s:10:\"grant_view\";i:0;s:12:\"grant_update\";i:0;s:12:\"grant_delete\";i:0;}i:4;a:5:{s:3:\"gid\";i:3;s:5:\"realm\";s:14:\"nodeaccess_rid\";s:10:\"grant_view\";i:0;s:12:\"grant_update\";i:0;s:12:\"grant_delete\";i:0;}}'),('nodeaccess_product','a:5:{i:0;a:5:{s:3:\"gid\";i:1;s:5:\"realm\";s:14:\"nodeaccess_rid\";s:10:\"grant_view\";i:1;s:12:\"grant_update\";i:0;s:12:\"grant_delete\";i:0;}i:1;a:5:{s:3:\"gid\";i:2;s:5:\"realm\";s:14:\"nodeaccess_rid\";s:10:\"grant_view\";i:1;s:12:\"grant_update\";i:0;s:12:\"grant_delete\";i:0;}i:2;a:5:{s:3:\"gid\";i:5;s:5:\"realm\";s:14:\"nodeaccess_rid\";s:10:\"grant_view\";i:0;s:12:\"grant_update\";i:0;s:12:\"grant_delete\";i:0;}i:3;a:5:{s:3:\"gid\";i:4;s:5:\"realm\";s:14:\"nodeaccess_rid\";s:10:\"grant_view\";i:0;s:12:\"grant_update\";i:0;s:12:\"grant_delete\";i:0;}i:4;a:5:{s:3:\"gid\";i:3;s:5:\"realm\";s:14:\"nodeaccess_rid\";s:10:\"grant_view\";i:0;s:12:\"grant_update\";i:0;s:12:\"grant_delete\";i:0;}}'),('nodeaccess_video','a:5:{i:0;a:5:{s:3:\"gid\";i:1;s:5:\"realm\";s:14:\"nodeaccess_rid\";s:10:\"grant_view\";i:1;s:12:\"grant_update\";i:0;s:12:\"grant_delete\";i:0;}i:1;a:5:{s:3:\"gid\";i:2;s:5:\"realm\";s:14:\"nodeaccess_rid\";s:10:\"grant_view\";i:1;s:12:\"grant_update\";i:0;s:12:\"grant_delete\";i:0;}i:2;a:5:{s:3:\"gid\";i:5;s:5:\"realm\";s:14:\"nodeaccess_rid\";s:10:\"grant_view\";i:0;s:12:\"grant_update\";i:0;s:12:\"grant_delete\";i:0;}i:3;a:5:{s:3:\"gid\";i:4;s:5:\"realm\";s:14:\"nodeaccess_rid\";s:10:\"grant_view\";i:0;s:12:\"grant_update\";i:0;s:12:\"grant_delete\";i:0;}i:4;a:5:{s:3:\"gid\";i:3;s:5:\"realm\";s:14:\"nodeaccess_rid\";s:10:\"grant_view\";i:0;s:12:\"grant_update\";i:0;s:12:\"grant_delete\";i:0;}}'),('nodeaccess_articles','a:5:{i:0;a:5:{s:3:\"gid\";i:1;s:5:\"realm\";s:14:\"nodeaccess_rid\";s:10:\"grant_view\";i:1;s:12:\"grant_update\";i:0;s:12:\"grant_delete\";i:0;}i:1;a:5:{s:3:\"gid\";i:2;s:5:\"realm\";s:14:\"nodeaccess_rid\";s:10:\"grant_view\";i:1;s:12:\"grant_update\";i:0;s:12:\"grant_delete\";i:0;}i:2;a:5:{s:3:\"gid\";i:5;s:5:\"realm\";s:14:\"nodeaccess_rid\";s:10:\"grant_view\";i:0;s:12:\"grant_update\";i:0;s:12:\"grant_delete\";i:0;}i:3;a:5:{s:3:\"gid\";i:4;s:5:\"realm\";s:14:\"nodeaccess_rid\";s:10:\"grant_view\";i:0;s:12:\"grant_update\";i:0;s:12:\"grant_delete\";i:0;}i:4;a:5:{s:3:\"gid\";i:3;s:5:\"realm\";s:14:\"nodeaccess_rid\";s:10:\"grant_view\";i:0;s:12:\"grant_update\";i:0;s:12:\"grant_delete\";i:0;}}'),('nodeaccess_page','a:5:{i:0;a:5:{s:3:\"gid\";i:1;s:5:\"realm\";s:14:\"nodeaccess_rid\";s:10:\"grant_view\";i:1;s:12:\"grant_update\";i:0;s:12:\"grant_delete\";i:0;}i:1;a:5:{s:3:\"gid\";i:2;s:5:\"realm\";s:14:\"nodeaccess_rid\";s:10:\"grant_view\";i:1;s:12:\"grant_update\";i:0;s:12:\"grant_delete\";i:0;}i:2;a:5:{s:3:\"gid\";i:5;s:5:\"realm\";s:14:\"nodeaccess_rid\";s:10:\"grant_view\";i:0;s:12:\"grant_update\";i:0;s:12:\"grant_delete\";i:0;}i:3;a:5:{s:3:\"gid\";i:4;s:5:\"realm\";s:14:\"nodeaccess_rid\";s:10:\"grant_view\";i:0;s:12:\"grant_update\";i:0;s:12:\"grant_delete\";i:0;}i:4;a:5:{s:3:\"gid\";i:3;s:5:\"realm\";s:14:\"nodeaccess_rid\";s:10:\"grant_view\";i:0;s:12:\"grant_update\";i:0;s:12:\"grant_delete\";i:0;}}'),('nodeaccess_story','a:5:{i:0;a:5:{s:3:\"gid\";i:1;s:5:\"realm\";s:14:\"nodeaccess_rid\";s:10:\"grant_view\";i:1;s:12:\"grant_update\";i:0;s:12:\"grant_delete\";i:0;}i:1;a:5:{s:3:\"gid\";i:2;s:5:\"realm\";s:14:\"nodeaccess_rid\";s:10:\"grant_view\";i:1;s:12:\"grant_update\";i:0;s:12:\"grant_delete\";i:0;}i:2;a:5:{s:3:\"gid\";i:5;s:5:\"realm\";s:14:\"nodeaccess_rid\";s:10:\"grant_view\";i:0;s:12:\"grant_update\";i:0;s:12:\"grant_delete\";i:0;}i:3;a:5:{s:3:\"gid\";i:4;s:5:\"realm\";s:14:\"nodeaccess_rid\";s:10:\"grant_view\";i:0;s:12:\"grant_update\";i:0;s:12:\"grant_delete\";i:0;}i:4;a:5:{s:3:\"gid\";i:3;s:5:\"realm\";s:14:\"nodeaccess_rid\";s:10:\"grant_view\";i:0;s:12:\"grant_update\";i:0;s:12:\"grant_delete\";i:0;}}'),('nodeaccess_authors','a:8:{s:5:\"forum\";a:3:{s:10:\"grant_view\";i:1;s:12:\"grant_update\";i:1;s:12:\"grant_delete\";i:1;}s:3:\"faq\";a:3:{s:10:\"grant_view\";i:1;s:12:\"grant_update\";i:1;s:12:\"grant_delete\";i:1;}s:5:\"image\";a:3:{s:10:\"grant_view\";i:1;s:12:\"grant_update\";i:1;s:12:\"grant_delete\";i:1;}s:7:\"product\";a:3:{s:10:\"grant_view\";i:1;s:12:\"grant_update\";i:1;s:12:\"grant_delete\";i:1;}s:5:\"video\";a:3:{s:10:\"grant_view\";i:1;s:12:\"grant_update\";i:1;s:12:\"grant_delete\";i:1;}s:8:\"articles\";a:3:{s:10:\"grant_view\";i:1;s:12:\"grant_update\";i:1;s:12:\"grant_delete\";i:1;}s:4:\"page\";a:3:{s:10:\"grant_view\";i:1;s:12:\"grant_update\";i:1;s:12:\"grant_delete\";i:1;}s:5:\"story\";a:3:{s:10:\"grant_view\";i:1;s:12:\"grant_update\";i:1;s:12:\"grant_delete\";i:1;}}'),('nodeaccess-priority','i:0;'),('nodeaccess-roles','a:5:{i:1;i:1;i:2;i:0;i:5;i:1;i:4;i:0;i:3;i:0;}'),('nodeaccess-types','a:8:{s:5:\"forum\";i:1;s:3:\"faq\";i:0;s:5:\"image\";i:0;s:7:\"product\";i:0;s:5:\"video\";i:1;s:8:\"articles\";i:1;s:4:\"page\";i:1;s:5:\"story\";i:1;}'),('state_machines','a:0:{}'),('googleanalytics_account','s:12:\"UA-4958697-1\";'),('googleanalytics_legacy_version','i:0;'),('uc_pane_cart_enabled','i:1;'),('uc_pane_cart_weight','s:1:\"1\";'),('uc_pane_customer_enabled','i:1;'),('uc_pane_customer_weight','s:1:\"2\";'),('uc_pane_delivery_enabled','i:0;'),('uc_pane_delivery_weight','s:1:\"3\";'),('uc_pane_billing_enabled','i:0;'),('uc_pane_billing_weight','s:1:\"4\";'),('uc_pane_payment_enabled','i:1;'),('uc_pane_payment_weight','s:1:\"6\";'),('uc_pane_comments_enabled','i:0;'),('uc_pane_comments_weight','s:1:\"7\";'),('uc_cart_email_validation','i:0;'),('uc_cart_new_account_name','i:1;'),('uc_cart_new_account_password','i:1;'),('uc_cart_new_account_details','s:125:\"<b>Optional.</b> New customers may supply custom account details.<br />We will create these for you if no values are entered.\";'),('uc_payment_show_order_total_preview','i:1;'),('uc_paypal_wps_email','s:26:\"qualifysolutions@gmail.com\";'),('uc_add_item_redirect','s:13:\"cart/checkout\";'),('uc_recurring_handler','s:12:\"uc_recurring\";'),('uc_recurring_payment_methods','a:5:{s:10:\"paypal_wps\";s:10:\"paypal_wps\";s:5:\"check\";i:0;s:3:\"cod\";i:0;s:9:\"paypal_ec\";i:0;s:5:\"other\";i:0;}'),('uc_recurring_checkout_process','i:1;'),('uc_recurring_checkout_fail','s:4:\"fail\";'),('uc_roles_default_order_status','s:9:\"completed\";'),('uc_roles_default_length','s:0:\"\";'),('uc_roles_default_granularity','s:5:\"never\";'),('uc_roles_default_role','s:1:\"5\";'),('uc_roles_default_role_choices','a:3:{i:5;i:5;i:4;i:0;i:3;i:0;}'),('uc_roles_default_show_expiration','i:0;'),('uc_roles_default_expiration_header','s:14:\"Expiring roles\";'),('uc_roles_default_expiration_title','s:10:\"!role_name\";'),('uc_roles_default_expiration_message','s:30:\"This role will expire on !date\";'),('uc_checkout_enabled','i:1;'),('uc_checkout_anonymous','i:1;'),('uc_checkout_review_button','s:12:\"Review order\";'),('uc_checkout_submit_button','s:12:\"Submit order\";'),('uc_cart_delivery_not_shippable','i:1;'),('uc_use_next_buttons','i:0;'),('uc_collapse_current_pane','i:1;'),('uc_checkout_next_button','s:4:\"Next\";'),('uc_new_customer_email','i:1;'),('uc_new_customer_login','i:1;'),('uc_new_customer_status_active','i:1;'),('uc_cart_checkout_complete_page','s:0:\"\";'),('uc_field_first_name','s:10:\"First name\";'),('uc_field_last_name','s:9:\"Last name\";'),('uc_field_phone','s:12:\"Phone number\";'),('uc_field_company','s:7:\"Company\";'),('uc_field_street1','s:16:\"Street address 1\";'),('uc_field_street2','s:16:\"Street address 2\";'),('uc_field_city','s:4:\"City\";'),('uc_field_zone','s:4:\"Zone\";'),('uc_field_country','s:7:\"Country\";'),('uc_field_postal_code','s:11:\"Postal code\";'),('uc_field_address','s:7:\"Address\";'),('uc_field_street','s:14:\"Street address\";'),('uc_address_fields','a:10:{s:10:\"first_name\";s:10:\"first_name\";s:9:\"last_name\";s:9:\"last_name\";s:5:\"phone\";s:5:\"phone\";s:7:\"company\";s:7:\"company\";s:7:\"street1\";s:7:\"street1\";s:7:\"street2\";s:7:\"street2\";s:4:\"city\";s:4:\"city\";s:4:\"zone\";s:4:\"zone\";s:7:\"country\";s:7:\"country\";s:11:\"postal_code\";s:11:\"postal_code\";}'),('uc_address_fields_required','a:7:{s:10:\"first_name\";s:10:\"first_name\";s:9:\"last_name\";s:9:\"last_name\";s:7:\"street1\";s:7:\"street1\";s:4:\"city\";s:4:\"city\";s:4:\"zone\";s:4:\"zone\";s:7:\"country\";s:7:\"country\";s:11:\"postal_code\";s:11:\"postal_code\";}'),('uc_store_name','s:18:\"Joint Pain Comfort\";'),('uc_store_owner','s:18:\"Michael Masterson \";'),('uc_store_email','s:36:\"qualifysolutionsmembership@gmail.com\";'),('uc_store_email_include_name','i:1;'),('uc_store_phone','s:0:\"\";'),('uc_store_fax','s:0:\"\";'),('uc_store_street1','s:0:\"\";'),('uc_store_street2','s:0:\"\";'),('uc_store_city','s:0:\"\";'),('uc_store_country','s:1:\"0\";'),('uc_store_zone','s:0:\"\";'),('uc_store_postal_code','s:0:\"\";'),('uc_checkout_instructions','s:0:\"\";'),('uc_checkout_instructions_format','s:1:\"3\";'),('uc_checkout_review_instructions','s:198:\"Your order is not complete. Please review the details of your order and click Submit order if all the information is correct.  You may use the Back button to make changes to your order if necessary.\";'),('uc_checkout_review_instructions_format','s:1:\"3\";'),('uc_msg_order_submit_format','s:1:\"3\";'),('uc_msg_order_logged_in_format','s:1:\"2\";'),('uc_msg_order_existing_user_format','s:1:\"2\";'),('uc_msg_order_new_user_format','s:1:\"2\";'),('uc_msg_continue_shopping','s:77:\"<a href=\"http://jointpaincomfort.com/\">Click to return to the front page.</a>\";'),('uc_msg_continue_shopping_format','s:1:\"3\";'),('theme_default','s:9:\"jointpain\";'),('pathauto_transliterate','b:0;'),('pathauto_forum_supportsfeeds','s:6:\"0/feed\";'),('pathauto_node_supportsfeeds','s:4:\"feed\";'),('pathauto_tracker_supportsfeeds','s:4:\"feed\";'),('simplemenu_menu','s:1:\"1\";'),('simplemenu_theme','s:9:\"blackblue\";'),('simplemenu_element','s:4:\"body\";'),('simplemenu_element_method','s:7:\"prepend\";'),('simplemenu_exclusions','a:12:{s:9:\"newsflash\";i:0;s:8:\"simplex2\";i:0;s:6:\"marvin\";i:0;s:8:\"minnelli\";i:0;s:11:\"fourseasons\";i:0;s:12:\"fourseasons1\";i:0;s:9:\"jointpain\";i:0;s:3:\"sky\";i:0;s:9:\"chameleon\";i:0;s:10:\"bluemarine\";i:0;s:10:\"pushbutton\";i:0;s:7:\"garland\";i:0;}'),('filter_url_length_1','s:2:\"72\";'),('allowed_html_1','s:171:\"<div><span><br /><blockquote><table><thead><th><tr><td><form><input><h1><h2> <h3> <h4> <h5> <h6> <img> <p> <a> <em> <strong> <cite> <code> <ul> <ol> <li> <dl> <dt> <dd><i>\";'),('filter_html_help_1','i:1;'),('filter_html_nofollow_1','i:0;'),('format','s:1:\"1\";'),('theme_jointpain_settings','a:16:{s:11:\"toggle_logo\";i:1;s:11:\"toggle_name\";i:1;s:13:\"toggle_slogan\";i:1;s:14:\"toggle_mission\";i:0;s:24:\"toggle_node_user_picture\";i:0;s:27:\"toggle_comment_user_picture\";i:0;s:13:\"toggle_search\";i:1;s:14:\"toggle_favicon\";i:1;s:12:\"default_logo\";i:1;s:9:\"logo_path\";s:0:\"\";s:11:\"logo_upload\";s:0:\"\";s:15:\"default_favicon\";i:0;s:12:\"favicon_path\";s:27:\"files/jointpain_favicon.ico\";s:14:\"favicon_upload\";s:0:\"\";s:2:\"op\";s:18:\"Save configuration\";s:10:\"form_token\";s:32:\"aae43bda7af1daf90ec734c3c79f56d9\";}'),('admin_theme','s:7:\"garland\";'),('pngfix_css_classes','s:0:\"\";'),('node_cron_comments_scale','d:0.033333333333333332870740406406184774823486804962158203125;'),('node_cron_views_scale','d:1;'),('statistics_day_timestamp','i:1215119010;'),('uc_store_last_report','i:1215119010;'),('uc_store_site_id','s:32:\"f9b710a7f8ac8961f015fff9f6799042\";'),('node_cron_last','s:10:\"1215010914\";'),('node_cron_last_nid','s:3:\"189\";'),('uc_cart_block_empty_hide','i:0;'),('uc_cart_block_image','i:1;'),('uc_cart_block_title','s:0:\"\";'),('uc_cart_block_collapsible','i:1;'),('uc_cart_block_collapsed','i:1;'),('uc_cart_show_help_text','i:0;'),('uc_cart_help_text','s:37:\"Click title to display cart contents.\";'),('uc_minimum_subtotal','s:1:\"0\";'),('uc_cart_anon_duration','s:1:\"4\";'),('uc_cart_anon_unit','s:5:\"hours\";'),('uc_cart_auth_duration','s:1:\"1\";'),('uc_cart_auth_unit','s:5:\"years\";'),('uc_continue_shopping_type','s:4:\"link\";'),('uc_continue_shopping_url','s:0:\"\";'),('uc_continue_shopping_text','s:17:\"Continue shopping\";'),('uc_cart_breadcrumb_url','s:0:\"\";'),('uc_cart_breadcrumb_text','s:4:\"Home\";'),('premium_mode','s:1:\"0\";'),('uc_msg_order_submit','s:923:\"<!--Start Adtrackz Conversion Tracking Code-->\r\n<img src=\"http://www.managedtracking.com/atz/a.php?type=sale&value=19.97&id=jpc1&name=JointPainComfort+membership+1&description=\"  width=1 height=1>\r\n<!--End Adtrackz Conversion Tracking Code-->\r\n\r\n<!-- Google Code for content sale Conversion Page -->\r\n<script language=\"JavaScript\" type=\"text/javascript\">\r\n<!--\r\nvar google_conversion_id = 1072583498;\r\nvar google_conversion_language = \"en_US\";\r\nvar google_conversion_format = \"1\";\r\nvar google_conversion_color = \"ffffff\";\r\nvar google_conversion_label = \"B1oTCLeuSRDKprn_Aw\";\r\n//-->\r\n</script>\r\n<script language=\"JavaScript\" src=\"http://www.googleadservices.com/pagead/conversion.js\">\r\n</script>\r\n<noscript>\r\n<img height=\"1\" width=\"1\" border=\"0\" src=\"http://www.googleadservices.com/pagead/conversion/1072583498/?label=B1oTCLeuSRDKprn_Aw&amp;script=0\"/>\r\n</noscript>\r\nYour order is complete! Your order number is [order-id].\";'),('premium_time_count','s:1:\"2\";'),('premium_time_unit','s:1:\"W\";'),('premium_message','s:837:\"Full text available to premium subscribers only\r\n<form action=\"/?q=content/joint-pain-comfort-membership\" accept-charset=\"UTF-8\" method=\"post\" id=\"uc-product-add-to-cart-form-183\" name=\"cartForm\">\r\n<input name=\"qty\" id=\"edit-qty\" value=\"1\" type=\"hidden\"><br />\r\n<input name=\"form_token\" id=\"edit-uc-product-add-to-cart-form-183-form-token\" value=\"b00f227bc0ffc6815d8f8591ea036f3d\" type=\"hidden\"><br />\r\n<input name=\"form_id\" id=\"edit-uc-product-add-to-cart-form-183\" value=\"uc_product_add_to_cart_form_183\" type=\"hidden\"><br />\r\n</form>\r\n\r\n<table align=\"center\" bgcolor=\"#f9f9f9\" border=\"0\" cellspacing=\"0\" width=\"90%\">\r\n<tbody><tr>\r\n<td style=\"border: 1px dashed rgb(153, 153, 153); padding: 10px;\" align=\"center\">\r\n<a href=\"javascript:this.document.cartForm.submit();\"><strong>Order Now</strong></a><br>\r\n</td>\r\n</tr>\r\n</tbody></table>\";'),('site_403','s:12:\"redirectpage\";'),('site_404','s:12:\"redirectpage\";'),('error_level','s:1:\"1\";'),('watchdog_clear','s:6:\"604800\";'),('uc_paypal_wps_server','s:37:\"https://www.paypal.com/cgi-bin/webscr\";'),('googleanalytics_segmentation','a:2:{s:3:\"uid\";s:3:\"uid\";s:4:\"name\";s:4:\"name\";}'),('nodewords','a:6:{s:6:\"global\";a:4:{s:9:\"copyright\";s:0:\"\";s:6:\"geourl\";s:0:\"\";s:8:\"keywords\";s:0:\"\";s:6:\"robots\";s:9:\"noarchive\";}s:13:\"keywords_vids\";a:0:{}s:10:\"use_teaser\";i:1;s:8:\"max_size\";s:3:\"255\";s:4:\"edit\";a:6:{s:6:\"geourl\";i:0;s:9:\"copyright\";i:0;s:8:\"keywords\";i:1;s:6:\"robots\";i:0;s:8:\"abstract\";i:0;s:11:\"description\";i:1;}s:4:\"head\";a:6:{s:6:\"geourl\";i:1;s:9:\"copyright\";i:1;s:8:\"keywords\";i:1;s:6:\"robots\";i:1;s:8:\"abstract\";i:1;s:11:\"description\";i:1;}}'),('nodewords-repeat','i:0;'),('nodewords-use_front','i:1;'),('googleanalytics_trackfiles','s:11:\"pdf|zip|mp3\";'),('googleanalytics_cache','i:0;'),('googleanalytics_site_search','i:0;'),('googleanalytics_codesnippet','s:0:\"\";'),('uc_msg_order_logged_in','s:908:\"Thank you for shopping at [store-name]. While logged in, you may continue shopping or <a href=\"http://jointpaincomfort.com/?q=user/1/orders\">click here</a> to view your current order status and order history.\r\n<?php\r\nerror_reporting(0);\r\n$expirytime    = time()+9600000;\r\n$cookiename = \'xconversions\';\r\nif (isset($_COOKIE[$cookiename])) {\r\n$var = $_COOKIE[$cookiename];\r\nif(!(isset($_COOKIE[\'xc_recorded_sale\']))) {\r\n$sessions = curl_init();\r\ncurl_setopt($sessions,\r\nCURLOPT_URL,\"http://managedtracking.com/xc3/xtreme3/record_sale.php?var=$var&xid=\");\r\ncurl_setopt($sessions, CURLOPT_POST, 1);\r\ncurl_setopt($sessions, CURLOPT_FOLLOWLOCATION,1);\r\ncurl_setopt($sessions, CURLOPT_HEADER , 0);\r\ncurl_setopt($sessions, CURLOPT_RETURNTRANSFER,1);\r\ncurl_setopt($sessions, CURLOPT_VERBOSE, 0);\r\n$result = curl_exec($sessions);\r\ncurl_close($sessions);\r\nsetcookie(\"xc_recorded_sale\", \"yes\", $expirytime, \"/\");\r\n}\r\n} ?>\";'),('uc_msg_order_existing_user','s:1041:\"Thank you for shopping at [store-name]. Your current order has been attached to the account we found matching your e-mail address.<p><a href=\"http://jointpaincomfort.com/?q=user\">Click here</a> to login and view your current order status and order history. Remember to login when you make your next purchase for a faster checkout experience!\r\n<?php\r\nerror_reporting(0);\r\n$expirytime    = time()+9600000;\r\n$cookiename = \'xconversions\';\r\nif (isset($_COOKIE[$cookiename])) {\r\n$var = $_COOKIE[$cookiename];\r\nif(!(isset($_COOKIE[\'xc_recorded_sale\']))) {\r\n$sessions = curl_init();\r\ncurl_setopt($sessions,\r\nCURLOPT_URL,\"http://managedtracking.com/xc3/xtreme3/record_sale.php?var=$var&xid=\");\r\ncurl_setopt($sessions, CURLOPT_POST, 1);\r\ncurl_setopt($sessions, CURLOPT_FOLLOWLOCATION,1);\r\ncurl_setopt($sessions, CURLOPT_HEADER , 0);\r\ncurl_setopt($sessions, CURLOPT_RETURNTRANSFER,1);\r\ncurl_setopt($sessions, CURLOPT_VERBOSE, 0);\r\n$result = curl_exec($sessions);\r\ncurl_close($sessions);\r\nsetcookie(\"xc_recorded_sale\", \"yes\", $expirytime, \"/\");\r\n}\r\n} ?>\";'),('uc_msg_order_new_user','s:1049:\"Thank you for shopping at [store-name]. A new account has been created for you here that you may use to view your current order status.<p><a href=\"http://jointpaincomfort.com/?q=user\">Click here</a> to login to your new account using the following information:<p><strong>Username:</strong> !new_username<br /><strong>Password:</strong> !new_password\r\n<?php\r\nerror_reporting(0);\r\n$expirytime    = time()+9600000;\r\n$cookiename = \'xconversions\';\r\nif (isset($_COOKIE[$cookiename])) {\r\n$var = $_COOKIE[$cookiename];\r\nif(!(isset($_COOKIE[\'xc_recorded_sale\']))) {\r\n$sessions = curl_init();\r\ncurl_setopt($sessions,\r\nCURLOPT_URL,\"http://managedtracking.com/xc3/xtreme3/record_sale.php?var=$var&xid=\");\r\ncurl_setopt($sessions, CURLOPT_POST, 1);\r\ncurl_setopt($sessions, CURLOPT_FOLLOWLOCATION,1);\r\ncurl_setopt($sessions, CURLOPT_HEADER , 0);\r\ncurl_setopt($sessions, CURLOPT_RETURNTRANSFER,1);\r\ncurl_setopt($sessions, CURLOPT_VERBOSE, 0);\r\n$result = curl_exec($sessions);\r\ncurl_close($sessions);\r\nsetcookie(\"xc_recorded_sale\", \"yes\", $expirytime, \"/\");\r\n}\r\n} ?>\";'),('forum_block_num_0','s:1:\"5\";'),('user_block_seconds_online','s:3:\"900\";'),('user_block_max_list_count','s:2:\"10\";'),('workflow_ng_configurations','a:23:{s:14:\"comment_insert\";a:0:{}s:14:\"comment_delete\";a:0:{}s:14:\"comment_update\";a:0:{}s:11:\"node_insert\";a:0:{}s:11:\"node_delete\";a:0:{}s:11:\"node_update\";a:0:{}s:11:\"node_submit\";a:0:{}s:9:\"node_view\";a:0:{}s:16:\"uc_subscribe_new\";a:0:{}s:19:\"order_status_update\";a:0:{}s:16:\"fee_charge_fails\";a:0:{}s:21:\"fee_charge_successful\";a:0:{}s:11:\"fee_expires\";a:0:{}s:18:\"uc_subscribe_renew\";a:0:{}s:19:\"uc_subscribe_expire\";a:0:{}s:19:\"uc_subscribe_notify\";a:0:{}s:11:\"user_delete\";a:0:{}s:10:\"user_login\";a:0:{}s:11:\"user_logout\";a:0:{}s:11:\"user_insert\";a:0:{}s:11:\"user_update\";a:0:{}s:4:\"init\";a:0:{}s:9:\"user_view\";a:0:{}}'),('uc_subscribe_attribute_length','s:0:\"\";'),('uc_subscribe_attribute_fee','s:0:\"\";'),('uc_subscribe_onstatus','s:9:\"completed\";'),('uc_subscribe_poststatus','s:1:\"0\";'),('uc_subscribe_cancelstatus','s:1:\"0\";'),('uc_subscribe_userprofile','i:1;'),('uc_subscribe_shortcuturl','i:1;'),('uc_paypal_buttons_products','a:1:{i:183;a:26:{s:12:\"subscription\";i:1;s:12:\"uc_subscribe\";i:1;s:7:\"amount1\";N;s:8:\"plength1\";N;s:7:\"punits1\";s:1:\"D\";s:7:\"amount2\";N;s:8:\"plength2\";N;s:7:\"punits2\";s:1:\"D\";s:7:\"amount3\";s:5:\"19.97\";s:8:\"plength3\";i:1;s:7:\"punits3\";s:1:\"M\";s:9:\"recurring\";i:1;s:5:\"retry\";i:1;s:7:\"forever\";i:1;s:6:\"modify\";i:0;s:13:\"modify_button\";s:7:\"default\";s:17:\"modify_buttontext\";s:20:\"Manage Subscriptions\";s:18:\"modify_buttonimage\";s:0:\"\";s:6:\"button\";s:4:\"text\";s:10:\"buttontext\";s:9:\"Order Now\";s:11:\"buttonimage\";s:0:\"\";s:11:\"hideaddcart\";i:1;s:7:\"address\";s:1:\"1\";s:10:\"successurl\";s:0:\"\";s:9:\"cancelurl\";s:0:\"\";s:8:\"postback\";i:0;}}'),('uc_subscribe_modules','a:1:{i:183;a:2:{s:6:\"module\";s:17:\"uc_paypal_buttons\";s:10:\"attributes\";a:1:{s:6:\"locked\";b:1;}}}');

--
-- Table structure for table `video`
--

CREATE TABLE `video` (
  `vid` int(10) unsigned NOT NULL default '0',
  `nid` int(10) unsigned NOT NULL default '0',
  `vtype` varchar(32) NOT NULL default '',
  `vidfile` text NOT NULL,
  `videox` smallint(4) unsigned NOT NULL default '0',
  `videoy` smallint(4) unsigned NOT NULL default '0',
  `size` bigint(13) unsigned default NULL,
  `download_counter` int(10) unsigned NOT NULL default '0',
  `play_counter` int(10) unsigned NOT NULL default '0',
  `video_bitrate` int(10) unsigned default NULL,
  `audio_bitrate` int(10) unsigned default NULL,
  `audio_sampling_rate` int(10) unsigned default NULL,
  `audio_channels` enum('','5.1','stereo','mono') default NULL,
  `playtime_seconds` int(10) unsigned default NULL,
  `download_folder` varchar(255) default NULL,
  `disable_multidownload` tinyint(1) unsigned NOT NULL default '0',
  `use_play_folder` tinyint(1) unsigned NOT NULL default '0',
  `custom_field_1` varchar(255) default NULL,
  `custom_field_2` varchar(255) default NULL,
  `custom_field_3` varchar(255) default NULL,
  `custom_field_4` varchar(255) default NULL,
  `custom_field_5` text,
  `custom_field_6` text,
  `serialized_data` text,
  PRIMARY KEY  (`vid`)
) ENGINE=MyISAM DEFAULT CHARSET=utf8 COMMENT='size is in bytes';

--
-- Dumping data for table `video`
--


INSERT INTO `video` VALUES (89,89,'url','http://s3.amazonaws.com/wcb/adsencode36.swf',640,480,0,0,0,0,0,0,'',0,'',1,0,'','','','','','','a:1:{s:3:\"iid\";s:0:\"\";}'),(96,96,'url','http://s3.amazonaws.com/wcb/TrackBack.swf',750,520,0,0,0,0,0,0,'',0,'',1,0,'','','','','','','a:1:{s:3:\"iid\";s:0:\"\";}'),(35,35,'url','http://s3.amazonaws.com/wcb/TicketSystem2.swf',640,480,0,0,0,0,0,0,'',0,'',1,0,'','','','','','','a:1:{s:3:\"iid\";s:0:\"\";}'),(51,51,'url','http://www.warchestbuilder.com/video/flvplayer.swf',640,480,0,0,0,0,0,0,'',0,'',1,0,'','','','','','','a:1:{s:3:\"iid\";s:0:\"\";}'),(81,81,'url','http://s3.amazonaws.com/wcb/AdminPanel.swf',750,520,0,0,0,0,0,0,'',0,'',1,0,'','','','','','','a:1:{s:3:\"iid\";s:0:\"\";}'),(64,64,'url','http://s3.amazonaws.com/wcb/WCBRT1.swf',640,480,0,0,0,0,0,0,'',0,'',1,0,'','','','','','','a:1:{s:3:\"iid\";s:0:\"\";}');

--
-- Table structure for table `video_rendering`
--

CREATE TABLE `video_rendering` (
  `vid` int(10) unsigned NOT NULL default '0',
  `nid` int(10) unsigned NOT NULL default '0',
  `origfile` text NOT NULL,
  `pid` int(10) unsigned NOT NULL default '0',
  `status` int(1) unsigned NOT NULL default '0',
  `started` int(11) NOT NULL default '0',
  `completed` int(11) NOT NULL default '0',
  PRIMARY KEY  (`vid`)
) ENGINE=MyISAM DEFAULT CHARSET=utf8;

--
-- Dumping data for table `video_rendering`
--



--
-- Table structure for table `view_argument`
--

CREATE TABLE `view_argument` (
  `vid` int(10) unsigned NOT NULL default '0',
  `type` varchar(255) default NULL,
  `argdefault` varchar(255) default NULL,
  `title` varchar(255) default NULL,
  `options` varchar(255) default NULL,
  `position` int(2) default NULL,
  `wildcard` varchar(32) default NULL,
  `wildcard_substitution` varchar(32) default NULL,
  KEY `vid` (`vid`)
) ENGINE=MyISAM DEFAULT CHARSET=utf8;

--
-- Dumping data for table `view_argument`
--


INSERT INTO `view_argument` VALUES (1,'uid','2','recent posts for %1','',0,'',''),(2,'uid','2','recent posts for %1','',0,'',''),(4,'uid','2','recent posts for %1','',0,'','');

--
-- Table structure for table `view_exposed_filter`
--

CREATE TABLE `view_exposed_filter` (
  `vid` int(10) unsigned NOT NULL default '0',
  `field` varchar(255) default NULL,
  `label` varchar(255) default NULL,
  `optional` int(1) default NULL,
  `is_default` int(1) default NULL,
  `operator` int(1) default NULL,
  `single` int(1) default NULL,
  `position` int(2) default NULL,
  KEY `vid` (`vid`)
) ENGINE=MyISAM DEFAULT CHARSET=utf8;

--
-- Dumping data for table `view_exposed_filter`
--



--
-- Table structure for table `view_filter`
--

CREATE TABLE `view_filter` (
  `vid` int(10) unsigned NOT NULL default '0',
  `tablename` varchar(255) default NULL,
  `field` varchar(255) default NULL,
  `value` longtext,
  `operator` varchar(20) default NULL,
  `options` varchar(255) default NULL,
  `position` int(2) default NULL,
  KEY `vid` (`vid`)
) ENGINE=MyISAM DEFAULT CHARSET=utf8;

--
-- Dumping data for table `view_filter`
--


INSERT INTO `view_filter` VALUES (1,'','node.type','forum','OR','',1),(1,'','node.status','1','=','',0),(2,'','node.status','1','=','',0),(2,'','node.type','video,articles','OR','',1),(4,'','node.type','forum','OR','',1),(3,'','node.type','articles','OR','',1),(3,'','node.status','1','=','',0),(4,'','node.status','1','=','',0),(5,'','node.title','Free Article','contains','',2),(5,'','node.status','1','=','',1),(5,'','node.type','articles','OR','',0);

--
-- Table structure for table `view_sort`
--

CREATE TABLE `view_sort` (
  `vid` int(10) unsigned NOT NULL default '0',
  `position` int(2) default NULL,
  `field` varchar(255) default NULL,
  `sortorder` varchar(5) default NULL,
  `options` varchar(255) default NULL,
  `tablename` varchar(255) default NULL,
  KEY `vid` (`vid`)
) ENGINE=MyISAM DEFAULT CHARSET=utf8;

--
-- Dumping data for table `view_sort`
--


INSERT INTO `view_sort` VALUES (1,0,'node_comment_statistics.last_comment_timestamp','DESC','normal',NULL),(2,0,'node_comment_statistics.last_comment_timestamp','DESC','normal',NULL),(4,0,'node_comment_statistics.last_comment_timestamp','DESC','normal',NULL);

--
-- Table structure for table `view_tablefield`
--

CREATE TABLE `view_tablefield` (
  `vid` int(10) unsigned NOT NULL default '0',
  `tablename` varchar(255) default NULL,
  `field` varchar(255) default NULL,
  `label` varchar(255) default NULL,
  `handler` varchar(255) default NULL,
  `sortable` int(1) default NULL,
  `defaultsort` varchar(5) default NULL,
  `options` varchar(255) default NULL,
  `position` int(2) default NULL,
  KEY `vid` (`vid`)
) ENGINE=MyISAM DEFAULT CHARSET=utf8;

--
-- Dumping data for table `view_tablefield`
--


INSERT INTO `view_tablefield` VALUES (1,'node_comment_statistics','last_comment_timestamp','Last Post','views_handler_field_since',0,'0','',4),(1,'users','name','Author','',0,'0','',2),(1,'node_comment_statistics','comment_count','Replies','views_handler_comments_with_new',0,'0','',3),(2,'node','type','Type','',0,'0','',0),(2,'node','title','Title','views_handler_field_nodelink_with_mark',0,'0','link',1),(2,'users','name','Author','',0,'0','',2),(2,'node_comment_statistics','comment_count','Replies','views_handler_comments_with_new',0,'0','',3),(2,'node_comment_statistics','last_comment_timestamp','Last Post','views_handler_field_since',0,'0','',4),(3,'node','view','','',0,'','Continue reading',2),(3,'node_data_field_snippet','field_snippet_value','','content_views_field_handler_group',0,'0','default',1),(3,'node','title','','views_handler_field_nodelink',0,'0','link',0),(4,'node_comment_statistics','last_comment_timestamp','Last Post','views_handler_field_since',0,'0','',4),(4,'node_comment_statistics','comment_count','Replies','views_handler_comments_with_new',0,'0','',3),(4,'users','name','Author','',0,'0','',2),(4,'node','type','Type','',0,'0','',0),(4,'node','title','Title','views_handler_field_nodelink_with_mark',0,'0','link',1),(1,'node','type','Type','',0,'0','',0),(1,'node','title','Title','views_handler_field_nodelink_with_mark',0,'0','link',1),(5,'node','view','','',0,'','Continue reading',2),(5,'node','title','','views_handler_field_nodelink',0,'0','link',0),(5,'node_data_field_snippet','field_snippet_value','','content_views_field_handler_group',0,'0','default',1);

--
-- Table structure for table `view_view`
--

CREATE TABLE `view_view` (
  `vid` int(10) unsigned NOT NULL default '0',
  `name` varchar(32) NOT NULL default '',
  `description` varchar(255) default NULL,
  `access` varchar(255) default NULL,
  `page` int(1) default NULL,
  `page_title` varchar(255) default NULL,
  `page_header` longtext,
  `page_header_format` int(4) NOT NULL default '0',
  `page_empty` longtext,
  `page_empty_format` int(4) NOT NULL default '0',
  `page_footer` longtext,
  `page_footer_format` int(4) NOT NULL default '0',
  `page_type` varchar(20) default NULL,
  `use_pager` int(1) default NULL,
  `nodes_per_page` int(5) default NULL,
  `url` varchar(255) default NULL,
  `menu` int(1) default NULL,
  `menu_tab` int(1) default NULL,
  `menu_tab_weight` int(4) default NULL,
  `menu_title` varchar(255) default NULL,
  `menu_tab_default` int(1) default NULL,
  `menu_tab_default_parent_type` varchar(10) default NULL,
  `menu_parent_title` varchar(255) default NULL,
  `menu_parent_tab_weight` int(4) default NULL,
  `block` int(1) default NULL,
  `block_title` varchar(255) default NULL,
  `block_use_page_header` int(1) default NULL,
  `block_header` longtext,
  `block_header_format` int(4) NOT NULL default '0',
  `block_use_page_footer` int(1) default NULL,
  `block_footer` longtext,
  `block_footer_format` int(4) NOT NULL default '0',
  `block_use_page_empty` int(1) default NULL,
  `block_empty` longtext,
  `block_empty_format` int(4) NOT NULL default '0',
  `block_type` varchar(20) default NULL,
  `nodes_per_block` int(5) default NULL,
  `block_more` int(1) default NULL,
  `breadcrumb_no_home` int(1) default NULL,
  `changed` int(11) default NULL,
  `view_args_php` longtext,
  `is_cacheable` int(1) default NULL,
  PRIMARY KEY  (`vid`),
  UNIQUE KEY `name` (`name`),
  KEY `name_2` (`name`)
) ENGINE=MyISAM DEFAULT CHARSET=utf8;

--
-- Dumping data for table `view_view`
--


INSERT INTO `view_view` VALUES (1,'Recent_Forums','Shows all new forum activity on system.','',1,'Recent forums','',1,'',1,'',1,'table',1,25,'forum',1,0,0,'Recent posts',0,'tab','',0,0,'',0,'',1,0,'',1,0,'',1,'node',0,0,0,1214412861,'',0),(2,'recent_content','Shows all new acticle/video activity on system.','',1,'Recent articles/videos','',1,'',1,'',1,'table',1,25,'recent_content',1,0,0,'Recent posts',0,'tab','',0,0,'',0,'',1,0,'',1,0,'',1,'node',0,0,0,1204797995,'',0),(3,'twocolumn','Two column','',1,'','',1,'',1,'',1,'list',1,10,'home',0,0,0,'',0,'tab','',0,0,'',0,'',1,0,'',1,0,'',1,'node',0,0,0,1213915607,'',1),(4,'recent_forumsLittle','Shows all new forum activity on system.','',1,'Recent forums Little','',1,'',1,'',1,'table',1,25,'recent_forumsLittle',1,0,0,'Recent posts',0,'tab','',0,0,'',0,'',1,0,'',1,0,'',1,'node',0,0,0,1214252055,'',0),(5,'Free_articles','Free articles','',1,'Free articles','',1,'No free articles right now.',1,'',1,'list',1,10,'Free_articles',0,0,0,'',0,'tab','',0,0,'',0,'',1,0,'',1,0,'',1,'node',0,0,0,1214827965,'',1);

--
-- Table structure for table `vocabulary`
--

CREATE TABLE `vocabulary` (
  `vid` int(10) unsigned NOT NULL auto_increment,
  `name` varchar(255) NOT NULL default '',
  `description` longtext,
  `help` varchar(255) NOT NULL default '',
  `relations` tinyint(3) unsigned NOT NULL default '0',
  `hierarchy` tinyint(3) unsigned NOT NULL default '0',
  `multiple` tinyint(3) unsigned NOT NULL default '0',
  `required` tinyint(3) unsigned NOT NULL default '0',
  `tags` tinyint(3) unsigned NOT NULL default '0',
  `module` varchar(255) NOT NULL default '',
  `weight` tinyint(4) NOT NULL default '0',
  PRIMARY KEY  (`vid`)
) ENGINE=MyISAM DEFAULT CHARSET=utf8;

--
-- Dumping data for table `vocabulary`
--


INSERT INTO `vocabulary` VALUES (1,'Forums','','',0,1,0,1,0,'forum',-10),(2,'Articles','Articles','',1,2,1,1,0,'taxonomy',0),(3,'Videos','Videos','',1,2,1,0,1,'taxonomy',0);

--
-- Table structure for table `vocabulary_node_types`
--

CREATE TABLE `vocabulary_node_types` (
  `vid` int(10) unsigned NOT NULL default '0',
  `type` varchar(32) NOT NULL default '',
  PRIMARY KEY  (`vid`,`type`)
) ENGINE=MyISAM DEFAULT CHARSET=utf8;

--
-- Dumping data for table `vocabulary_node_types`
--


INSERT INTO `vocabulary_node_types` VALUES (1,'forum'),(2,'articles'),(2,'video'),(3,'video');

--
-- Table structure for table `watchdog`
--

CREATE TABLE `watchdog` (
  `wid` int(11) NOT NULL auto_increment,
  `uid` int(11) NOT NULL default '0',
  `type` varchar(16) NOT NULL default '',
  `message` longtext NOT NULL,
  `severity` tinyint(3) unsigned NOT NULL default '0',
  `link` varchar(255) NOT NULL default '',
  `location` text NOT NULL,
  `referer` varchar(128) NOT NULL default '',
  `hostname` varchar(128) NOT NULL default '',
  `timestamp` int(11) NOT NULL default '0',
  PRIMARY KEY  (`wid`),
  KEY `type` (`type`)
) ENGINE=MyISAM DEFAULT CHARSET=utf8;

--
-- Dumping data for table `watchdog`
--


INSERT INTO `watchdog` VALUES (3238,0,'page not found','favicon.ico',1,'','http://jointpaincomfort.com/favicon.ico','','86.145.132.17',1215542712),(3239,0,'page not found','favicon.ico',1,'','http://jointpaincomfort.com/favicon.ico','','79.78.140.174',1215542957),(3240,0,'page not found','favicon.ico',1,'','http://jointpaincomfort.com/favicon.ico','','69.64.228.10',1215543029),(3241,0,'page not found','favicon.ico',1,'','http://jointpaincomfort.com/favicon.ico','','129.105.103.60',1215543102),(3234,0,'page not found','favicon.ico',1,'','http://jointpaincomfort.com/favicon.ico','http://www.jointpaincomfort.com/urgent/news.html','67.166.167.12',1215541688),(3235,0,'page not found','favicon.ico',1,'','http://jointpaincomfort.com/favicon.ico','http://jointpaincomfort.com/?q=cart/checkout','67.166.167.12',1215541751),(3236,0,'page not found','favicon.ico',1,'','http://jointpaincomfort.com/favicon.ico','','86.170.26.218',1215542467),(3237,0,'page not found','favicon.ico',1,'','http://jointpaincomfort.com/favicon.ico','','79.76.26.90',1215542496),(3232,0,'page not found','favicon.ico',1,'','http://jointpaincomfort.com/favicon.ico','','204.15.189.24',1215541112),(3233,0,'page not found','favicon.ico',1,'','http://jointpaincomfort.com/favicon.ico','','86.159.211.154',1215541303),(3229,0,'page not found','favicon.ico',1,'','http://jointpaincomfort.com/favicon.ico','','66.183.231.112',1215540945),(3230,0,'page not found','favicon.ico',1,'','http://jointpaincomfort.com/favicon.ico','','204.15.189.24',1215541111),(3231,0,'page not found','favicon.ico',1,'','http://jointpaincomfort.com/favicon.ico','','204.15.189.24',1215541112),(3224,0,'page not found','favicon.ico',1,'','http://jointpaincomfort.com/favicon.ico','','75.141.224.27',1215540036),(3225,0,'page not found','favicon.ico',1,'','http://jointpaincomfort.com/favicon.ico','','70.58.255.135',1215540212),(3226,0,'page not found','favicon.ico',1,'','http://jointpaincomfort.com/favicon.ico','','70.58.255.135',1215540250),(3227,0,'page not found','favicon.ico',1,'','http://jointpaincomfort.com/favicon.ico','','72.78.4.228',1215540300),(3228,0,'page not found','favicon.ico',1,'','http://jointpaincomfort.com/favicon.ico','','24.214.135.15',1215540767),(3221,0,'page not found','favicon.ico',1,'','http://jointpaincomfort.com/favicon.ico','','71.117.220.207',1215539415),(3222,0,'page not found','favicon.ico',1,'','http://jointpaincomfort.com/favicon.ico','','86.150.118.239',1215539765),(3223,0,'page not found','favicon.ico',1,'','http://jointpaincomfort.com/favicon.ico','','90.203.170.61',1215539935),(3217,0,'page not found','favicon.ico',1,'','http://jointpaincomfort.com/favicon.ico','','86.143.35.193',1215538444),(3218,0,'page not found','favicon.ico',1,'','http://jointpaincomfort.com/favicon.ico','','64.184.244.127',1215538916),(3219,0,'page not found','favicon.ico',1,'','http://jointpaincomfort.com/favicon.ico','','92.12.234.98',1215538934),(3220,0,'page not found','favicon.ico',1,'','http://jointpaincomfort.com/favicon.ico','','76.232.135.136',1215539125),(3208,0,'page not found','favicon.ico',1,'','http://jointpaincomfort.com/favicon.ico','','81.153.49.10',1215536150),(3209,0,'page not found','favicon.ico',1,'','http://jointpaincomfort.com/favicon.ico','','71.251.33.233',1215536410),(3210,0,'page not found','favicon.ico',1,'','http://jointpaincomfort.com/favicon.ico','','151.200.186.2',1215536935),(3211,0,'page not found','favicon.ico',1,'','http://jointpaincomfort.com/favicon.ico','','90.197.33.71',1215537075),(3212,0,'page not found','favicon.ico',1,'','http://jointpaincomfort.com/favicon.ico','','65.102.164.153',1215537433),(3213,0,'page not found','favicon.ico',1,'','http://jointpaincomfort.com/favicon.ico','','90.203.235.12',1215538001),(3214,0,'page not found','favicon.ico',1,'','http://jointpaincomfort.com/favicon.ico','','81.154.204.0',1215538030),(3215,0,'page not found','favicon.ico',1,'','http://jointpaincomfort.com/favicon.ico','','63.164.5.139',1215538102),(3216,0,'page not found','favicon.ico',1,'','http://jointpaincomfort.com/favicon.ico','','63.164.5.139',1215538102),(3202,0,'page not found','favicon.ico',1,'','http://jointpaincomfort.com/favicon.ico','','91.110.32.99',1215535074),(3203,0,'page not found','favicon.ico',1,'','http://jointpaincomfort.com/favicon.ico','http://www.jointpaincomfort.com/urgent/news.html','70.226.57.178',1215535229),(3204,0,'page not found','favicon.ico',1,'','http://jointpaincomfort.com/favicon.ico','http://jointpaincomfort.com/?q=cart/checkout','70.226.57.178',1215535262),(3205,0,'page not found','favicon.ico',1,'','http://jointpaincomfort.com/favicon.ico','','99.244.244.97',1215535631),(3206,0,'page not found','favicon.ico',1,'','http://jointpaincomfort.com/favicon.ico','','90.241.229.244',1215535681),(3207,0,'page not found','favicon.ico',1,'','http://jointpaincomfort.com/favicon.ico','','86.15.5.183',1215535800),(3196,0,'page not found','favicon.ico',1,'','http://jointpaincomfort.com/favicon.ico','','216.221.127.151',1215534515),(3197,0,'user','Login attempt failed for <em>bandon</em>.',0,'','http://jointpaincomfort.com/?q=user','http://www.jointpaincomfort.com/?q=user','79.75.115.195',1215534613),(3198,0,'page not found','favicon.ico',1,'','http://jointpaincomfort.com/favicon.ico','','90.198.210.41',1215534677),(3199,0,'user','Login attempt failed for <em>feburary</em>.',0,'','http://jointpaincomfort.com/?q=user','http://www.jointpaincomfort.com/?q=user','79.75.115.195',1215534780),(3200,0,'page not found','favicon.ico',1,'','http://jointpaincomfort.com/favicon.ico','','156.34.18.239',1215534977),(3201,0,'user','Login attempt failed for <em>feburary</em>.',0,'','http://jointpaincomfort.com/?q=user','http://www.jointpaincomfort.com/?q=user','79.75.115.195',1215534989),(3193,0,'page not found','favicon.ico',1,'','http://jointpaincomfort.com/favicon.ico','','79.64.25.84',1215534409),(3194,0,'user','Login attempt failed for <em>bandon</em>.',0,'','http://jointpaincomfort.com/?q=content/urgent-news&destination=node%2F184','http://www.jointpaincomfort.com/?q=content/urgent-news&destination=node%2F184','79.75.115.195',1215534453),(3195,0,'page not found','favicon.ico',1,'','http://jointpaincomfort.com/favicon.ico','','67.175.99.158',1215534490),(3191,0,'page not found','favicon.ico',1,'','http://jointpaincomfort.com/favicon.ico','','71.185.204.7',1215534388),(3192,0,'user','Login attempt failed for <em>bandon</em>.',0,'','http://jointpaincomfort.com/?q=content/urgent-news&destination=node%2F184','http://www.jointpaincomfort.com/?q=content/urgent-news','79.75.115.195',1215534394),(3186,0,'page not found','favicon.ico',1,'','http://jointpaincomfort.com/favicon.ico','','71.202.228.28',1215533563),(3187,0,'page not found','favicon.ico',1,'','http://jointpaincomfort.com/favicon.ico','','71.212.27.31',1215533575),(3188,0,'page not found','favicon.ico',1,'','http://jointpaincomfort.com/favicon.ico','','86.146.28.125',1215533877),(3189,0,'page not found','favicon.ico',1,'','http://jointpaincomfort.com/favicon.ico','','86.148.47.103',1215533975),(3190,0,'page not found','favicon.ico',1,'','http://jointpaincomfort.com/favicon.ico','','84.19.116.89',1215534194),(3182,0,'page not found','favicon.ico',1,'','http://jointpaincomfort.com/favicon.ico','','99.240.18.124',1215533175),(3183,0,'page not found','favicon.ico',1,'','http://jointpaincomfort.com/favicon.ico','http://www.jointpaincomfort.com/urgent/news.html','217.155.179.22',1215533342),(3184,0,'page not found','favicon.ico',1,'','http://jointpaincomfort.com/favicon.ico','','71.212.27.31',1215533479),(3185,0,'user','New user: <em>claireaux</em> <em>&lt;claireauxd@aol.com&gt;</em>.',0,'<a href=\"/?q=user/181/edit\">edit</a>','http://jointpaincomfort.com/?q=user/register','http://jointpaincomfort.com/?q=user/register','195.93.21.69',1215533524),(3178,0,'page not found','favicon.ico',1,'','http://jointpaincomfort.com/favicon.ico','','24.24.83.96',1215532113),(3179,0,'page not found','favicon.ico',1,'','http://jointpaincomfort.com/favicon.ico','','155.212.179.214',1215532153),(3180,0,'page not found','favicon.ico',1,'','http://jointpaincomfort.com/favicon.ico','','195.171.209.242',1215532754),(3181,0,'page not found','favicon.ico',1,'','http://jointpaincomfort.com/favicon.ico','','90.200.87.34',1215533039),(3169,0,'page not found','favicon.ico',1,'','http://jointpaincomfort.com/favicon.ico','','82.16.54.6',1215530913),(3170,0,'page not found','favicon.ico',1,'','http://jointpaincomfort.com/favicon.ico','','92.235.45.42',1215531179),(3171,0,'page not found','favicon.ico',1,'','http://jointpaincomfort.com/favicon.ico','','194.105.169.24',1215531270),(3172,0,'page not found','favicon.ico',1,'','http://jointpaincomfort.com/favicon.ico','','99.227.105.93',1215531298),(3173,0,'page not found','favicon.ico',1,'','http://jointpaincomfort.com/favicon.ico','','88.108.100.108',1215531391),(3174,0,'page not found','favicon.ico',1,'','http://jointpaincomfort.com/favicon.ico','','81.129.35.162',1215531449),(3175,0,'page not found','favicon.ico',1,'','http://jointpaincomfort.com/favicon.ico','','99.145.122.45',1215531480),(3176,0,'page not found','favicon.ico',1,'','http://jointpaincomfort.com/favicon.ico','','80.177.101.52',1215531871),(3177,0,'page not found','favicon.ico',1,'','http://jointpaincomfort.com/favicon.ico','','99.227.105.93',1215532090),(3166,0,'page not found','favicon.ico',1,'','http://jointpaincomfort.com/favicon.ico','http://www.jointpaincomfort.com/urgent/news.html','75.32.104.103',1215530321),(3167,0,'page not found','favicon.ico',1,'','http://jointpaincomfort.com/favicon.ico','','81.153.194.132',1215530420),(3168,0,'page not found','favicon.ico',1,'','http://jointpaincomfort.com/favicon.ico','','90.192.51.131',1215530780),(3162,0,'page not found','favicon.ico',1,'','http://jointpaincomfort.com/favicon.ico','','70.156.31.220',1215529256),(3163,0,'page not found','favicon.ico',1,'','http://jointpaincomfort.com/favicon.ico','http://www.jointpaincomfort.com/?q=content/urgent-news','67.81.78.39',1215529342),(3164,0,'page not found','favicon.ico',1,'','http://jointpaincomfort.com/favicon.ico','','24.167.183.181',1215529488),(3165,0,'page not found','favicon.ico',1,'','http://jointpaincomfort.com/favicon.ico','','128.122.190.101',1215530249),(3156,0,'page not found','favicon.ico',1,'','http://jointpaincomfort.com/favicon.ico','','58.7.202.2',1215527805),(3157,0,'page not found','favicon.ico',1,'','http://jointpaincomfort.com/favicon.ico','','70.82.39.146',1215527894),(3158,0,'page not found','favicon.ico',1,'','http://jointpaincomfort.com/favicon.ico','','66.235.28.77',1215528172),(3159,0,'page not found','favicon.ico',1,'','http://jointpaincomfort.com/favicon.ico','','77.100.122.66',1215528272),(3160,0,'page not found','favicon.ico',1,'','http://jointpaincomfort.com/favicon.ico','','144.162.61.143',1215528347),(3161,0,'page not found','favicon.ico',1,'','http://jointpaincomfort.com/favicon.ico','','202.89.175.220',1215529164),(3154,0,'page not found','favicon.ico',1,'','http://jointpaincomfort.com/favicon.ico','','168.12.253.66',1215527734),(3155,0,'page not found','favicon.ico',1,'','http://jointpaincomfort.com/favicon.ico','','58.7.202.2',1215527803),(3149,0,'page not found','favicon.ico',1,'','http://jointpaincomfort.com/favicon.ico','','70.249.223.6',1215526762),(3150,0,'page not found','favicon.ico',1,'','http://jointpaincomfort.com/favicon.ico','','90.208.1.107',1215527231),(3151,0,'page not found','favicon.ico',1,'','http://jointpaincomfort.com/favicon.ico','','80.249.48.109',1215527359),(3152,0,'page not found','favicon.ico',1,'','http://jointpaincomfort.com/favicon.ico','','65.19.236.221',1215527726),(3153,0,'page not found','favicon.ico',1,'','http://jointpaincomfort.com/favicon.ico','','24.9.209.249',1215527728),(3146,0,'access denied','admin',1,'','http://jointpaincomfort.com/?q=admin','','67.228.207.202',1215526540),(3147,0,'access denied','admin/workflow-ng',1,'','http://jointpaincomfort.com/?q=admin/workflow-ng','','67.228.207.202',1215526541),(3148,0,'page not found','favicon.ico',1,'','http://jointpaincomfort.com/favicon.ico','','81.157.54.59',1215526552),(3145,0,'page not found','favicon.ico',1,'','http://jointpaincomfort.com/favicon.ico','','99.244.108.35',1215526455),(3144,0,'page not found','favicon.ico',1,'','http://jointpaincomfort.com/favicon.ico','http://www.jointpaincomfort.com/urgent/news.html','76.18.240.225',1215526161),(3143,0,'page not found','favicon.ico',1,'','http://jointpaincomfort.com/favicon.ico','','150.70.84.171',1215525603),(3139,0,'page not found','favicon.ico',1,'','http://jointpaincomfort.com/favicon.ico','','124.181.48.18',1215525357),(3140,0,'page not found','favicon.ico',1,'','http://jointpaincomfort.com/favicon.ico','','67.134.55.149',1215525516),(3141,0,'page not found','favicon.ico',1,'','http://jointpaincomfort.com/favicon.ico','','86.131.184.244',1215525529),(3142,0,'page not found','favicon.ico',1,'','http://jointpaincomfort.com/favicon.ico','','24.109.75.123',1215525539),(3134,0,'page not found','favicon.ico',1,'','http://jointpaincomfort.com/favicon.ico','','211.26.104.219',1215524222),(3135,0,'page not found','favicon.ico',1,'','http://jointpaincomfort.com/favicon.ico','','82.26.212.133',1215524312),(3136,0,'page not found','favicon.ico',1,'','http://jointpaincomfort.com/favicon.ico','','99.171.162.59',1215524465),(3137,0,'page not found','favicon.ico',1,'','http://jointpaincomfort.com/favicon.ico','','99.171.162.59',1215524466),(3138,0,'page not found','favicon.ico',1,'','http://jointpaincomfort.com/favicon.ico','','193.60.199.37',1215525182),(3131,0,'page not found','favicon.ico',1,'','http://jointpaincomfort.com/favicon.ico','','122.107.129.129',1215523288),(3132,0,'page not found','favicon.ico',1,'','http://jointpaincomfort.com/favicon.ico','','124.178.33.57',1215523390),(3133,0,'page not found','favicon.ico',1,'','http://jointpaincomfort.com/favicon.ico','','124.178.33.57',1215523460),(3130,0,'page not found','favicon.ico',1,'','http://jointpaincomfort.com/favicon.ico','','86.155.227.137',1215523194),(3124,0,'page not found','favicon.ico',1,'','http://jointpaincomfort.com/favicon.ico','','122.107.129.129',1215522182),(3125,0,'page not found','favicon.ico',1,'','http://jointpaincomfort.com/favicon.ico','','70.80.33.16',1215522612),(3126,0,'page not found','favicon.ico',1,'','http://jointpaincomfort.com/favicon.ico','http://www.jointpaincomfort.com/?q=content/urgent-news','85.189.122.100',1215522652),(3127,0,'page not found','favicon.ico',1,'','http://jointpaincomfort.com/favicon.ico','','217.207.130.78',1215522764),(3128,0,'page not found','favicon.ico',1,'','http://jointpaincomfort.com/favicon.ico','','211.27.244.127',1215522943),(3129,0,'page not found','favicon.ico',1,'','http://jointpaincomfort.com/favicon.ico','','211.27.244.127',1215522951),(3122,0,'page not found','favicon.ico',1,'','http://jointpaincomfort.com/favicon.ico','','81.129.188.61',1215520955),(3123,0,'page not found','favicon.ico',1,'','http://jointpaincomfort.com/favicon.ico','','67.240.69.107',1215521867),(3118,0,'page not found','favicon.ico',1,'','http://jointpaincomfort.com/favicon.ico','','84.92.77.145',1215520167),(3119,0,'page not found','favicon.ico',1,'','http://jointpaincomfort.com/favicon.ico','','72.54.68.150',1215520231),(3120,0,'page not found','favicon.ico',1,'','http://jointpaincomfort.com/favicon.ico','http://www.jointpaincomfort.com/urgent/news.html','70.181.20.107',1215520291),(3121,0,'page not found','favicon.ico',1,'','http://jointpaincomfort.com/favicon.ico','','124.182.180.149',1215520883),(3116,0,'page not found','favicon.ico',1,'','http://jointpaincomfort.com/favicon.ico','','124.183.114.202',1215518938),(3117,0,'page not found','favicon.ico',1,'','http://jointpaincomfort.com/favicon.ico','http://www.jointpaincomfort.com/urgent/news.html','121.44.87.84',1215519752),(3114,0,'page not found','favicon.ico',1,'','http://jointpaincomfort.com/favicon.ico','','83.229.65.42',1215518250),(3115,0,'page not found','favicon.ico',1,'','http://jointpaincomfort.com/favicon.ico','','86.162.116.8',1215518425),(3111,0,'page not found','favicon.ico',1,'','http://jointpaincomfort.com/favicon.ico','','74.4.115.158',1215517272),(3112,0,'page not found','favicon.ico',1,'','http://jointpaincomfort.com/favicon.ico','','150.70.84.171',1215517489),(3113,0,'page not found','favicon.ico',1,'','http://jointpaincomfort.com/favicon.ico','','80.247.94.17',1215517942),(3108,0,'page not found','favicon.ico',1,'','http://jointpaincomfort.com/favicon.ico','','84.13.5.52',1215515984),(3109,0,'page not found','favicon.ico',1,'','http://jointpaincomfort.com/favicon.ico','','91.106.73.148',1215517018),(3110,0,'page not found','favicon.ico',1,'','http://jointpaincomfort.com/favicon.ico','','77.97.155.45',1215517174),(3107,0,'page not found','favicon.ico',1,'','http://jointpaincomfort.com/favicon.ico','','88.110.83.1',1215515855),(3106,0,'page not found','favicon.ico',1,'','http://jointpaincomfort.com/favicon.ico','','72.219.35.98',1215515822),(3104,0,'page not found','favicon.ico',1,'','http://jointpaincomfort.com/favicon.ico','','75.65.51.151',1215514999),(3105,0,'page not found','favicon.ico',1,'','http://jointpaincomfort.com/favicon.ico','http://www.jointpaincomfort.com/?q=content/urgent-news','124.170.91.191',1215515112),(3102,0,'page not found','favicon.ico',1,'','http://jointpaincomfort.com/favicon.ico','http://jointpaincomfort.com/?q=cart/checkout','71.233.20.97',1215514053),(3103,0,'page not found','favicon.ico',1,'','http://jointpaincomfort.com/favicon.ico','','122.107.163.25',1215514816),(3101,0,'page not found','favicon.ico',1,'','http://jointpaincomfort.com/favicon.ico','http://www.jointpaincomfort.com/?q=content/urgent-news','71.233.20.97',1215513878),(3097,0,'page not found','favicon.ico',1,'','http://jointpaincomfort.com/favicon.ico','','81.97.205.5',1215513333),(3098,0,'page not found','favicon.ico',1,'','http://jointpaincomfort.com/favicon.ico','','58.165.142.45',1215513538),(3099,0,'page not found','favicon.ico',1,'','http://jointpaincomfort.com/favicon.ico','','88.105.210.25',1215513721),(3100,0,'page not found','favicon.ico',1,'','http://jointpaincomfort.com/favicon.ico','','121.44.31.121',1215513808),(3094,0,'page not found','favicon.ico',1,'','http://jointpaincomfort.com/favicon.ico','','150.70.84.171',1215513038),(3095,0,'page not found','favicon.ico',1,'','http://jointpaincomfort.com/favicon.ico','','58.160.139.64',1215513109),(3096,0,'page not found','favicon.ico',1,'','http://jointpaincomfort.com/favicon.ico','http://www.jointpaincomfort.com/urgent/news.html','202.7.166.182',1215513270),(3093,0,'page not found','favicon.ico',1,'','http://jointpaincomfort.com/favicon.ico','','121.222.192.248',1215512789),(3092,0,'page not found','favicon.ico',1,'','http://jointpaincomfort.com/favicon.ico','http://www.jointpaincomfort.com/urgent/news.html','86.2.105.111',1215512603),(3091,0,'page not found','favicon.ico',1,'','http://jointpaincomfort.com/favicon.ico','','86.149.180.72',1215512311),(3090,0,'page not found','favicon.ico',1,'','http://jointpaincomfort.com/favicon.ico','','81.96.79.175',1215511927),(3086,0,'page not found','favicon.ico',1,'','http://jointpaincomfort.com/favicon.ico','','78.148.86.109',1215510045),(3087,0,'page not found','favicon.ico',1,'','http://jointpaincomfort.com/favicon.ico','','124.168.176.187',1215510129),(3088,0,'page not found','favicon.ico',1,'','http://jointpaincomfort.com/favicon.ico','','124.168.176.187',1215510131),(3089,0,'page not found','favicon.ico',1,'','http://jointpaincomfort.com/favicon.ico','','86.143.177.57',1215511357),(3084,0,'page not found','favicon.ico',1,'','http://jointpaincomfort.com/favicon.ico','','78.148.118.128',1215509369),(3085,0,'page not found','favicon.ico',1,'','http://jointpaincomfort.com/favicon.ico','','86.21.240.132',1215509926),(3082,0,'page not found','favicon.ico',1,'','http://jointpaincomfort.com/favicon.ico','','213.146.148.81',1215508586),(3083,0,'page not found','favicon.ico',1,'','http://jointpaincomfort.com/favicon.ico','','77.96.169.111',1215509001),(3081,0,'page not found','favicon.ico',1,'','http://jointpaincomfort.com/favicon.ico','','86.164.178.145',1215508575),(3079,0,'page not found','favicon.ico',1,'','http://jointpaincomfort.com/favicon.ico','','203.196.50.128',1215507412),(3080,0,'page not found','favicon.ico',1,'','http://jointpaincomfort.com/favicon.ico','','124.183.148.212',1215507840),(3076,0,'page not found','favicon.ico',1,'','http://jointpaincomfort.com/favicon.ico','','90.199.239.44',1215506551),(3077,0,'page not found','favicon.ico',1,'','http://jointpaincomfort.com/favicon.ico','','203.196.50.128',1215507322),(3078,0,'page not found','favicon.ico',1,'','http://jointpaincomfort.com/favicon.ico','','203.196.50.128',1215507324),(3071,0,'page not found','favicon.ico',1,'','http://jointpaincomfort.com/favicon.ico','','75.128.80.79',1215505618),(3072,0,'page not found','favicon.ico',1,'','http://jointpaincomfort.com/favicon.ico','','163.192.21.42',1215505750),(3073,0,'page not found','favicon.ico',1,'','http://jointpaincomfort.com/favicon.ico','','86.144.143.97',1215505885),(3074,0,'page not found','favicon.ico',1,'','http://jointpaincomfort.com/favicon.ico','','121.222.170.188',1215506282),(3075,0,'page not found','favicon.ico',1,'','http://jointpaincomfort.com/favicon.ico','','78.144.168.72',1215506397),(3070,0,'page not found','favicon.ico',1,'','http://jointpaincomfort.com/favicon.ico','','203.34.16.41',1215505590),(3069,0,'page not found','favicon.ico',1,'','http://jointpaincomfort.com/favicon.ico','','75.128.80.79',1215505410),(3068,0,'page not found','favicon.ico',1,'','http://jointpaincomfort.com/favicon.ico','','75.128.80.79',1215505409),(3067,0,'page not found','favicon.ico',1,'','http://jointpaincomfort.com/favicon.ico','','77.100.82.5',1215505184),(3066,0,'page not found','favicon.ico',1,'','http://jointpaincomfort.com/favicon.ico','','163.192.21.42',1215504912),(3065,0,'page not found','favicon.ico',1,'','http://jointpaincomfort.com/favicon.ico','','58.107.246.249',1215504365),(3064,0,'page not found','Arthritis',1,'','http://jointpaincomfort.com/Arthritis','','72.167.61.87',1215504140),(3063,0,'page not found','favicon.ico',1,'','http://jointpaincomfort.com/favicon.ico','','121.79.14.110',1215503915),(3062,0,'page not found','JointPain',1,'','http://jointpaincomfort.com/JointPain','','68.178.193.114',1215503548),(3060,0,'page not found','favicon.ico',1,'','http://jointpaincomfort.com/favicon.ico','','64.59.144.86',1215502212),(3061,0,'page not found','favicon.ico',1,'','http://jointpaincomfort.com/favicon.ico','','58.172.19.38',1215502929),(3059,0,'user','Login attempt failed for <em>john gasser</em>.',0,'','http://jointpaincomfort.com/?q=cart/checkout&destination=cart%2Fcheckout','http://jointpaincomfort.com/?q=cart/checkout&destination=cart%2Fcheckout','75.24.213.7',1215499379),(3058,0,'user','Login attempt failed for <em>john gasser</em>.',0,'','http://jointpaincomfort.com/?q=cart/checkout&destination=cart%2Fcheckout','http://jointpaincomfort.com/?q=cart/checkout','75.24.213.7',1215499320),(3057,0,'user','Login attempt failed for <em>john gasser</em>.',0,'','http://jointpaincomfort.com/?q=cart/checkout&destination=cart%2Fcheckout','http://jointpaincomfort.com/?q=cart/checkout','75.24.213.7',1215499237),(3055,0,'page not found','favicon.ico',1,'','http://jointpaincomfort.com/favicon.ico','','98.208.14.151',1215498582),(3056,0,'page not found','favicon.ico',1,'','http://jointpaincomfort.com/favicon.ico','','72.25.192.4',1215498763),(3054,0,'page not found','favicon.ico',1,'','http://jointpaincomfort.com/favicon.ico','','76.8.163.238',1215498502),(3053,0,'page not found','favicon.ico',1,'','http://jointpaincomfort.com/favicon.ico','','154.20.252.193',1215497667),(3052,0,'page not found','favicon.ico',1,'','http://jointpaincomfort.com/favicon.ico','','203.171.78.137',1215497194),(3051,0,'page not found','favicon.ico',1,'','http://jointpaincomfort.com/favicon.ico','','203.220.231.182',1215496513),(3050,0,'page not found','favicon.ico',1,'','http://jointpaincomfort.com/favicon.ico','http://www.jointpaincomfort.com/?q=content/urgent-news','121.223.189.111',1215496454),(3049,0,'page not found','favicon.ico',1,'','http://jointpaincomfort.com/favicon.ico','','220.238.65.42',1215495930),(3048,0,'page not found','favicon.ico',1,'','http://jointpaincomfort.com/favicon.ico','','130.102.0.177',1215495770),(3046,0,'page not found','favicon.ico',1,'','http://jointpaincomfort.com/favicon.ico','','67.160.148.235',1215495548),(3047,0,'page not found','favicon.ico',1,'','http://jointpaincomfort.com/favicon.ico','','130.102.0.177',1215495767),(3045,0,'page not found','favicon.ico',1,'','http://jointpaincomfort.com/favicon.ico','','24.68.46.167',1215495230),(3044,0,'page not found','favicon.ico',1,'','http://jointpaincomfort.com/favicon.ico','','72.48.101.9',1215494597),(3043,0,'page not found','favicon.ico',1,'','http://jointpaincomfort.com/favicon.ico','','72.235.194.116',1215494538),(3042,0,'page not found','favicon.ico',1,'','http://jointpaincomfort.com/favicon.ico','','121.216.232.46',1215494529),(3041,0,'page not found','favicon.ico',1,'','http://jointpaincomfort.com/favicon.ico','','64.175.39.141',1215493846),(3039,0,'page not found','favicon.ico',1,'','http://jointpaincomfort.com/favicon.ico','','121.216.232.46',1215493688),(3040,0,'page not found','favicon.ico',1,'','http://jointpaincomfort.com/favicon.ico','','203.35.165.62',1215493799),(3037,0,'page not found','favicon.ico',1,'','http://jointpaincomfort.com/favicon.ico','','70.71.124.29',1215493328),(3038,0,'page not found','favicon.ico',1,'','http://jointpaincomfort.com/favicon.ico','','121.216.232.46',1215493688),(3035,0,'page not found','favicon.ico',1,'','http://jointpaincomfort.com/favicon.ico','','122.104.16.206',1215492840),(3036,0,'page not found','favicon.ico',1,'','http://jointpaincomfort.com/favicon.ico','','142.59.179.54',1215493205),(3033,0,'page not found','favicon.ico',1,'','http://jointpaincomfort.com/favicon.ico','','142.59.179.54',1215492522),(3034,0,'page not found','favicon.ico',1,'','http://jointpaincomfort.com/favicon.ico','','198.161.121.250',1215492749),(3032,0,'page not found','favicon.ico',1,'','http://jointpaincomfort.com/favicon.ico','http://jointpaincomfort.com/?q=cart/checkout','24.36.220.62',1215492152),(3030,0,'page not found','favicon.ico',1,'','http://jointpaincomfort.com/favicon.ico','http://www.jointpaincomfort.com/?q=content/urgent-news','24.36.220.62',1215491964),(3031,0,'page not found','favicon.ico',1,'','http://jointpaincomfort.com/favicon.ico','','202.137.174.223',1215492055),(3029,0,'page not found','favicon.ico',1,'','http://jointpaincomfort.com/favicon.ico','','24.82.203.246',1215491152),(3028,0,'page not found','favicon.ico',1,'','http://jointpaincomfort.com/favicon.ico','','68.4.217.60',1215490669),(3027,0,'page not found','images/menu-collapsed.gif',1,'','http://jointpaincomfort.com/images/menu-collapsed.gif','http://jointpaincomfort.com/?q=admin/workflow-ng/node-log','69.19.14.17',1215490657),(3026,0,'page not found','images/menu-expanded.gif',1,'','http://jointpaincomfort.com/images/menu-expanded.gif','http://jointpaincomfort.com/?q=admin/workflow-ng/node-log','69.19.14.17',1215490656),(3025,0,'page not found','images/menu-leaf.gif',1,'','http://jointpaincomfort.com/images/menu-leaf.gif','http://jointpaincomfort.com/?q=admin/workflow-ng/node-log','69.19.14.17',1215490656),(3024,0,'page not found','images/bg_footer.gif',1,'','http://jointpaincomfort.com/images/bg_footer.gif','http://jointpaincomfort.com/?q=cart','69.19.14.17',1215490593),(3023,0,'page not found','images/corner_sidebottomright.gif',1,'','http://jointpaincomfort.com/images/corner_sidebottomright.gif','http://jointpaincomfort.com/?q=cart','69.19.14.17',1215490592),(3022,0,'page not found','images/corner_sidebottomleft.gif',1,'','http://jointpaincomfort.com/images/corner_sidebottomleft.gif','http://jointpaincomfort.com/?q=cart','69.19.14.17',1215490591),(3021,0,'page not found','images/corner_sidetopright.gif',1,'','http://jointpaincomfort.com/images/corner_sidetopright.gif','http://jointpaincomfort.com/?q=cart','69.19.14.17',1215490591),(3020,0,'page not found','images/corner_sidetopleft.gif',1,'','http://jointpaincomfort.com/images/corner_sidetopleft.gif','http://jointpaincomfort.com/?q=cart','69.19.14.17',1215490590),(3019,0,'page not found','images/main_bottom-right.gif',1,'','http://jointpaincomfort.com/images/main_bottom-right.gif','http://jointpaincomfort.com/?q=cart','69.19.14.17',1215490589),(3018,0,'page not found','images/main_bottom-left.gif',1,'','http://jointpaincomfort.com/images/main_bottom-left.gif','http://jointpaincomfort.com/?q=cart','69.19.14.17',1215490589),(3017,0,'page not found','favicon.ico',1,'','http://jointpaincomfort.com/favicon.ico','','218.215.66.89',1215490588),(3016,0,'page not found','images/main_bottom.gif',1,'','http://jointpaincomfort.com/images/main_bottom.gif','http://jointpaincomfort.com/?q=cart','69.19.14.17',1215490587),(3015,0,'page not found','images/main_top-right.gif',1,'','http://jointpaincomfort.com/images/main_top-right.gif','http://jointpaincomfort.com/?q=cart','69.19.14.17',1215490586),(3013,0,'page not found','images/main_top.gif',1,'','http://jointpaincomfort.com/images/main_top.gif','http://jointpaincomfort.com/?q=cart','69.19.14.17',1215490585),(3014,0,'page not found','images/main_top-left.gif',1,'','http://jointpaincomfort.com/images/main_top-left.gif','http://jointpaincomfort.com/?q=cart','69.19.14.17',1215490586),(3012,0,'page not found','images/bg_main-right.gif',1,'','http://jointpaincomfort.com/images/bg_main-right.gif','http://jointpaincomfort.com/?q=cart','69.19.14.17',1215490584),(3011,0,'page not found','images/bg_main-left.gif',1,'','http://jointpaincomfort.com/images/bg_main-left.gif','http://jointpaincomfort.com/?q=cart','69.19.14.17',1215490584),(3010,0,'page not found','images/bg_main.gif',1,'','http://jointpaincomfort.com/images/bg_main.gif','http://jointpaincomfort.com/?q=cart','69.19.14.17',1215490583),(3009,0,'page not found','images/block_middle.gif',1,'','http://jointpaincomfort.com/images/block_middle.gif','http://jointpaincomfort.com/?q=cart','69.19.14.17',1215490583),(3008,0,'page not found','images/bg_header.gif',1,'','http://jointpaincomfort.com/images/bg_header.gif','http://jointpaincomfort.com/?q=cart','69.19.14.17',1215490582),(3007,0,'page not found','images/bg.gif',1,'','http://jointpaincomfort.com/images/bg.gif','http://jointpaincomfort.com/?q=cart','69.19.14.17',1215490581),(3006,0,'page not found','images/button_joinnow-ie6.gif',1,'','http://jointpaincomfort.com/images/button_joinnow-ie6.gif','http://jointpaincomfort.com/?q=cart','69.19.14.17',1215490580),(3004,0,'page not found','favicon.ico',1,'','http://jointpaincomfort.com/favicon.ico','','69.11.56.168',1215490229),(3005,0,'page not found','favicon.ico',1,'','http://jointpaincomfort.com/favicon.ico','','69.19.14.17',1215490262),(3003,0,'page not found','favicon.ico',1,'','http://jointpaincomfort.com/favicon.ico','','60.230.77.100',1215490149),(3001,0,'page not found','favicon.ico',1,'','http://jointpaincomfort.com/favicon.ico','','70.69.36.38',1215489969),(3002,0,'page not found','favicon.ico',1,'','http://jointpaincomfort.com/favicon.ico','','75.25.3.252',1215490065),(3000,0,'page not found','favicon.ico',1,'','http://jointpaincomfort.com/favicon.ico','','96.20.146.44',1215489912),(2999,0,'page not found','favicon.ico',1,'','http://jointpaincomfort.com/favicon.ico','','71.164.246.32',1215489635),(2998,0,'page not found','favicon.ico',1,'','http://jointpaincomfort.com/favicon.ico','','76.177.231.102',1215489449),(2996,0,'page not found','favicon.ico',1,'','http://jointpaincomfort.com/favicon.ico','','216.36.162.147',1215488105),(2997,0,'page not found','favicon.ico',1,'','http://jointpaincomfort.com/favicon.ico','','76.16.134.100',1215489004),(2995,0,'page not found','favicon.ico',1,'','http://jointpaincomfort.com/favicon.ico','','216.36.162.147',1215488102),(2994,0,'page not found','favicon.ico',1,'','http://jointpaincomfort.com/favicon.ico','http://www.jointpaincomfort.com/urgent/news.html','99.250.193.108',1215487853),(2992,0,'page not found','favicon.ico',1,'','http://jointpaincomfort.com/favicon.ico','','24.45.89.242',1215487051),(2993,0,'page not found','favicon.ico',1,'','http://jointpaincomfort.com/favicon.ico','','209.183.51.45',1215487630),(2991,0,'page not found','favicon.ico',1,'','http://jointpaincomfort.com/favicon.ico','','24.45.89.242',1215486814),(2990,0,'page not found','favicon.ico',1,'','http://jointpaincomfort.com/favicon.ico','','70.152.253.125',1215486789),(2988,0,'page not found','favicon.ico',1,'','http://jointpaincomfort.com/favicon.ico','','70.48.21.208',1215486301),(2989,0,'page not found','favicon.ico',1,'','http://jointpaincomfort.com/favicon.ico','','59.100.49.252',1215486584),(2987,0,'page not found','favicon.ico',1,'','http://jointpaincomfort.com/favicon.ico','','74.15.30.24',1215486244),(2985,0,'page not found','favicon.ico',1,'','http://jointpaincomfort.com/favicon.ico','','64.131.2.102',1215486184),(2986,0,'page not found','favicon.ico',1,'','http://jointpaincomfort.com/favicon.ico','','74.38.131.219',1215486213),(2983,0,'page not found','favicon.ico',1,'','http://jointpaincomfort.com/favicon.ico','','64.136.27.231',1215486019),(2984,0,'page not found','favicon.ico',1,'','http://jointpaincomfort.com/favicon.ico','','64.131.2.102',1215486181),(2982,0,'page not found','favicon.ico',1,'','http://jointpaincomfort.com/favicon.ico','','24.178.71.217',1215485926),(2981,0,'page not found','favicon.ico',1,'','http://jointpaincomfort.com/favicon.ico','','124.171.229.27',1215485778),(2980,0,'page not found','favicon.ico',1,'','http://jointpaincomfort.com/favicon.ico','','75.93.86.161',1215485624),(2978,0,'page not found','favicon.ico',1,'','http://jointpaincomfort.com/favicon.ico','','69.145.16.224',1215485441),(2979,0,'page not found','favicon.ico',1,'','http://jointpaincomfort.com/favicon.ico','http://www.jointpaincomfort.com/urgent/news.html','76.173.80.141',1215485610),(2977,0,'page not found','favicon.ico',1,'','http://jointpaincomfort.com/favicon.ico','','98.24.173.197',1215485385),(2976,0,'page not found','favicon.ico',1,'','http://jointpaincomfort.com/favicon.ico','','67.64.184.45',1215485271),(2974,0,'page not found','favicon.ico',1,'','http://jointpaincomfort.com/favicon.ico','','207.161.147.148',1215484026),(2975,0,'page not found','favicon.ico',1,'','http://jointpaincomfort.com/favicon.ico','','211.28.239.66',1215485248),(2973,0,'page not found','favicon.ico',1,'','http://jointpaincomfort.com/favicon.ico','','75.9.134.171',1215483838),(2972,0,'page not found','favicon.ico',1,'','http://jointpaincomfort.com/favicon.ico','','24.126.202.211',1215483753),(2971,0,'page not found','favicon.ico',1,'','http://jointpaincomfort.com/favicon.ico','','210.1.210.127',1215482852),(2970,0,'page not found','favicon.ico',1,'','http://jointpaincomfort.com/favicon.ico','','209.137.230.38',1215482806),(2969,0,'page not found','favicon.ico',1,'','http://jointpaincomfort.com/favicon.ico','','71.142.212.210',1215482717),(2967,0,'page not found','favicon.ico',1,'','http://jointpaincomfort.com/favicon.ico','','74.170.207.195',1215482696),(2968,0,'page not found','favicon.ico',1,'','http://jointpaincomfort.com/favicon.ico','','70.66.208.30',1215482714),(2966,0,'page not found','favicon.ico',1,'','http://jointpaincomfort.com/favicon.ico','','199.126.140.204',1215482043),(2965,0,'page not found','favicon.ico',1,'','http://jointpaincomfort.com/favicon.ico','','68.192.232.83',1215481993),(2964,0,'page not found','favicon.ico',1,'','http://jointpaincomfort.com/favicon.ico','','68.192.232.83',1215481990),(2963,0,'page not found','favicon.ico',1,'','http://jointpaincomfort.com/favicon.ico','','199.126.140.204',1215481688),(2962,180,'access denied','user/register',1,'','http://jointpaincomfort.com/?q=user/register','http://jointpaincomfort.com/?q=content/urgent-news&destination=node%2F184','58.111.149.21',1215481501),(2960,0,'page not found','favicon.ico',1,'','http://jointpaincomfort.com/favicon.ico','','71.210.142.75',1215481484),(2961,180,'access denied','user/register',1,'','http://jointpaincomfort.com/?q=user/register','http://jointpaincomfort.com/?q=content/urgent-news&destination=node%2F184','58.111.149.21',1215481495),(2959,180,'access denied','user/register',1,'','http://jointpaincomfort.com/?q=user/register','http://jointpaincomfort.com/?q=content/urgent-news&destination=node%2F184','58.111.149.21',1215481481),(2957,0,'page not found','favicon.ico',1,'','http://jointpaincomfort.com/favicon.ico','','24.201.131.35',1215481071),(2958,0,'page not found','favicon.ico',1,'','http://jointpaincomfort.com/favicon.ico','','216.36.180.171',1215481205),(2955,0,'page not found','favicon.ico',1,'','http://jointpaincomfort.com/favicon.ico','','71.142.131.61',1215480873),(2956,0,'user','New user: <em>Martin</em> <em>&lt;MJaeschke25@aol.com&gt;</em>.',0,'<a href=\"/?q=user/180/edit\">edit</a>','http://jointpaincomfort.com/?q=user/register','http://jointpaincomfort.com/?q=user/register','58.111.149.21',1215480998),(2954,0,'user','Login attempt failed for <em>Martin </em>.',0,'','http://jointpaincomfort.com/?q=cart&destination=cart','http://jointpaincomfort.com/?q=cart','58.111.149.21',1215480842),(2952,0,'page not found','favicon.ico',1,'','http://jointpaincomfort.com/favicon.ico','','71.200.114.169',1215479893),(2953,0,'page not found','favicon.ico',1,'','http://jointpaincomfort.com/favicon.ico','','58.111.149.21',1215480503),(2951,0,'page not found','favicon.ico',1,'','http://jointpaincomfort.com/favicon.ico','','71.66.99.98',1215479814),(2950,0,'page not found','favicon.ico',1,'','http://jointpaincomfort.com/favicon.ico','','76.109.0.94',1215479417),(2949,0,'page not found','favicon.ico',1,'','http://jointpaincomfort.com/favicon.ico','','65.5.241.135',1215478229),(2948,0,'user','Login attempt failed for <em>fremar29@peoplepc.com</em>.',0,'','http://jointpaincomfort.com/?q=image/recent&destination=image%2Frecent','http://jointpaincomfort.com/?q=image/recent','207.69.137.25',1215477959),(2946,0,'page not found','favicon.ico',1,'','http://jointpaincomfort.com/favicon.ico','','69.117.95.221',1215477440),(2947,0,'page not found','favicon.ico',1,'','http://jointpaincomfort.com/favicon.ico','','122.105.127.47',1215477481),(2945,0,'page not found','favicon.ico',1,'','http://jointpaincomfort.com/favicon.ico','','207.161.53.17',1215477216),(2943,0,'page not found','favicon.ico',1,'','http://jointpaincomfort.com/favicon.ico','','71.179.0.153',1215477027),(2944,0,'page not found','favicon.ico',1,'','http://jointpaincomfort.com/favicon.ico','','165.228.185.210',1215477202),(2941,0,'page not found','favicon.ico',1,'','http://jointpaincomfort.com/favicon.ico','','98.242.137.16',1215476546),(2942,0,'page not found','favicon.ico',1,'','http://jointpaincomfort.com/favicon.ico','','207.69.137.25',1215476915),(2940,0,'page not found','favicon.ico',1,'','http://jointpaincomfort.com/favicon.ico','','24.130.77.31',1215476262),(2938,0,'page not found','favicon.ico',1,'','http://jointpaincomfort.com/favicon.ico','','68.47.20.67',1215475145),(2939,0,'page not found','favicon.ico',1,'','http://jointpaincomfort.com/favicon.ico','','24.247.82.43',1215476110),(2937,0,'page not found','favicon.ico',1,'','http://jointpaincomfort.com/favicon.ico','','220.245.178.134',1215475076),(2935,0,'page not found','favicon.ico',1,'','http://jointpaincomfort.com/favicon.ico','','209.137.247.150',1215474156),(2936,0,'page not found','favicon.ico',1,'','http://jointpaincomfort.com/favicon.ico','','71.97.132.212',1215474540),(2934,0,'page not found','favicon.ico',1,'','http://jointpaincomfort.com/favicon.ico','','61.68.178.96',1215473777),(2933,0,'page not found','favicon.ico',1,'','http://jointpaincomfort.com/favicon.ico','','86.164.190.118',1215473485),(2931,0,'page not found','favicon.ico',1,'','http://jointpaincomfort.com/favicon.ico','','208.119.151.48',1215473437),(2932,0,'page not found','favicon.ico',1,'','http://jointpaincomfort.com/favicon.ico','','208.119.151.48',1215473440),(2930,0,'page not found','favicon.ico',1,'','http://jointpaincomfort.com/favicon.ico','','24.188.146.67',1215473289),(2928,0,'page not found','favicon.ico',1,'','http://jointpaincomfort.com/favicon.ico','','24.117.9.14',1215473048),(2929,0,'page not found','favicon.ico',1,'','http://jointpaincomfort.com/favicon.ico','','38.106.148.55',1215473141),(2927,0,'page not found','favicon.ico',1,'','http://jointpaincomfort.com/favicon.ico','','204.111.115.22',1215472930),(2926,0,'page not found','favicon.ico',1,'','http://jointpaincomfort.com/favicon.ico','','71.238.184.89',1215472656),(2924,0,'page not found','favicon.ico',1,'','http://jointpaincomfort.com/favicon.ico','','76.3.73.200',1215472058),(2925,0,'page not found','favicon.ico',1,'','http://jointpaincomfort.com/favicon.ico','','66.55.226.71',1215472473),(2923,0,'page not found','favicon.ico',1,'','http://jointpaincomfort.com/favicon.ico','','172.191.33.215',1215471925),(2921,0,'page not found','favicon.ico',1,'','http://jointpaincomfort.com/favicon.ico','','77.98.49.106',1215471575),(2922,0,'page not found','favicon.ico',1,'','http://jointpaincomfort.com/favicon.ico','','207.69.140.22',1215471892),(2920,0,'page not found','favicon.ico',1,'','http://jointpaincomfort.com/favicon.ico','','77.98.49.106',1215471575),(2918,0,'page not found','favicon.ico',1,'','http://jointpaincomfort.com/favicon.ico','','72.226.50.144',1215471520),(2919,0,'page not found','favicon.ico',1,'','http://jointpaincomfort.com/favicon.ico','','77.98.49.106',1215471574),(2917,0,'page not found','favicon.ico',1,'','http://jointpaincomfort.com/favicon.ico','http://www.jointpaincomfort.com/?q=content/urgent-news','24.124.89.237',1215470707),(2915,0,'page not found','favicon.ico',1,'','http://jointpaincomfort.com/favicon.ico','','92.40.63.209',1215470398),(2916,0,'page not found','favicon.ico',1,'','http://jointpaincomfort.com/favicon.ico','http://jointpaincomfort.com/?q=cart/checkout','207.32.175.104',1215470589),(2913,0,'page not found','favicon.ico',1,'','http://jointpaincomfort.com/favicon.ico','','76.197.167.117',1215470300),(2914,0,'page not found','favicon.ico',1,'','http://jointpaincomfort.com/favicon.ico','http://www.jointpaincomfort.com/?q=content/urgent-news','207.32.175.104',1215470381),(2911,0,'page not found','favicon.ico',1,'','http://jointpaincomfort.com/favicon.ico','','24.119.70.193',1215470229),(2912,0,'page not found','favicon.ico',1,'','http://jointpaincomfort.com/favicon.ico','','79.74.94.79',1215470268),(2908,0,'page not found','favicon.ico',1,'','http://jointpaincomfort.com/favicon.ico','','67.42.0.58',1215470025),(2909,0,'page not found','favicon.ico',1,'','http://jointpaincomfort.com/favicon.ico','','76.122.162.160',1215470063),(2910,0,'page not found','favicon.ico',1,'','http://jointpaincomfort.com/favicon.ico','','70.230.166.37',1215470078),(2907,0,'page not found','favicon.ico',1,'','http://jointpaincomfort.com/favicon.ico','','67.42.0.58',1215470024),(2905,0,'page not found','favicon.ico',1,'','http://jointpaincomfort.com/favicon.ico','http://www.jointpaincomfort.com/urgent/news.html','71.80.168.132',1215469727),(2906,0,'page not found','favicon.ico',1,'','http://jointpaincomfort.com/favicon.ico','http://jointpaincomfort.com/?q=cart/checkout','71.80.168.132',1215469889),(2903,0,'page not found','favicon.ico',1,'','http://jointpaincomfort.com/favicon.ico','','124.178.32.93',1215469416),(2904,0,'page not found','favicon.ico',1,'','http://jointpaincomfort.com/favicon.ico','','207.192.201.200',1215469568),(2901,0,'page not found','favicon.ico',1,'','http://jointpaincomfort.com/favicon.ico','','82.10.140.149',1215469017),(2902,0,'page not found','favicon.ico',1,'','http://jointpaincomfort.com/favicon.ico','','66.227.251.59',1215469153),(2899,0,'page not found','favicon.ico',1,'','http://jointpaincomfort.com/favicon.ico','','68.18.220.42',1215468158),(2900,0,'page not found','favicon.ico',1,'','http://jointpaincomfort.com/favicon.ico','','66.244.68.241',1215468557),(2897,0,'page not found','favicon.ico',1,'','http://jointpaincomfort.com/favicon.ico','','122.107.178.237',1215467933),(2898,0,'page not found','favicon.ico',1,'','http://jointpaincomfort.com/favicon.ico','','69.95.91.209',1215468037),(2895,0,'page not found','favicon.ico',1,'','http://jointpaincomfort.com/favicon.ico','','66.157.158.11',1215467289),(2896,0,'page not found','favicon.ico',1,'','http://jointpaincomfort.com/favicon.ico','','66.157.158.11',1215467290),(2894,0,'page not found','favicon.ico',1,'','http://jointpaincomfort.com/favicon.ico','','66.157.158.11',1215467288),(2893,0,'page not found','favicon.ico',1,'','http://jointpaincomfort.com/favicon.ico','','66.157.158.11',1215467287),(2892,0,'page not found','favicon.ico',1,'','http://jointpaincomfort.com/favicon.ico','','88.107.109.75',1215467258),(2890,0,'page not found','favicon.ico',1,'','http://jointpaincomfort.com/favicon.ico','','88.109.193.212',1215466258),(2891,0,'page not found','favicon.ico',1,'','http://jointpaincomfort.com/favicon.ico','','66.188.6.18',1215466851),(2889,0,'page not found','favicon.ico',1,'','http://jointpaincomfort.com/favicon.ico','','68.63.186.15',1215465976),(2888,0,'page not found','favicon.ico',1,'','http://jointpaincomfort.com/favicon.ico','','68.63.186.15',1215465973),(2887,0,'page not found','favicon.ico',1,'','http://jointpaincomfort.com/favicon.ico','','150.108.209.210',1215465489),(2886,0,'page not found','favicon.ico',1,'','http://jointpaincomfort.com/favicon.ico','','12.215.79.243',1215465270),(2885,0,'page not found','favicon.ico',1,'','http://jointpaincomfort.com/favicon.ico','','64.59.144.22',1215464967),(2883,0,'page not found','favicon.ico',1,'','http://jointpaincomfort.com/favicon.ico','','64.231.185.225',1215464791),(2884,0,'page not found','favicon.ico',1,'','http://jointpaincomfort.com/favicon.ico','','199.66.3.5',1215464929),(2882,0,'page not found','favicon.ico',1,'','http://jointpaincomfort.com/favicon.ico','','82.38.157.170',1215464550),(2881,0,'page not found','files/jointpain_',1,'','http://jointpaincomfort.com/files/jointpain_','','204.246.129.196',1215464229),(2880,0,'page not found','MSOffice/cltreq.asp',1,'','http://jointpaincomfort.com/MSOffice/cltreq.asp?UL=1&ACT=4&BUILD=6254&STRMVER=4&CAPREQ=0','','194.73.236.51',1215464007),(2878,0,'page not found','favicon.ico',1,'','http://jointpaincomfort.com/favicon.ico','','86.140.20.162',1215463889),(2879,0,'page not found','_vti_bin/owssvr.dll',1,'','http://jointpaincomfort.com/_vti_bin/owssvr.dll?UL=1&ACT=4&BUILD=6254&STRMVER=4&CAPREQ=0','','194.73.236.51',1215464006),(2877,0,'page not found','favicon.ico',1,'','http://jointpaincomfort.com/favicon.ico','','64.59.144.22',1215463654),(2875,0,'page not found','favicon.ico',1,'','http://jointpaincomfort.com/favicon.ico','','24.222.69.62',1215463638),(2876,0,'page not found','favicon.ico',1,'','http://jointpaincomfort.com/favicon.ico','','64.59.144.22',1215463654),(2873,0,'page not found','favicon.ico',1,'','http://jointpaincomfort.com/favicon.ico','','66.161.203.16',1215463594),(2874,0,'page not found','favicon.ico',1,'','http://jointpaincomfort.com/favicon.ico','','64.92.22.86',1215463605),(2872,0,'page not found','favicon.ico',1,'','http://jointpaincomfort.com/favicon.ico','','90.200.203.142',1215463521),(2871,0,'page not found','favicon.ico',1,'','http://jointpaincomfort.com/favicon.ico','http://www.jointpaincomfort.com/urgent/news.html','149.254.200.220',1215463312),(2869,0,'page not found','favicon.ico',1,'','http://jointpaincomfort.com/favicon.ico','','86.139.159.206',1215463114),(2870,0,'page not found','favicon.ico',1,'','http://jointpaincomfort.com/favicon.ico','','86.139.159.206',1215463116),(2868,0,'page not found','favicon.ico',1,'','http://jointpaincomfort.com/favicon.ico','','24.70.95.204',1215462782),(2866,0,'page not found','favicon.ico',1,'','http://jointpaincomfort.com/favicon.ico','','68.196.151.176',1215462436),(2867,0,'page not found','favicon.ico',1,'','http://jointpaincomfort.com/favicon.ico','','71.230.96.130',1215462440),(2865,0,'page not found','favicon.ico',1,'','http://jointpaincomfort.com/favicon.ico','','72.161.29.6',1215462263),(2863,0,'page not found','favicon.ico',1,'','http://jointpaincomfort.com/favicon.ico','','86.27.7.151',1215461578),(2864,0,'page not found','favicon.ico',1,'','http://jointpaincomfort.com/favicon.ico','','66.165.15.13',1215462192),(2862,0,'page not found','favicon.ico',1,'','http://jointpaincomfort.com/favicon.ico','','75.21.77.200',1215461452),(2861,0,'page not found','favicon.ico',1,'','http://jointpaincomfort.com/favicon.ico','','204.191.77.65',1215461379),(2860,0,'page not found','favicon.ico',1,'','http://jointpaincomfort.com/favicon.ico','','204.191.77.65',1215461374),(2859,0,'page not found','favicon.ico',1,'','http://jointpaincomfort.com/favicon.ico','','90.208.4.142',1215461313),(2858,0,'page not found','favicon.ico',1,'','http://jointpaincomfort.com/favicon.ico','','64.236.245.243',1215460980),(2857,0,'page not found','favicon.ico',1,'','http://jointpaincomfort.com/favicon.ico','','24.210.85.222',1215460973),(2856,0,'page not found','favicon.ico',1,'','http://jointpaincomfort.com/favicon.ico','','77.98.169.132',1215460928),(2854,0,'page not found','favicon.ico',1,'','http://jointpaincomfort.com/favicon.ico','','75.51.201.214',1215460791),(2855,0,'page not found','favicon.ico',1,'','http://jointpaincomfort.com/favicon.ico','','216.138.194.5',1215460861),(2853,0,'page not found','favicon.ico',1,'','http://jointpaincomfort.com/favicon.ico','','86.156.135.46',1215460154),(2852,0,'page not found','favicon.ico',1,'','http://jointpaincomfort.com/favicon.ico','','86.156.135.46',1215459908),(2851,0,'page not found','favicon.ico',1,'','http://jointpaincomfort.com/favicon.ico','','24.177.151.254',1215459713),(2850,0,'page not found','favicon.ico',1,'','http://jointpaincomfort.com/favicon.ico','','142.46.227.65',1215459659),(2848,0,'page not found','favicon.ico',1,'','http://jointpaincomfort.com/favicon.ico','','86.131.17.152',1215459567),(2849,0,'page not found','favicon.ico',1,'','http://jointpaincomfort.com/favicon.ico','','90.210.236.162',1215459595),(2847,0,'page not found','favicon.ico',1,'','http://jointpaincomfort.com/favicon.ico','','8.9.211.126',1215459545),(2846,0,'page not found','favicon.ico',1,'','http://jointpaincomfort.com/favicon.ico','','8.9.211.126',1215459542),(2845,0,'page not found','favicon.ico',1,'','http://jointpaincomfort.com/favicon.ico','','216.138.135.20',1215459403),(2843,0,'page not found','favicon.ico',1,'','http://jointpaincomfort.com/favicon.ico','','66.194.221.178',1215458814),(2844,0,'page not found','favicon.ico',1,'','http://jointpaincomfort.com/favicon.ico','','66.194.221.178',1215458829),(2842,0,'page not found','favicon.ico',1,'','http://jointpaincomfort.com/favicon.ico','','68.98.132.37',1215458545),(2841,0,'page not found','favicon.ico',1,'','http://jointpaincomfort.com/favicon.ico','','81.104.255.192',1215458375),(2840,0,'page not found','favicon.ico',1,'','http://jointpaincomfort.com/favicon.ico','','78.149.73.23',1215458346),(2839,0,'page not found','favicon.ico',1,'','http://jointpaincomfort.com/favicon.ico','','24.11.74.216',1215457785),(2838,0,'page not found','MSOffice/cltreq.asp',1,'','http://jointpaincomfort.com/MSOffice/cltreq.asp?UL=1&ACT=4&BUILD=8164&STRMVER=4&CAPREQ=0','','169.137.202.50',1215457723),(2837,0,'page not found','_vti_bin/owssvr.dll',1,'','http://jointpaincomfort.com/_vti_bin/owssvr.dll?UL=1&ACT=4&BUILD=8164&STRMVER=4&CAPREQ=0','','169.137.202.50',1215457722),(2836,0,'page not found','favicon.ico',1,'','http://jointpaincomfort.com/favicon.ico','','24.67.218.88',1215457631),(2835,0,'page not found','favicon.ico',1,'','http://jointpaincomfort.com/favicon.ico','','75.72.192.81',1215455792),(2834,0,'page not found','favicon.ico',1,'','http://jointpaincomfort.com/favicon.ico','','90.209.199.235',1215455515),(2832,0,'page not found','favicon.ico',1,'','http://jointpaincomfort.com/favicon.ico','','90.200.4.189',1215454629),(2833,0,'page not found','favicon.ico',1,'','http://jointpaincomfort.com/favicon.ico','','65.19.236.221',1215454680),(2831,0,'page not found','favicon.ico',1,'','http://jointpaincomfort.com/favicon.ico','','71.37.37.49',1215454573),(2830,0,'page not found','favicon.ico',1,'','http://jointpaincomfort.com/favicon.ico','','80.192.133.18',1215453957),(2828,0,'page not found','favicon.ico',1,'','http://jointpaincomfort.com/favicon.ico','','65.202.164.43',1215453578),(2829,178,'access denied','user/login',1,'','http://jointpaincomfort.com/?q=user/login','http://jointpaincomfort.com/?q=cart/checkout','65.3.161.63',1215453648),(2827,0,'page not found','favicon.ico',1,'','http://jointpaincomfort.com/favicon.ico','','80.6.3.142',1215453571),(2825,0,'page not found','favicon.ico',1,'','http://jointpaincomfort.com/favicon.ico','','67.173.17.232',1215453190),(2826,178,'user','Session opened for <em>esmith2</em>.',0,'','http://jointpaincomfort.com/?q=user','http://jointpaincomfort.com/?q=user','65.3.161.63',1215453540),(2824,0,'page not found','favicon.ico',1,'','http://jointpaincomfort.com/favicon.ico','','76.0.200.175',1215452792),(2821,0,'page not found','favicon.ico',1,'','http://jointpaincomfort.com/favicon.ico','','86.20.132.250',1215452566),(2822,0,'page not found','favicon.ico',1,'','http://jointpaincomfort.com/favicon.ico','','68.116.155.102',1215452613),(2823,0,'page not found','favicon.ico',1,'','http://jointpaincomfort.com/favicon.ico','','77.98.114.136',1215452710),(2818,0,'page not found','favicon.ico',1,'','http://jointpaincomfort.com/favicon.ico','','207.192.242.131',1215452414),(2819,0,'page not found','favicon.ico',1,'','http://jointpaincomfort.com/favicon.ico','','86.143.143.60',1215452440),(2820,0,'page not found','favicon.ico',1,'','http://jointpaincomfort.com/favicon.ico','','88.105.1.79',1215452543),(2816,0,'page not found','favicon.ico',1,'','http://jointpaincomfort.com/favicon.ico','','89.240.148.160',1215452339),(2817,0,'page not found','favicon.ico',1,'','http://jointpaincomfort.com/favicon.ico','','75.146.143.61',1215452413),(2813,0,'page not found','favicon.ico',1,'','http://jointpaincomfort.com/favicon.ico','','71.166.10.210',1215450744),(2814,0,'page not found','favicon.ico',1,'','http://jointpaincomfort.com/favicon.ico','','86.3.120.247',1215451434),(2815,0,'page not found','favicon.ico',1,'','http://jointpaincomfort.com/favicon.ico','','70.135.170.196',1215451648),(2811,0,'page not found','favicon.ico',1,'','http://jointpaincomfort.com/favicon.ico','','69.95.176.110',1215450648),(2812,0,'page not found','favicon.ico',1,'','http://jointpaincomfort.com/favicon.ico','','80.195.80.31',1215450730),(2808,0,'page not found','favicon.ico',1,'','http://jointpaincomfort.com/favicon.ico','','87.112.1.252',1215450096),(2809,0,'page not found','favicon.ico',1,'','http://jointpaincomfort.com/favicon.ico','','75.41.210.117',1215450440),(2810,0,'page not found','favicon.ico',1,'','http://jointpaincomfort.com/favicon.ico','','69.95.176.110',1215450525),(2806,0,'page not found','Arthritis',1,'','http://jointpaincomfort.com/Arthritis','http://www.cbc.ca/health/story/2007/04/04/arthritis-exercise.html','24.64.223.203',1215449472),(2807,0,'page not found','favicon.ico',1,'','http://jointpaincomfort.com/favicon.ico','','86.135.214.238',1215449511),(2804,0,'page not found','Arthritis',1,'','http://jointpaincomfort.com/Arthritis','http://www.cbc.ca/health/story/2007/04/04/arthritis-exercise.html','24.64.223.203',1215449462),(2805,0,'page not found','Arthritis',1,'','http://jointpaincomfort.com/Arthritis','http://www.cbc.ca/health/story/2007/04/04/arthritis-exercise.html','24.64.223.203',1215449468),(2803,0,'page not found','Arthritis',1,'','http://jointpaincomfort.com/Arthritis','http://www.cbc.ca/health/story/2007/04/04/arthritis-exercise.html','24.64.223.203',1215449458),(2801,0,'page not found','Arthritis',1,'','http://jointpaincomfort.com/Arthritis','http://www.cbc.ca/health/story/2007/04/04/arthritis-exercise.html','24.64.223.203',1215449447),(2802,0,'page not found','Arthritis',1,'','http://jointpaincomfort.com/Arthritis','http://www.cbc.ca/health/story/2007/04/04/arthritis-exercise.html','24.64.223.203',1215449455),(2799,0,'page not found','Arthritis',1,'','http://jointpaincomfort.com/Arthritis','http://www.cbc.ca/health/story/2007/04/04/arthritis-exercise.html','24.64.223.203',1215449431),(2800,0,'page not found','Arthritis',1,'','http://jointpaincomfort.com/Arthritis','http://www.cbc.ca/health/story/2007/04/04/arthritis-exercise.html','24.64.223.203',1215449442),(2797,0,'page not found','Arthritis',1,'','http://jointpaincomfort.com/Arthritis','http://www.cbc.ca/health/story/2007/04/04/arthritis-exercise.html','24.64.223.203',1215449426),(2798,0,'page not found','Arthritis',1,'','http://jointpaincomfort.com/Arthritis','http://www.cbc.ca/health/story/2007/04/04/arthritis-exercise.html','24.64.223.203',1215449429),(2795,0,'page not found','favicon.ico',1,'','http://jointpaincomfort.com/favicon.ico','','72.130.38.224',1215449182),(2796,0,'page not found','Arthritis',1,'','http://jointpaincomfort.com/Arthritis','http://www.cbc.ca/health/story/2007/04/04/arthritis-exercise.html','24.64.223.203',1215449353),(2792,0,'page not found','favicon.ico',1,'','http://jointpaincomfort.com/favicon.ico','','24.82.183.227',1215448543),(2793,0,'page not found','favicon.ico',1,'','http://jointpaincomfort.com/favicon.ico','','86.14.38.37',1215448621),(2794,0,'page not found','favicon.ico',1,'','http://jointpaincomfort.com/favicon.ico','','86.14.38.37',1215448624),(2790,0,'page not found','favicon.ico',1,'','http://jointpaincomfort.com/favicon.ico','','24.71.223.142',1215448047),(2791,0,'page not found','favicon.ico',1,'','http://jointpaincomfort.com/favicon.ico','','89.240.73.134',1215448463),(2787,0,'page not found','favicon.ico',1,'','http://jointpaincomfort.com/favicon.ico','','81.77.27.120',1215447514),(2788,0,'page not found','favicon.ico',1,'','http://jointpaincomfort.com/favicon.ico','','81.77.27.120',1215447514),(2789,0,'page not found','favicon.ico',1,'','http://jointpaincomfort.com/favicon.ico','','142.161.33.201',1215447680),(2785,0,'page not found','favicon.ico',1,'','http://jointpaincomfort.com/favicon.ico','','70.64.36.203',1215447427),(2786,0,'page not found','favicon.ico',1,'','http://jointpaincomfort.com/favicon.ico','','150.70.84.24',1215447491),(2782,0,'page not found','favicon.ico',1,'','http://jointpaincomfort.com/favicon.ico','','91.125.161.119',1215447415),(2783,0,'page not found','_vti_bin/owssvr.dll',1,'','http://jointpaincomfort.com/_vti_bin/owssvr.dll?UL=1&ACT=4&BUILD=6551&STRMVER=4&CAPREQ=0','','24.66.94.141',1215447424),(2784,0,'page not found','MSOffice/cltreq.asp',1,'','http://jointpaincomfort.com/MSOffice/cltreq.asp?UL=1&ACT=4&BUILD=6551&STRMVER=4&CAPREQ=0','','24.66.94.141',1215447424),(2780,0,'page not found','favicon.ico',1,'','http://jointpaincomfort.com/favicon.ico','','146.186.170.160',1215447028),(2781,0,'page not found','favicon.ico',1,'','http://jointpaincomfort.com/favicon.ico','','89.242.46.41',1215447388),(2777,0,'page not found','favicon.ico',1,'','http://jointpaincomfort.com/favicon.ico','','90.212.30.210',1215446632),(2778,0,'page not found','favicon.ico',1,'','http://jointpaincomfort.com/favicon.ico','','24.60.130.88',1215446690),(2779,0,'page not found','files/jointpain_',1,'','http://jointpaincomfort.com/files/jointpain_','','217.169.46.98',1215446853),(2775,0,'page not found','MSOffice/cltreq.asp',1,'','http://jointpaincomfort.com/MSOffice/cltreq.asp?UL=1&ACT=4&BUILD=4518&STRMVER=4&CAPREQ=0','','81.156.238.157',1215446185),(2776,0,'page not found','_vti_bin/owssvr.dll',1,'','http://jointpaincomfort.com/_vti_bin/owssvr.dll?UL=1&ACT=4&BUILD=4518&STRMVER=4&CAPREQ=0','','81.156.238.157',1215446236),(2773,0,'page not found','favicon.ico',1,'','http://jointpaincomfort.com/favicon.ico','','82.1.49.49',1215446012),(2774,0,'page not found','_vti_bin/owssvr.dll',1,'','http://jointpaincomfort.com/_vti_bin/owssvr.dll?UL=1&ACT=4&BUILD=4518&STRMVER=4&CAPREQ=0','','81.156.238.157',1215446184),(2771,0,'page not found','MSOffice/cltreq.asp',1,'','http://jointpaincomfort.com/MSOffice/cltreq.asp?UL=1&ACT=4&BUILD=4518&STRMVER=4&CAPREQ=0','','81.156.238.157',1215445839),(2772,0,'page not found','favicon.ico',1,'','http://jointpaincomfort.com/favicon.ico','','203.194.43.20',1215445927),(2769,0,'page not found','favicon.ico',1,'','http://jointpaincomfort.com/favicon.ico','','91.110.48.51',1215445769),(2770,0,'page not found','_vti_bin/owssvr.dll',1,'','http://jointpaincomfort.com/_vti_bin/owssvr.dll?UL=1&ACT=4&BUILD=4518&STRMVER=4&CAPREQ=0','','81.156.238.157',1215445838),(2767,0,'page not found','favicon.ico',1,'','http://jointpaincomfort.com/favicon.ico','','85.211.101.109',1215445591),(2768,0,'page not found','favicon.ico',1,'','http://jointpaincomfort.com/favicon.ico','','92.20.232.62',1215445760),(2764,0,'page not found','favicon.ico',1,'','http://jointpaincomfort.com/favicon.ico','','72.16.35.45',1215444145),(2765,0,'page not found','favicon.ico',1,'','http://jointpaincomfort.com/favicon.ico','','82.30.19.94',1215445268),(2766,0,'page not found','favicon.ico',1,'','http://jointpaincomfort.com/favicon.ico','','84.67.41.124',1215445363),(2763,0,'page not found','favicon.ico',1,'','http://jointpaincomfort.com/favicon.ico','','82.4.96.254',1215443951),(2762,0,'page not found','favicon.ico',1,'','http://jointpaincomfort.com/favicon.ico','','212.32.84.30',1215442712),(2761,0,'page not found','verify-Compliance-of-Policy',1,'','http://jointpaincomfort.com/verify-Compliance-of-Policy?aHR0cDovL3d3dy5qb2ludHBhaW5jb21mb3J0LmNvbS91cmdlbnQvbmV3cy5odG1s','http://pagead2.googlesyndication.com/pagead/ads?client=ca-pub-0799458704935144&dt=1215442659529&lmt=1215442659&prev_slotnames=89','87.84.48.164',1215442666),(2760,0,'page not found','notified-Compliance-of-Policy',1,'','http://jointpaincomfort.com/notified-Compliance-of-Policy?aHR0cDovL3d3dy5qb2ludHBhaW5jb21mb3J0LmNvbS91cmdlbnQvbmV3cy5odG1s','http://pagead2.googlesyndication.com/pagead/ads?client=ca-pub-0799458704935144&dt=1215442659529&lmt=1215442659&prev_slotnames=89','87.84.48.164',1215442665),(2758,0,'page not found','favicon.ico',1,'','http://jointpaincomfort.com/favicon.ico','','70.108.210.144',1215442324),(2759,0,'page not found','favicon.ico',1,'','http://jointpaincomfort.com/favicon.ico','','82.152.34.200',1215442346),(2757,0,'page not found','favicon.ico',1,'','http://jointpaincomfort.com/favicon.ico','','80.229.14.202',1215442153),(2756,0,'page not found','favicon.ico',1,'','http://jointpaincomfort.com/favicon.ico','','80.229.14.202',1215442153),(2755,0,'page not found','favicon.ico',1,'','http://jointpaincomfort.com/favicon.ico','http://www.jointpaincomfort.com/?q=content/urgent-news','74.236.4.179',1215442134),(2754,0,'page not found','favicon.ico',1,'','http://jointpaincomfort.com/favicon.ico','','24.208.3.15',1215441987),(2753,0,'page not found','favicon.ico',1,'','http://jointpaincomfort.com/favicon.ico','','24.208.3.15',1215441985),(2752,0,'page not found','favicon.ico',1,'','http://jointpaincomfort.com/favicon.ico','','209.250.169.149',1215441798),(2751,0,'page not found','favicon.ico',1,'','http://jointpaincomfort.com/favicon.ico','','88.110.17.175',1215441649),(2749,0,'page not found','favicon.ico',1,'','http://jointpaincomfort.com/favicon.ico','','208.108.145.4',1215441267),(2750,0,'page not found','favicon.ico',1,'','http://jointpaincomfort.com/favicon.ico','','81.178.80.24',1215441399),(2748,0,'page not found','favicon.ico',1,'','http://jointpaincomfort.com/favicon.ico','','92.13.47.9',1215440908),(2747,0,'page not found','favicon.ico',1,'','http://jointpaincomfort.com/favicon.ico','','203.164.169.20',1215440850),(2746,0,'page not found','favicon.ico',1,'','http://jointpaincomfort.com/favicon.ico','','130.88.196.67',1215440410),(2744,0,'page not found','favicon.ico',1,'','http://jointpaincomfort.com/favicon.ico','','24.71.223.142',1215440220),(2745,0,'page not found','favicon.ico',1,'','http://jointpaincomfort.com/favicon.ico','','217.42.70.185',1215440297),(2743,0,'page not found','favicon.ico',1,'','http://jointpaincomfort.com/favicon.ico','','70.76.7.74',1215439699),(2742,0,'page not found','favicon.ico',1,'','http://jointpaincomfort.com/favicon.ico','','70.81.231.158',1215439568),(2741,0,'page not found','favicon.ico',1,'','http://jointpaincomfort.com/favicon.ico','','82.47.186.44',1215439464),(2739,0,'page not found','favicon.ico',1,'','http://jointpaincomfort.com/favicon.ico','','68.188.127.142',1215438244),(2740,0,'page not found','favicon.ico',1,'','http://jointpaincomfort.com/favicon.ico','','64.229.189.229',1215438285),(2738,0,'page not found','favicon.ico',1,'','http://jointpaincomfort.com/favicon.ico','','87.102.19.157',1215438007),(2737,0,'page not found','favicon.ico',1,'','http://jointpaincomfort.com/favicon.ico','','170.146.91.6',1215437813),(2736,0,'page not found','favicon.ico',1,'','http://jointpaincomfort.com/favicon.ico','','80.195.5.221',1215437423),(2735,0,'page not found','favicon.ico',1,'','http://jointpaincomfort.com/favicon.ico','','88.104.228.188',1215437109),(2734,0,'page not found','favicon.ico',1,'','http://jointpaincomfort.com/favicon.ico','','87.114.155.1',1215437096),(2732,0,'page not found','favicon.ico',1,'','http://jointpaincomfort.com/favicon.ico','','81.101.142.34',1215436744),(2733,0,'page not found','favicon.ico',1,'','http://jointpaincomfort.com/favicon.ico','','82.29.41.101',1215436772),(2731,0,'page not found','favicon.ico',1,'','http://jointpaincomfort.com/favicon.ico','','217.43.55.178',1215435713),(2730,0,'page not found','favicon.ico',1,'','http://jointpaincomfort.com/favicon.ico','','86.132.30.67',1215435617),(2729,0,'page not found','favicon.ico',1,'','http://jointpaincomfort.com/favicon.ico','','24.190.182.123',1215435493),(2728,0,'page not found','favicon.ico',1,'','http://jointpaincomfort.com/favicon.ico','','24.190.182.123',1215435490),(2726,0,'page not found','favicon.ico',1,'','http://jointpaincomfort.com/favicon.ico','','78.148.123.204',1215434630),(2727,0,'page not found','favicon.ico',1,'','http://jointpaincomfort.com/favicon.ico','','99.225.172.157',1215435079),(2725,0,'page not found','favicon.ico',1,'','http://jointpaincomfort.com/favicon.ico','','78.149.241.185',1215434596),(2724,0,'page not found','favicon.ico',1,'','http://jointpaincomfort.com/favicon.ico','','77.97.157.168',1215434317),(2722,0,'page not found','favicon.ico',1,'','http://jointpaincomfort.com/favicon.ico','','81.76.94.170',1215434231),(2723,0,'page not found','favicon.ico',1,'','http://jointpaincomfort.com/favicon.ico','','59.101.92.185',1215434289),(2721,0,'page not found','favicon.ico',1,'','http://jointpaincomfort.com/favicon.ico','','72.137.56.96',1215433173),(2720,0,'page not found','favicon.ico',1,'','http://jointpaincomfort.com/favicon.ico','','72.137.56.96',1215433170),(2718,0,'page not found','favicon.ico',1,'','http://jointpaincomfort.com/favicon.ico','','86.156.165.68',1215432865),(2719,0,'page not found','favicon.ico',1,'','http://jointpaincomfort.com/favicon.ico','','82.38.48.121',1215432931),(2717,0,'page not found','favicon.ico',1,'','http://jointpaincomfort.com/favicon.ico','','203.129.46.77',1215432380),(2716,0,'page not found','favicon.ico',1,'','http://jointpaincomfort.com/favicon.ico','','116.250.14.16',1215432336),(2714,0,'page not found','favicon.ico',1,'','http://jointpaincomfort.com/favicon.ico','','82.39.81.41',1215432081),(2715,0,'page not found','favicon.ico',1,'','http://jointpaincomfort.com/favicon.ico','','87.236.254.132',1215432242),(2713,0,'page not found','favicon.ico',1,'','http://jointpaincomfort.com/favicon.ico','','79.71.126.144',1215431814),(2711,0,'page not found','favicon.ico',1,'','http://jointpaincomfort.com/favicon.ico','','79.71.126.144',1215431813),(2712,0,'page not found','favicon.ico',1,'','http://jointpaincomfort.com/favicon.ico','','79.71.126.144',1215431814),(2710,0,'page not found','favicon.ico',1,'','http://jointpaincomfort.com/favicon.ico','','86.134.108.242',1215431732),(2709,0,'page not found','favicon.ico',1,'','http://jointpaincomfort.com/favicon.ico','','92.234.204.149',1215431041),(2707,0,'page not found','favicon.ico',1,'','http://jointpaincomfort.com/favicon.ico','','86.156.179.177',1215430134),(2708,0,'page not found','favicon.ico',1,'','http://jointpaincomfort.com/favicon.ico','','86.156.179.177',1215430637),(2706,0,'page not found','favicon.ico',1,'','http://jointpaincomfort.com/favicon.ico','','58.168.16.209',1215429381),(2705,0,'page not found','favicon.ico',1,'','http://jointpaincomfort.com/favicon.ico','','124.181.89.97',1215429075),(2703,0,'page not found','favicon.ico',1,'','http://jointpaincomfort.com/favicon.ico','','71.100.90.241',1215428552),(2704,0,'page not found','favicon.ico',1,'','http://jointpaincomfort.com/favicon.ico','','91.110.241.43',1215428919),(2702,0,'page not found','favicon.ico',1,'','http://jointpaincomfort.com/favicon.ico','','75.87.102.8',1215428365),(2701,0,'page not found','favicon.ico',1,'','http://jointpaincomfort.com/favicon.ico','','75.87.102.8',1215428365),(2699,0,'page not found','favicon.ico',1,'','http://jointpaincomfort.com/favicon.ico','','211.28.156.216',1215426324),(2700,0,'page not found','favicon.ico',1,'','http://jointpaincomfort.com/favicon.ico','','86.54.216.112',1215426775),(2698,0,'page not found','favicon.ico',1,'','http://jointpaincomfort.com/favicon.ico','','89.251.192.86',1215425019),(2697,0,'page not found','favicon.ico',1,'','http://jointpaincomfort.com/favicon.ico','','86.133.174.97',1215424992),(2695,0,'page not found','favicon.ico',1,'','http://jointpaincomfort.com/favicon.ico','','121.218.197.119',1215424940),(2696,0,'page not found','favicon.ico',1,'','http://jointpaincomfort.com/favicon.ico','','195.58.66.194',1215424990),(2694,0,'page not found','favicon.ico',1,'','http://jointpaincomfort.com/favicon.ico','','89.240.129.1',1215424799),(2692,0,'page not found','favicon.ico',1,'','http://jointpaincomfort.com/favicon.ico','','89.240.129.1',1215424655),(2693,0,'page not found','favicon.ico',1,'','http://jointpaincomfort.com/favicon.ico','','121.221.177.87',1215424737),(2691,0,'page not found','favicon.ico',1,'','http://jointpaincomfort.com/favicon.ico','','89.240.129.1',1215424654),(2689,0,'page not found','favicon.ico',1,'','http://jointpaincomfort.com/favicon.ico','','121.44.39.29',1215424536),(2690,0,'page not found','favicon.ico',1,'','http://jointpaincomfort.com/favicon.ico','','58.178.192.16',1215424562),(2688,0,'page not found','favicon.ico',1,'','http://jointpaincomfort.com/favicon.ico','','121.44.39.29',1215424455),(2687,0,'page not found','favicon.ico',1,'','http://jointpaincomfort.com/favicon.ico','','144.137.77.168',1215423441),(2686,0,'page not found','favicon.ico',1,'','http://jointpaincomfort.com/favicon.ico','','78.148.162.30',1215422615),(2685,0,'page not found','favicon.ico',1,'','http://jointpaincomfort.com/favicon.ico','','86.164.85.155',1215422100),(2684,0,'page not found','favicon.ico',1,'','http://jointpaincomfort.com/favicon.ico','http://www.jointpaincomfort.com/urgent/news.html','76.26.146.202',1215422070),(2682,0,'page not found','favicon.ico',1,'','http://jointpaincomfort.com/favicon.ico','','84.69.246.90',1215421913),(2683,0,'page not found','favicon.ico',1,'','http://jointpaincomfort.com/favicon.ico','','84.69.246.90',1215421977),(2681,0,'page not found','favicon.ico',1,'','http://jointpaincomfort.com/favicon.ico','','84.69.246.90',1215421910),(2680,0,'page not found','favicon.ico',1,'','http://jointpaincomfort.com/favicon.ico','','86.164.64.139',1215421164),(2678,0,'page not found','favicon.ico',1,'','http://jointpaincomfort.com/favicon.ico','','86.22.185.211',1215420215),(2679,0,'page not found','favicon.ico',1,'','http://jointpaincomfort.com/favicon.ico','','86.22.185.211',1215420215),(2677,0,'page not found','favicon.ico',1,'','http://jointpaincomfort.com/favicon.ico','','86.168.59.232',1215418962),(2675,0,'page not found','favicon.ico',1,'','http://jointpaincomfort.com/favicon.ico','','86.168.59.232',1215418706),(2676,0,'page not found','favicon.ico',1,'','http://jointpaincomfort.com/favicon.ico','','86.132.30.67',1215418850),(2673,0,'page not found','favicon.ico',1,'','http://jointpaincomfort.com/favicon.ico','','144.138.94.206',1215418691),(2674,0,'page not found','favicon.ico',1,'','http://jointpaincomfort.com/favicon.ico','','86.168.59.232',1215418705),(2672,0,'page not found','favicon.ico',1,'','http://jointpaincomfort.com/favicon.ico','','86.154.155.12',1215418557),(2670,0,'page not found','favicon.ico',1,'','http://jointpaincomfort.com/favicon.ico','','193.25.117.34',1215418181),(2671,0,'page not found','favicon.ico',1,'','http://jointpaincomfort.com/favicon.ico','','82.37.114.145',1215418464),(2669,0,'page not found','favicon.ico',1,'','http://jointpaincomfort.com/favicon.ico','','78.86.101.12',1215417108),(2667,0,'page not found','favicon.ico',1,'','http://jointpaincomfort.com/favicon.ico','','78.86.101.12',1215416918),(2668,0,'page not found','favicon.ico',1,'','http://jointpaincomfort.com/favicon.ico','','82.20.47.132',1215417084),(2666,0,'page not found','favicon.ico',1,'','http://jointpaincomfort.com/favicon.ico','','122.107.106.204',1215416496),(2664,0,'page not found','favicon.ico',1,'','http://jointpaincomfort.com/favicon.ico','','84.13.23.186',1215415797),(2665,0,'page not found','favicon.ico',1,'','http://jointpaincomfort.com/favicon.ico','','139.168.120.103',1215416222),(2663,0,'page not found','favicon.ico',1,'','http://jointpaincomfort.com/favicon.ico','','82.47.115.248',1215414031),(2662,0,'page not found','favicon.ico',1,'','http://jointpaincomfort.com/favicon.ico','','71.7.3.83',1215413703),(2660,0,'page not found','favicon.ico',1,'','http://jointpaincomfort.com/favicon.ico','','80.42.8.227',1215413318),(2661,0,'page not found','favicon.ico',1,'','http://jointpaincomfort.com/favicon.ico','','71.139.239.42',1215413684),(2659,0,'page not found','favicon.ico',1,'','http://jointpaincomfort.com/favicon.ico','','124.182.242.15',1215411685),(2658,0,'page not found','favicon.ico',1,'','http://jointpaincomfort.com/favicon.ico','','86.132.78.34',1215411566),(2657,0,'page not found','favicon.ico',1,'','http://jointpaincomfort.com/favicon.ico','http://www.jointpaincomfort.com/urgent/news.html','66.108.5.42',1215411319),(2656,0,'page not found','favicon.ico',1,'','http://jointpaincomfort.com/favicon.ico','','119.11.10.204',1215410960),(2655,178,'user','Session opened for <em>esmith2</em>.',0,'','http://jointpaincomfort.com/?q=user','http://jointpaincomfort.com/?q=user','65.3.161.63',1215410621),(2653,0,'page not found','favicon.ico',1,'','http://jointpaincomfort.com/favicon.ico','','61.68.38.56',1215409651),(2654,0,'page not found','favicon.ico',1,'','http://jointpaincomfort.com/favicon.ico','http://www.jointpaincomfort.com/urgent/news.html','203.129.149.238',1215410103),(2652,0,'page not found','favicon.ico',1,'','http://jointpaincomfort.com/favicon.ico','','121.45.255.248',1215409070),(2651,0,'page not found','favicon.ico',1,'','http://jointpaincomfort.com/favicon.ico','http://www.jointpaincomfort.com/urgent/news.html','70.67.134.221',1215408650),(2650,0,'page not found','favicon.ico',1,'','http://jointpaincomfort.com/favicon.ico','','124.181.56.103',1215408461),(2649,0,'page not found','favicon.ico',1,'','http://jointpaincomfort.com/favicon.ico','','124.190.80.107',1215408254),(2648,0,'page not found','favicon.ico',1,'','http://jointpaincomfort.com/favicon.ico','http://www.jointpaincomfort.com/urgent/news.html','77.98.194.189',1215407430),(2647,0,'page not found','favicon.ico',1,'','http://jointpaincomfort.com/favicon.ico','http://www.jointpaincomfort.com/?q=content/urgent-news','71.32.250.93',1215407342),(2646,0,'page not found','favicon.ico',1,'','http://jointpaincomfort.com/favicon.ico','','150.70.84.171',1215407068),(2644,0,'page not found','favicon.ico',1,'','http://jointpaincomfort.com/favicon.ico','','121.221.160.130',1215406795),(2645,0,'page not found','favicon.ico',1,'','http://jointpaincomfort.com/favicon.ico','','71.215.223.15',1215406840),(2643,0,'page not found','favicon.ico',1,'','http://jointpaincomfort.com/favicon.ico','','24.207.69.236',1215406699),(2642,0,'page not found','favicon.ico',1,'','http://jointpaincomfort.com/favicon.ico','','210.50.72.11',1215406393),(2641,0,'page not found','favicon.ico',1,'','http://jointpaincomfort.com/favicon.ico','','70.77.15.204',1215406225),(2640,0,'page not found','favicon.ico',1,'','http://jointpaincomfort.com/favicon.ico','','75.156.63.46',1215406211),(2639,0,'page not found','files/jointpain_',1,'','http://jointpaincomfort.com/files/jointpain_','','65.160.238.180',1215405724),(2637,0,'page not found','favicon.ico',1,'','http://jointpaincomfort.com/favicon.ico','','24.67.227.150',1215404724),(2638,0,'page not found','favicon.ico',1,'','http://jointpaincomfort.com/favicon.ico','','24.2.62.45',1215405656),(2636,0,'page not found','favicon.ico',1,'','http://jointpaincomfort.com/favicon.ico','','24.67.227.150',1215404724),(2635,0,'page not found','favicon.ico',1,'','http://jointpaincomfort.com/favicon.ico','','65.95.12.77',1215404677),(2633,0,'page not found','favicon.ico',1,'','http://jointpaincomfort.com/favicon.ico','','124.176.98.96',1215403790),(2634,0,'page not found','favicon.ico',1,'','http://jointpaincomfort.com/favicon.ico','http://www.jointpaincomfort.com/urgent/news.html','69.42.15.53',1215403825),(2632,0,'page not found','favicon.ico',1,'','http://jointpaincomfort.com/favicon.ico','','75.86.229.51',1215403615),(2630,0,'page not found','favicon.ico',1,'','http://jointpaincomfort.com/favicon.ico','','12.213.224.37',1215402571),(2631,0,'page not found','favicon.ico',1,'','http://jointpaincomfort.com/favicon.ico','','74.167.130.114',1215402833),(2629,0,'page not found','favicon.ico',1,'','http://jointpaincomfort.com/favicon.ico','','76.64.32.166',1215401415),(2628,0,'page not found','favicon.ico',1,'','http://jointpaincomfort.com/favicon.ico','http://www.jointpaincomfort.com/urgent/news.html','202.161.72.89',1215400791),(2627,0,'page not found','favicon.ico',1,'','http://jointpaincomfort.com/favicon.ico','http://jointpaincomfort.com/?q=cart/checkout','24.13.195.187',1215400646),(2626,0,'page not found','favicon.ico',1,'','http://jointpaincomfort.com/favicon.ico','http://www.jointpaincomfort.com/?q=content/urgent-news','24.13.195.187',1215400391),(2624,0,'page not found','favicon.ico',1,'','http://jointpaincomfort.com/favicon.ico','','70.129.16.82',1215399983),(2625,0,'page not found','favicon.ico',1,'','http://jointpaincomfort.com/favicon.ico','','99.248.163.79',1215400232),(2623,0,'page not found','favicon.ico',1,'','http://jointpaincomfort.com/favicon.ico','','99.238.30.74',1215399571),(2621,0,'page not found','favicon.ico',1,'','http://jointpaincomfort.com/favicon.ico','','4.226.57.142',1215399178),(2622,0,'page not found','favicon.ico',1,'','http://jointpaincomfort.com/favicon.ico','','202.7.190.131',1215399466),(2620,0,'page not found','favicon.ico',1,'','http://jointpaincomfort.com/favicon.ico','','99.231.207.190',1215399164),(2619,0,'page not found','favicon.ico',1,'','http://jointpaincomfort.com/favicon.ico','','209.169.201.72',1215399019),(2618,0,'page not found','favicon.ico',1,'','http://jointpaincomfort.com/favicon.ico','','99.229.219.18',1215398900),(2617,0,'page not found','favicon.ico',1,'','http://jointpaincomfort.com/favicon.ico','','97.91.151.163',1215398699),(2616,0,'page not found','favicon.ico',1,'','http://jointpaincomfort.com/favicon.ico','','58.178.47.173',1215398697),(2614,0,'page not found','favicon.ico',1,'','http://jointpaincomfort.com/favicon.ico','','124.176.28.126',1215398473),(2615,0,'page not found','favicon.ico',1,'','http://jointpaincomfort.com/favicon.ico','','99.238.36.179',1215398632),(2613,0,'page not found','favicon.ico',1,'','http://jointpaincomfort.com/favicon.ico','','68.186.242.198',1215398086),(2612,0,'page not found','favicon.ico',1,'','http://jointpaincomfort.com/favicon.ico','','122.109.120.243',1215397269),(2611,0,'page not found','favicon.ico',1,'','http://jointpaincomfort.com/favicon.ico','','71.113.74.84',1215397178),(2609,0,'page not found','favicon.ico',1,'','http://jointpaincomfort.com/favicon.ico','','72.222.181.57',1215397114),(2610,0,'page not found','favicon.ico',1,'','http://jointpaincomfort.com/favicon.ico','','72.222.181.57',1215397114),(2608,0,'page not found','favicon.ico',1,'','http://jointpaincomfort.com/favicon.ico','','72.222.181.57',1215397114),(2607,0,'page not found','favicon.ico',1,'','http://jointpaincomfort.com/favicon.ico','','72.222.181.57',1215397112),(2606,0,'page not found','favicon.ico',1,'','http://jointpaincomfort.com/favicon.ico','','72.222.181.57',1215397107),(2605,0,'page not found','favicon.ico',1,'','http://jointpaincomfort.com/favicon.ico','','68.118.191.216',1215396844),(2604,0,'page not found','favicon.ico',1,'','http://jointpaincomfort.com/favicon.ico','','99.142.41.44',1215396809),(2602,0,'page not found','favicon.ico',1,'','http://jointpaincomfort.com/favicon.ico','','98.227.228.237',1215396391),(2603,0,'page not found','favicon.ico',1,'','http://jointpaincomfort.com/favicon.ico','','203.206.58.68',1215396468),(2601,0,'page not found','favicon.ico',1,'','http://jointpaincomfort.com/favicon.ico','','76.195.90.26',1215396100),(2600,0,'page not found','favicon.ico',1,'','http://jointpaincomfort.com/favicon.ico','','72.196.145.157',1215396081),(2599,0,'page not found','favicon.ico',1,'','http://jointpaincomfort.com/favicon.ico','','67.68.202.26',1215396067),(2597,0,'page not found','favicon.ico',1,'','http://jointpaincomfort.com/favicon.ico','','24.64.121.205',1215395543),(2598,0,'page not found','favicon.ico',1,'','http://jointpaincomfort.com/favicon.ico','','67.68.202.26',1215395893),(2596,0,'page not found','favicon.ico',1,'','http://jointpaincomfort.com/favicon.ico','','207.118.110.114',1215395492),(2595,0,'page not found','favicon.ico',1,'','http://jointpaincomfort.com/favicon.ico','','124.185.187.62',1215395387),(2593,0,'page not found','favicon.ico',1,'','http://jointpaincomfort.com/favicon.ico','','67.188.151.162',1215395349),(2594,0,'page not found','favicon.ico',1,'','http://jointpaincomfort.com/favicon.ico','','67.188.151.162',1215395350),(2592,0,'page not found','favicon.ico',1,'','http://jointpaincomfort.com/favicon.ico','','124.185.187.62',1215395282),(2591,0,'page not found','favicon.ico',1,'','http://jointpaincomfort.com/favicon.ico','','71.49.118.175',1215395246),(2590,0,'page not found','favicon.ico',1,'','http://jointpaincomfort.com/favicon.ico','','68.229.254.39',1215395211),(2589,0,'page not found','favicon.ico',1,'','http://jointpaincomfort.com/favicon.ico','','58.166.205.236',1215395113),(2588,0,'page not found','favicon.ico',1,'','http://jointpaincomfort.com/favicon.ico','','24.126.76.114',1215394612),(2587,0,'page not found','favicon.ico',1,'','http://jointpaincomfort.com/favicon.ico','http://jointpaincomfort.com/?q=cart/checkout','71.188.101.100',1215394524),(2586,0,'page not found','favicon.ico',1,'','http://jointpaincomfort.com/favicon.ico','http://www.jointpaincomfort.com/?q=content/urgent-news','71.188.101.100',1215394260),(2585,0,'page not found','favicon.ico',1,'','http://jointpaincomfort.com/favicon.ico','','4.245.87.159',1215394111),(2583,0,'page not found','favicon.ico',1,'','http://jointpaincomfort.com/favicon.ico','','67.176.175.231',1215393813),(2584,0,'page not found','favicon.ico',1,'','http://jointpaincomfort.com/favicon.ico','','71.118.130.19',1215393893),(2582,0,'page not found','favicon.ico',1,'','http://jointpaincomfort.com/favicon.ico','','72.47.157.228',1215393690),(2581,0,'page not found','favicon.ico',1,'','http://jointpaincomfort.com/favicon.ico','','216.26.200.105',1215393655),(2580,0,'page not found','favicon.ico',1,'','http://jointpaincomfort.com/favicon.ico','','67.167.48.220',1215393479),(2578,0,'page not found','favicon.ico',1,'','http://jointpaincomfort.com/favicon.ico','','75.0.246.70',1215393322),(2579,0,'page not found','favicon.ico',1,'','http://jointpaincomfort.com/favicon.ico','','72.47.157.228',1215393383),(2577,0,'page not found','favicon.ico',1,'','http://jointpaincomfort.com/favicon.ico','','72.85.173.87',1215393227),(2576,0,'page not found','favicon.ico',1,'','http://jointpaincomfort.com/favicon.ico','','142.161.174.75',1215393138),(2575,0,'page not found','favicon.ico',1,'','http://jointpaincomfort.com/favicon.ico','','172.190.51.175',1215392831),(2574,0,'page not found','favicon.ico',1,'','http://jointpaincomfort.com/favicon.ico','','75.21.180.223',1215392798),(2573,0,'page not found','favicon.ico',1,'','http://jointpaincomfort.com/favicon.ico','','67.166.166.57',1215392704),(2572,0,'page not found','favicon.ico',1,'','http://jointpaincomfort.com/favicon.ico','','207.118.110.114',1215392619),(2571,0,'page not found','favicon.ico',1,'','http://jointpaincomfort.com/favicon.ico','http://www.jointpaincomfort.com/urgent/news.html','68.185.185.25',1215392424),(2569,0,'page not found','favicon.ico',1,'','http://jointpaincomfort.com/favicon.ico','','67.35.182.33',1215391791),(2570,0,'page not found','favicon.ico',1,'','http://jointpaincomfort.com/favicon.ico','','76.91.35.47',1215392101),(2568,0,'page not found','favicon.ico',1,'','http://jointpaincomfort.com/favicon.ico','','71.245.8.110',1215391673),(2567,0,'page not found','favicon.ico',1,'','http://jointpaincomfort.com/favicon.ico','','24.222.178.69',1215391632),(2566,0,'page not found','favicon.ico',1,'','http://jointpaincomfort.com/favicon.ico','','142.161.75.242',1215391368),(2564,0,'page not found','favicon.ico',1,'','http://jointpaincomfort.com/favicon.ico','','70.134.98.135',1215390638),(2565,0,'page not found','favicon.ico',1,'','http://jointpaincomfort.com/favicon.ico','','142.161.75.242',1215391367),(2563,0,'page not found','favicon.ico',1,'','http://jointpaincomfort.com/favicon.ico','','70.134.98.135',1215390632),(2562,0,'page not found','images/bg_footer.gif',1,'','http://jointpaincomfort.com/images/bg_footer.gif','http://www.jointpaincomfort.com/?q=content/urgent-news','66.82.9.105',1215390612),(2561,0,'page not found','images/corner_sidebottomright.gif',1,'','http://jointpaincomfort.com/images/corner_sidebottomright.gif','http://www.jointpaincomfort.com/?q=content/urgent-news','66.82.9.105',1215390611),(2560,0,'page not found','images/corner_sidebottomleft.gif',1,'','http://jointpaincomfort.com/images/corner_sidebottomleft.gif','http://www.jointpaincomfort.com/?q=content/urgent-news','66.82.9.105',1215390610),(2559,0,'page not found','images/corner_sidetopright.gif',1,'','http://jointpaincomfort.com/images/corner_sidetopright.gif','http://www.jointpaincomfort.com/?q=content/urgent-news','66.82.9.105',1215390607),(2558,0,'page not found','images/corner_sidetopleft.gif',1,'','http://jointpaincomfort.com/images/corner_sidetopleft.gif','http://www.jointpaincomfort.com/?q=content/urgent-news','66.82.9.105',1215390606),(2557,0,'page not found','images/main_bottom-right.gif',1,'','http://jointpaincomfort.com/images/main_bottom-right.gif','http://www.jointpaincomfort.com/?q=content/urgent-news','66.82.9.105',1215390605),(2556,0,'page not found','images/main_bottom-left.gif',1,'','http://jointpaincomfort.com/images/main_bottom-left.gif','http://www.jointpaincomfort.com/?q=content/urgent-news','66.82.9.105',1215390605),(2555,0,'page not found','images/main_bottom.gif',1,'','http://jointpaincomfort.com/images/main_bottom.gif','http://www.jointpaincomfort.com/?q=content/urgent-news','66.82.9.105',1215390604),(2554,0,'page not found','images/main_top-right.gif',1,'','http://jointpaincomfort.com/images/main_top-right.gif','http://www.jointpaincomfort.com/?q=content/urgent-news','66.82.9.105',1215390603),(2553,0,'page not found','images/main_top-left.gif',1,'','http://jointpaincomfort.com/images/main_top-left.gif','http://www.jointpaincomfort.com/?q=content/urgent-news','66.82.9.105',1215390603),(2552,0,'page not found','images/main_top.gif',1,'','http://jointpaincomfort.com/images/main_top.gif','http://www.jointpaincomfort.com/?q=content/urgent-news','66.82.9.105',1215390602),(2551,0,'page not found','images/bg_main-right.gif',1,'','http://jointpaincomfort.com/images/bg_main-right.gif','http://www.jointpaincomfort.com/?q=content/urgent-news','66.82.9.105',1215390597),(2550,0,'page not found','images/bg_main-left.gif',1,'','http://jointpaincomfort.com/images/bg_main-left.gif','http://www.jointpaincomfort.com/?q=content/urgent-news','66.82.9.105',1215390596),(2549,0,'page not found','images/bg_main.gif',1,'','http://jointpaincomfort.com/images/bg_main.gif','http://www.jointpaincomfort.com/?q=content/urgent-news','66.82.9.105',1215390596),(2548,0,'page not found','images/block_middle.gif',1,'','http://jointpaincomfort.com/images/block_middle.gif','http://www.jointpaincomfort.com/?q=content/urgent-news','66.82.9.105',1215390595),(2547,0,'page not found','images/bg_header.gif',1,'','http://jointpaincomfort.com/images/bg_header.gif','http://www.jointpaincomfort.com/?q=content/urgent-news','66.82.9.105',1215390594),(2546,0,'page not found','images/bg.gif',1,'','http://jointpaincomfort.com/images/bg.gif','http://www.jointpaincomfort.com/?q=content/urgent-news','66.82.9.105',1215390594),(2545,0,'page not found','images/button_joinnow-ie6.gif',1,'','http://jointpaincomfort.com/images/button_joinnow-ie6.gif','http://www.jointpaincomfort.com/?q=content/urgent-news','66.82.9.105',1215390593),(2544,0,'page not found','favicon.ico',1,'','http://jointpaincomfort.com/favicon.ico','','65.93.162.250',1215390365),(2542,0,'page not found','favicon.ico',1,'','http://jointpaincomfort.com/favicon.ico','','68.1.171.25',1215390010),(2543,0,'page not found','favicon.ico',1,'','http://jointpaincomfort.com/favicon.ico','','70.20.113.203',1215390276),(2541,0,'page not found','favicon.ico',1,'','http://jointpaincomfort.com/favicon.ico','','117.55.235.2',1215389821),(2540,0,'page not found','favicon.ico',1,'','http://jointpaincomfort.com/favicon.ico','','71.124.157.3',1215389646),(2538,0,'page not found','favicon.ico',1,'','http://jointpaincomfort.com/favicon.ico','','76.188.174.165',1215389386),(2539,0,'page not found','favicon.ico',1,'','http://jointpaincomfort.com/favicon.ico','','86.137.106.74',1215389576),(2537,0,'page not found','favicon.ico',1,'','http://jointpaincomfort.com/favicon.ico','','66.75.224.250',1215389348),(2536,0,'page not found','favicon.ico',1,'','http://jointpaincomfort.com/favicon.ico','','86.1.25.136',1215388952),(2535,0,'page not found','favicon.ico',1,'','http://jointpaincomfort.com/favicon.ico','','123.243.166.146',1215388815),(2533,0,'page not found','favicon.ico',1,'','http://jointpaincomfort.com/favicon.ico','','72.139.91.44',1215388690),(2534,0,'page not found','favicon.ico',1,'','http://jointpaincomfort.com/favicon.ico','','12.161.199.50',1215388751),(2532,0,'page not found','favicon.ico',1,'','http://jointpaincomfort.com/favicon.ico','','71.188.97.210',1215388675),(2531,0,'page not found','favicon.ico',1,'','http://jointpaincomfort.com/favicon.ico','','24.57.72.98',1215388509),(2530,0,'page not found','favicon.ico',1,'','http://jointpaincomfort.com/favicon.ico','','121.210.113.48',1215388450),(2529,0,'page not found','favicon.ico',1,'','http://jointpaincomfort.com/favicon.ico','','71.130.8.163',1215388369),(2528,0,'page not found','favicon.ico',1,'','http://jointpaincomfort.com/favicon.ico','','71.130.8.163',1215388368),(2526,0,'page not found','favicon.ico',1,'','http://jointpaincomfort.com/favicon.ico','','75.74.175.105',1215388140),(2527,0,'page not found','favicon.ico',1,'','http://jointpaincomfort.com/favicon.ico','','75.152.97.222',1215388349),(2525,0,'page not found','favicon.ico',1,'','http://jointpaincomfort.com/favicon.ico','','150.70.84.171',1215387881),(2524,0,'page not found','favicon.ico',1,'','http://jointpaincomfort.com/favicon.ico','','121.219.41.185',1215387723),(2523,0,'page not found','favicon.ico',1,'','http://jointpaincomfort.com/favicon.ico','','165.228.238.38',1215387610),(2521,0,'page not found','favicon.ico',1,'','http://jointpaincomfort.com/favicon.ico','','71.113.213.230',1215387098),(2522,0,'page not found','favicon.ico',1,'','http://jointpaincomfort.com/favicon.ico','','71.113.213.230',1215387099),(2520,0,'page not found','favicon.ico',1,'','http://jointpaincomfort.com/favicon.ico','','75.74.39.159',1215386853),(2519,0,'page not found','favicon.ico',1,'','http://jointpaincomfort.com/favicon.ico','','75.74.39.159',1215386850),(2518,0,'page not found','favicon.ico',1,'','http://jointpaincomfort.com/favicon.ico','','69.179.50.223',1215386792),(2516,0,'page not found','favicon.ico',1,'','http://jointpaincomfort.com/favicon.ico','','24.202.189.221',1215386564),(2517,0,'page not found','favicon.ico',1,'','http://jointpaincomfort.com/favicon.ico','','69.179.50.223',1215386792),(2515,0,'page not found','favicon.ico',1,'','http://jointpaincomfort.com/favicon.ico','','75.55.125.109',1215386258),(2514,0,'page not found','favicon.ico',1,'','http://jointpaincomfort.com/favicon.ico','','75.55.125.109',1215386255),(2513,0,'page not found','favicon.ico',1,'','http://jointpaincomfort.com/favicon.ico','','99.231.210.129',1215386116),(2512,0,'page not found','favicon.ico',1,'','http://jointpaincomfort.com/favicon.ico','','202.7.176.133',1215385891),(2511,0,'page not found','favicon.ico',1,'','http://jointpaincomfort.com/favicon.ico','','202.7.176.133',1215385891),(2510,0,'page not found','favicon.ico',1,'','http://jointpaincomfort.com/favicon.ico','','99.229.148.49',1215384989),(2508,0,'page not found','favicon.ico',1,'','http://jointpaincomfort.com/favicon.ico','','82.42.218.114',1215384668),(2509,0,'page not found','favicon.ico',1,'','http://jointpaincomfort.com/favicon.ico','','82.42.218.114',1215384671),(2507,0,'page not found','favicon.ico',1,'','http://jointpaincomfort.com/favicon.ico','','124.186.85.141',1215384344),(2506,0,'page not found','favicon.ico',1,'','http://jointpaincomfort.com/favicon.ico','','88.104.154.64',1215384058),(2505,0,'page not found','favicon.ico',1,'','http://jointpaincomfort.com/favicon.ico','','76.121.136.191',1215384025),(2503,0,'page not found','favicon.ico',1,'','http://jointpaincomfort.com/favicon.ico','','99.251.30.120',1215383478),(2504,0,'page not found','favicon.ico',1,'','http://jointpaincomfort.com/favicon.ico','','207.246.75.105',1215383631),(2502,0,'page not found','favicon.ico',1,'','http://jointpaincomfort.com/favicon.ico','','124.181.229.226',1215382926),(2501,0,'page not found','favicon.ico',1,'','http://jointpaincomfort.com/favicon.ico','','124.181.229.226',1215382925),(2500,0,'page not found','favicon.ico',1,'','http://jointpaincomfort.com/favicon.ico','','217.42.24.247',1215381632),(2499,0,'page not found','favicon.ico',1,'','http://jointpaincomfort.com/favicon.ico','','82.44.197.177',1215381423),(2497,0,'page not found','favicon.ico',1,'','http://jointpaincomfort.com/favicon.ico','','71.61.51.64',1215381388),(2498,0,'page not found','favicon.ico',1,'','http://jointpaincomfort.com/favicon.ico','','82.44.197.177',1215381423),(2496,0,'page not found','favicon.ico',1,'','http://jointpaincomfort.com/favicon.ico','','12.213.80.58',1215381204),(2495,0,'page not found','favicon.ico',1,'','http://jointpaincomfort.com/favicon.ico','','90.204.125.55',1215381083),(2494,0,'page not found','favicon.ico',1,'','http://jointpaincomfort.com/favicon.ico','','99.227.138.94',1215380663),(2493,0,'page not found','favicon.ico',1,'','http://jointpaincomfort.com/favicon.ico','','78.146.247.177',1215380484),(2492,0,'page not found','favicon.ico',1,'','http://jointpaincomfort.com/favicon.ico','','75.143.74.93',1215379795),(2491,0,'page not found','favicon.ico',1,'','http://jointpaincomfort.com/favicon.ico','','72.49.65.103',1215379401),(2489,0,'page not found','favicon.ico',1,'','http://jointpaincomfort.com/favicon.ico','','70.255.231.77',1215378588),(2490,0,'page not found','favicon.ico',1,'','http://jointpaincomfort.com/favicon.ico','','89.242.247.227',1215378935),(2488,0,'page not found','favicon.ico',1,'','http://jointpaincomfort.com/favicon.ico','','71.113.243.194',1215378471),(2487,0,'page not found','favicon.ico',1,'','http://jointpaincomfort.com/favicon.ico','','71.113.243.194',1215378467),(2485,0,'page not found','favicon.ico',1,'','http://jointpaincomfort.com/favicon.ico','','89.240.90.180',1215378386),(2486,0,'page not found','favicon.ico',1,'','http://jointpaincomfort.com/favicon.ico','','69.205.38.114',1215378440),(2484,0,'page not found','favicon.ico',1,'','http://jointpaincomfort.com/favicon.ico','','87.115.10.33',1215378268),(2483,0,'page not found','favicon.ico',1,'','http://jointpaincomfort.com/favicon.ico','','24.11.74.216',1215377616),(2481,0,'page not found','favicon.ico',1,'','http://jointpaincomfort.com/favicon.ico','','81.132.182.129',1215377386),(2482,0,'page not found','favicon.ico',1,'','http://jointpaincomfort.com/favicon.ico','','72.155.230.103',1215377552),(2480,0,'page not found','favicon.ico',1,'','http://jointpaincomfort.com/favicon.ico','','81.132.182.129',1215377187),(2479,0,'page not found','favicon.ico',1,'','http://jointpaincomfort.com/favicon.ico','','81.132.182.129',1215377182),(2478,0,'page not found','favicon.ico',1,'','http://jointpaincomfort.com/favicon.ico','','74.235.215.20',1215376951),(2477,0,'page not found','favicon.ico',1,'','http://jointpaincomfort.com/favicon.ico','','67.198.25.65',1215376168),(2475,0,'page not found','favicon.ico',1,'','http://jointpaincomfort.com/favicon.ico','','93.97.32.145',1215375516),(2476,0,'page not found','favicon.ico',1,'','http://jointpaincomfort.com/favicon.ico','','75.17.68.247',1215375601),(2474,0,'page not found','favicon.ico',1,'','http://jointpaincomfort.com/favicon.ico','','78.32.158.201',1215374433),(2473,0,'page not found','favicon.ico',1,'','http://jointpaincomfort.com/favicon.ico','','90.203.234.187',1215374077),(2472,0,'page not found','favicon.ico',1,'','http://jointpaincomfort.com/favicon.ico','','70.7.25.120',1215373761),(2471,0,'page not found','favicon.ico',1,'','http://jointpaincomfort.com/favicon.ico','','78.148.198.229',1215373483),(2470,0,'user','New user: <em>ardellaw1941</em> <em>&lt;ardellaw1941@gmail.com&gt;</em>.',0,'<a href=\"/?q=user/179/edit\">edit</a>','http://jointpaincomfort.com/?q=user/register','http://jointpaincomfort.com/?q=user/register','70.7.25.120',1215373432),(2469,0,'page not found','favicon.ico',1,'','http://jointpaincomfort.com/favicon.ico','','71.215.219.219',1215373347),(2468,0,'page not found','favicon.ico',1,'','http://jointpaincomfort.com/favicon.ico','','78.148.198.229',1215373271),(2467,0,'page not found','favicon.ico',1,'','http://jointpaincomfort.com/favicon.ico','','78.148.198.229',1215373270),(2466,0,'page not found','favicon.ico',1,'','http://jointpaincomfort.com/favicon.ico','','68.150.164.231',1215373181),(2464,0,'page not found','favicon.ico',1,'','http://jointpaincomfort.com/favicon.ico','','72.201.101.1',1215373082),(2465,0,'page not found','favicon.ico',1,'','http://jointpaincomfort.com/favicon.ico','','68.54.240.172',1215373091),(2463,0,'user','Login attempt failed for <em>ardellaw1941</em>.',0,'','http://jointpaincomfort.com/?q=user/login&destination=cart/checkout','http://jointpaincomfort.com/?q=user/login','70.7.25.120',1215372901),(2462,0,'page not found','favicon.ico',1,'','http://jointpaincomfort.com/favicon.ico','','70.7.25.120',1215372707),(2460,0,'page not found','favicon.ico',1,'','http://jointpaincomfort.com/favicon.ico','','80.175.141.237',1215371634),(2461,0,'page not found','favicon.ico',1,'','http://jointpaincomfort.com/favicon.ico','','70.7.25.120',1215372368),(2459,0,'page not found','favicon.ico',1,'','http://jointpaincomfort.com/favicon.ico','','68.118.181.217',1215371209),(2458,0,'page not found','favicon.ico',1,'','http://jointpaincomfort.com/favicon.ico','','24.76.251.138',1215371116),(2457,0,'page not found','favicon.ico',1,'','http://jointpaincomfort.com/favicon.ico','','64.132.0.250',1215370988),(2456,0,'page not found','favicon.ico',1,'','http://jointpaincomfort.com/favicon.ico','','24.71.223.142',1215370916),(2454,0,'page not found','favicon.ico',1,'','http://jointpaincomfort.com/favicon.ico','','88.109.95.27',1215370826),(2455,0,'page not found','favicon.ico',1,'','http://jointpaincomfort.com/favicon.ico','','24.71.223.142',1215370916),(2453,0,'page not found','favicon.ico',1,'','http://jointpaincomfort.com/favicon.ico','','65.92.108.146',1215370807),(2452,0,'page not found','favicon.ico',1,'','http://jointpaincomfort.com/favicon.ico','','69.248.153.136',1215370032),(2451,0,'page not found','favicon.ico',1,'','http://jointpaincomfort.com/favicon.ico','','68.56.41.72',1215369986),(2449,0,'page not found','favicon.ico',1,'','http://jointpaincomfort.com/favicon.ico','','70.7.25.120',1215369958),(2450,0,'page not found','favicon.ico',1,'','http://jointpaincomfort.com/favicon.ico','','70.7.25.120',1215369961),(2448,0,'page not found','favicon.ico',1,'','http://jointpaincomfort.com/favicon.ico','','142.68.7.115',1215369692),(2447,0,'page not found','favicon.ico',1,'','http://jointpaincomfort.com/favicon.ico','','142.68.7.115',1215369691),(2445,0,'page not found','favicon.ico',1,'','http://jointpaincomfort.com/favicon.ico','','24.13.237.200',1215369501),(2446,0,'page not found','favicon.ico',1,'','http://jointpaincomfort.com/favicon.ico','','96.242.135.103',1215369550),(2444,0,'page not found','favicon.ico',1,'','http://jointpaincomfort.com/favicon.ico','http://www.jointpaincomfort.com/?q=content/urgent-news','68.6.230.118',1215369407),(2442,0,'page not found','favicon.ico',1,'','http://jointpaincomfort.com/favicon.ico','','79.65.108.11',1215369162),(2443,0,'page not found','favicon.ico',1,'','http://jointpaincomfort.com/favicon.ico','','86.167.100.6',1215369207),(2441,0,'page not found','favicon.ico',1,'','http://jointpaincomfort.com/favicon.ico','','75.58.153.164',1215368704),(2440,0,'page not found','favicon.ico',1,'','http://jointpaincomfort.com/favicon.ico','','81.146.56.14',1215368577),(2439,0,'page not found','MSOffice/cltreq.asp',1,'','http://jointpaincomfort.com/MSOffice/cltreq.asp?UL=1&ACT=4&BUILD=3124&STRMVER=4&CAPREQ=0','','209.226.117.76',1215368536),(2438,0,'page not found','_vti_bin/owssvr.dll',1,'','http://jointpaincomfort.com/_vti_bin/owssvr.dll?UL=1&ACT=4&BUILD=3124&STRMVER=4&CAPREQ=0','','209.226.117.76',1215368534),(2437,0,'page not found','MSOffice/cltreq.asp',1,'','http://jointpaincomfort.com/MSOffice/cltreq.asp?UL=1&ACT=4&BUILD=3124&STRMVER=4&CAPREQ=0','','209.226.117.76',1215368303),(2436,0,'page not found','_vti_bin/owssvr.dll',1,'','http://jointpaincomfort.com/_vti_bin/owssvr.dll?UL=1&ACT=4&BUILD=3124&STRMVER=4&CAPREQ=0','','209.226.117.76',1215368302),(2434,0,'page not found','favicon.ico',1,'','http://jointpaincomfort.com/favicon.ico','','77.44.42.138',1215366551),(2435,0,'page not found','favicon.ico',1,'','http://jointpaincomfort.com/favicon.ico','','86.155.145.20',1215367538),(2433,0,'page not found','favicon.ico',1,'','http://jointpaincomfort.com/favicon.ico','','75.36.156.200',1215366492),(2432,0,'page not found','favicon.ico',1,'','http://jointpaincomfort.com/favicon.ico','','75.36.156.200',1215366491),(2431,0,'page not found','favicon.ico',1,'','http://jointpaincomfort.com/favicon.ico','','71.115.82.236',1215365592),(2430,0,'page not found','favicon.ico',1,'','http://jointpaincomfort.com/favicon.ico','http://www.jointpaincomfort.com/?q=content/urgent-news','88.81.130.105',1215365426),(2428,0,'page not found','favicon.ico',1,'','http://jointpaincomfort.com/favicon.ico','','66.108.119.37',1215365415),(2429,0,'page not found','favicon.ico',1,'','http://jointpaincomfort.com/favicon.ico','','24.18.50.137',1215365423),(2427,0,'page not found','favicon.ico',1,'','http://jointpaincomfort.com/favicon.ico','','66.108.119.37',1215365414),(2426,0,'page not found','favicon.ico',1,'','http://jointpaincomfort.com/favicon.ico','','71.115.126.55',1215365229),(2425,0,'page not found','favicon.ico',1,'','http://jointpaincomfort.com/favicon.ico','','24.36.220.109',1215365177),(2424,0,'page not found','favicon.ico',1,'','http://jointpaincomfort.com/favicon.ico','','24.36.220.109',1215365174),(2423,0,'page not found','favicon.ico',1,'','http://jointpaincomfort.com/favicon.ico','','90.202.78.38',1215365007),(2421,0,'page not found','favicon.ico',1,'','http://jointpaincomfort.com/favicon.ico','','82.3.145.96',1215364579),(2422,0,'page not found','favicon.ico',1,'','http://jointpaincomfort.com/favicon.ico','','69.244.157.188',1215364702),(2419,0,'page not found','favicon.ico',1,'','http://jointpaincomfort.com/favicon.ico','','96.245.44.250',1215364254),(2420,0,'page not found','favicon.ico',1,'','http://jointpaincomfort.com/favicon.ico','http://www.jointpaincomfort.com/?q=content/urgent-news','81.154.82.202',1215364405),(2418,0,'page not found','favicon.ico',1,'','http://jointpaincomfort.com/favicon.ico','','82.3.145.96',1215364000),(2417,0,'page not found','favicon.ico',1,'','http://jointpaincomfort.com/favicon.ico','','88.106.236.139',1215363213),(2415,0,'page not found','favicon.ico',1,'','http://jointpaincomfort.com/favicon.ico','','24.138.56.193',1215362637),(2416,0,'page not found','favicon.ico',1,'','http://jointpaincomfort.com/favicon.ico','','24.138.56.193',1215362977),(2414,0,'page not found','favicon.ico',1,'','http://jointpaincomfort.com/favicon.ico','','76.69.104.56',1215362430),(2413,0,'page not found','favicon.ico',1,'','http://jointpaincomfort.com/favicon.ico','','96.52.149.251',1215362396),(2412,0,'page not found','favicon.ico',1,'','http://jointpaincomfort.com/favicon.ico','http://www.jointpaincomfort.com/urgent/news.html','91.109.134.199',1215362121),(2411,0,'page not found','favicon.ico',1,'','http://jointpaincomfort.com/favicon.ico','','24.127.123.40',1215361995),(2410,0,'page not found','favicon.ico',1,'','http://jointpaincomfort.com/favicon.ico','','82.9.99.153',1215361959),(2408,0,'page not found','favicon.ico',1,'','http://jointpaincomfort.com/favicon.ico','','75.80.112.168',1215361183),(2409,0,'page not found','favicon.ico',1,'','http://jointpaincomfort.com/favicon.ico','','75.80.112.168',1215361186),(2407,0,'page not found','favicon.ico',1,'','http://jointpaincomfort.com/favicon.ico','','71.228.67.29',1215361036),(2405,0,'page not found','favicon.ico',1,'','http://jointpaincomfort.com/favicon.ico','','86.137.10.8',1215360009),(2406,0,'page not found','favicon.ico',1,'','http://jointpaincomfort.com/favicon.ico','','213.105.219.14',1215360184),(2403,0,'page not found','favicon.ico',1,'','http://jointpaincomfort.com/favicon.ico','','70.135.203.89',1215359850),(2404,0,'page not found','favicon.ico',1,'','http://jointpaincomfort.com/favicon.ico','','86.153.96.101',1215359973),(2402,0,'page not found','favicon.ico',1,'','http://jointpaincomfort.com/favicon.ico','','72.147.19.84',1215359569),(2400,0,'page not found','favicon.ico',1,'','http://jointpaincomfort.com/favicon.ico','','76.170.0.118',1215359158),(2401,0,'page not found','favicon.ico',1,'','http://jointpaincomfort.com/favicon.ico','','86.1.212.151',1215359328),(2399,0,'page not found','favicon.ico',1,'','http://jointpaincomfort.com/favicon.ico','','85.90.235.42',1215358763),(2397,0,'page not found','favicon.ico',1,'','http://jointpaincomfort.com/favicon.ico','','86.157.137.234',1215358731),(2398,0,'page not found','favicon.ico',1,'','http://jointpaincomfort.com/favicon.ico','','66.161.54.196',1215358735),(2396,0,'page not found','favicon.ico',1,'','http://jointpaincomfort.com/favicon.ico','http://www.jointpaincomfort.com/urgent/news.html','81.159.20.67',1215358159),(2395,0,'page not found','favicon.ico',1,'','http://jointpaincomfort.com/favicon.ico','','217.42.73.232',1215357951),(2393,0,'page not found','favicon.ico',1,'','http://jointpaincomfort.com/favicon.ico','','65.94.114.31',1215357118),(2394,0,'page not found','favicon.ico',1,'','http://jointpaincomfort.com/favicon.ico','','78.150.68.167',1215357541),(2391,0,'page not found','favicon.ico',1,'','http://jointpaincomfort.com/favicon.ico','','75.170.37.201',1215356968),(2392,0,'page not found','favicon.ico',1,'','http://jointpaincomfort.com/favicon.ico','','98.206.93.236',1215357108),(2389,0,'page not found','favicon.ico',1,'','http://jointpaincomfort.com/favicon.ico','','86.135.252.139',1215356884),(2390,0,'page not found','favicon.ico',1,'','http://jointpaincomfort.com/favicon.ico','','75.170.37.201',1215356966),(2388,0,'page not found','favicon.ico',1,'','http://jointpaincomfort.com/favicon.ico','','72.75.15.233',1215356824),(2386,0,'page not found','favicon.ico',1,'','http://jointpaincomfort.com/favicon.ico','','69.248.188.211',1215356495),(2387,0,'page not found','favicon.ico',1,'','http://jointpaincomfort.com/favicon.ico','','79.65.8.70',1215356518),(2385,0,'page not found','favicon.ico',1,'','http://jointpaincomfort.com/favicon.ico','','69.248.188.211',1215356492),(2384,0,'page not found','favicon.ico',1,'','http://jointpaincomfort.com/favicon.ico','','71.235.37.35',1215356459),(2382,0,'page not found','favicon.ico',1,'','http://jointpaincomfort.com/favicon.ico','','68.117.195.169',1215355161),(2383,0,'page not found','favicon.ico',1,'','http://jointpaincomfort.com/favicon.ico','http://www.jointpaincomfort.com/urgent/news.html','70.245.144.177',1215355979),(2380,0,'page not found','favicon.ico',1,'','http://jointpaincomfort.com/favicon.ico','','64.234.249.199',1215354546),(2381,0,'page not found','favicon.ico',1,'','http://jointpaincomfort.com/favicon.ico','','81.110.252.59',1215354657),(2378,0,'page not found','favicon.ico',1,'','http://jointpaincomfort.com/favicon.ico','','86.21.244.2',1215353900),(2379,0,'page not found','favicon.ico',1,'','http://jointpaincomfort.com/favicon.ico','http://www.jointpaincomfort.com/urgent/news.html','96.32.140.67',1215354247),(2377,0,'page not found','favicon.ico',1,'','http://jointpaincomfort.com/favicon.ico','','69.120.229.14',1215353095),(2376,0,'page not found','favicon.ico',1,'','http://jointpaincomfort.com/favicon.ico','','75.191.162.129',1215352924),(2375,0,'page not found','favicon.ico',1,'','http://jointpaincomfort.com/favicon.ico','','81.158.174.35',1215352339),(2374,0,'page not found','favicon.ico',1,'','http://jointpaincomfort.com/favicon.ico','','75.88.38.189',1215351801),(2373,0,'page not found','favicon.ico',1,'','http://jointpaincomfort.com/favicon.ico','','194.176.105.46',1215351504),(2371,0,'page not found','favicon.ico',1,'','http://jointpaincomfort.com/favicon.ico','','81.104.218.132',1215349994),(2372,0,'page not found','favicon.ico',1,'','http://jointpaincomfort.com/favicon.ico','','210.50.84.22',1215350100),(2370,0,'page not found','favicon.ico',1,'','http://jointpaincomfort.com/favicon.ico','','80.229.29.78',1215349561),(2369,0,'page not found','favicon.ico',1,'','http://jointpaincomfort.com/favicon.ico','http://www.jointpaincomfort.com/urgent/news.html','68.58.66.214',1215348770),(2368,0,'page not found','favicon.ico',1,'','http://jointpaincomfort.com/favicon.ico','','69.219.153.230',1215348491),(2367,0,'page not found','favicon.ico',1,'','http://jointpaincomfort.com/favicon.ico','','216.166.159.185',1215348000),(2365,0,'page not found','favicon.ico',1,'','http://jointpaincomfort.com/favicon.ico','','216.166.159.185',1215347664),(2366,0,'page not found','favicon.ico',1,'','http://jointpaincomfort.com/favicon.ico','','67.71.121.4',1215347753),(2364,0,'page not found','favicon.ico',1,'','http://jointpaincomfort.com/favicon.ico','','216.166.159.185',1215347664),(2363,0,'page not found','favicon.ico',1,'','http://jointpaincomfort.com/favicon.ico','http://www.jointpaincomfort.com/urgent/news.html','81.153.232.226',1215345926),(2361,0,'page not found','favicon.ico',1,'','http://jointpaincomfort.com/favicon.ico','','24.76.121.234',1215345812),(2362,0,'page not found','favicon.ico',1,'','http://jointpaincomfort.com/favicon.ico','','75.88.83.215',1215345917),(2358,0,'page not found','favicon.ico',1,'','http://jointpaincomfort.com/favicon.ico','','86.140.216.45',1215344177),(2359,0,'page not found','favicon.ico',1,'','http://jointpaincomfort.com/favicon.ico','','24.76.121.234',1215345808),(2360,0,'page not found','favicon.ico',1,'','http://jointpaincomfort.com/favicon.ico','','24.76.121.234',1215345809),(2356,0,'page not found','favicon.ico',1,'','http://jointpaincomfort.com/favicon.ico','','150.70.84.171',1215342469),(2357,0,'page not found','favicon.ico',1,'','http://jointpaincomfort.com/favicon.ico','','77.96.102.227',1215343819),(2355,0,'page not found','favicon.ico',1,'','http://jointpaincomfort.com/favicon.ico','','121.219.124.209',1215342351),(2353,0,'page not found','favicon.ico',1,'','http://jointpaincomfort.com/favicon.ico','','82.44.105.248',1215341941),(2354,0,'page not found','favicon.ico',1,'','http://jointpaincomfort.com/favicon.ico','','124.148.111.194',1215342336),(2352,0,'page not found','favicon.ico',1,'','http://jointpaincomfort.com/favicon.ico','','58.171.193.8',1215341404),(2350,0,'page not found','favicon.ico',1,'','http://jointpaincomfort.com/favicon.ico','','86.139.24.218',1215341240),(2351,0,'page not found','favicon.ico',1,'','http://jointpaincomfort.com/favicon.ico','','89.243.216.43',1215341302),(2348,0,'page not found','favicon.ico',1,'','http://jointpaincomfort.com/favicon.ico','','81.155.6.6',1215340394),(2349,0,'page not found','favicon.ico',1,'','http://jointpaincomfort.com/favicon.ico','http://www.jointpaincomfort.com/urgent/news.html','69.47.153.47',1215340486),(2347,0,'page not found','favicon.ico',1,'','http://jointpaincomfort.com/favicon.ico','','220.245.180.133',1215340345),(2346,0,'page not found','favicon.ico',1,'','http://jointpaincomfort.com/favicon.ico','','91.125.178.175',1215339238),(2345,0,'page not found','favicon.ico',1,'','http://jointpaincomfort.com/favicon.ico','','80.189.127.223',1215337980),(2344,0,'page not found','MSOffice/cltreq.asp',1,'','http://jointpaincomfort.com/MSOffice/cltreq.asp?UL=1&ACT=4&BUILD=5606&STRMVER=4&CAPREQ=0','','58.166.132.78',1215337753),(2343,0,'page not found','_vti_bin/owssvr.dll',1,'','http://jointpaincomfort.com/_vti_bin/owssvr.dll?UL=1&ACT=4&BUILD=5606&STRMVER=4&CAPREQ=0','','58.166.132.78',1215337752),(2342,0,'page not found','MSOffice/cltreq.asp',1,'','http://jointpaincomfort.com/MSOffice/cltreq.asp?UL=1&ACT=4&BUILD=5606&STRMVER=4&CAPREQ=0','','58.166.132.78',1215337374),(2341,0,'page not found','_vti_bin/owssvr.dll',1,'','http://jointpaincomfort.com/_vti_bin/owssvr.dll?UL=1&ACT=4&BUILD=5606&STRMVER=4&CAPREQ=0','','58.166.132.78',1215337373),(2339,0,'page not found','favicon.ico',1,'','http://jointpaincomfort.com/favicon.ico','','124.182.188.251',1215337189),(2340,0,'page not found','favicon.ico',1,'','http://jointpaincomfort.com/favicon.ico','','220.245.179.136',1215337341),(2338,0,'page not found','favicon.ico',1,'','http://jointpaincomfort.com/favicon.ico','http://jointpaincomfort.com/?q=cart/checkout','81.156.231.27',1215335741),(2336,0,'page not found','favicon.ico',1,'','http://jointpaincomfort.com/favicon.ico','','81.99.104.59',1215333618),(2337,0,'page not found','favicon.ico',1,'','http://jointpaincomfort.com/favicon.ico','http://www.jointpaincomfort.com/?q=content/urgent-news','81.156.231.27',1215335394),(2335,0,'page not found','favicon.ico',1,'','http://jointpaincomfort.com/favicon.ico','http://jointpaincomfort.com/?q=cart/checkout','78.151.127.250',1215333204),(2333,0,'page not found','favicon.ico',1,'','http://jointpaincomfort.com/favicon.ico','','58.165.114.60',1215332785),(2334,0,'page not found','favicon.ico',1,'','http://jointpaincomfort.com/favicon.ico','http://www.jointpaincomfort.com/urgent/news.html','78.151.127.250',1215332898),(2332,0,'page not found','favicon.ico',1,'','http://jointpaincomfort.com/favicon.ico','','92.234.173.143',1215332439),(2331,0,'page not found','favicon.ico',1,'','http://jointpaincomfort.com/favicon.ico','','123.2.66.204',1215331592),(2330,0,'page not found','favicon.ico',1,'','http://jointpaincomfort.com/favicon.ico','','86.15.185.217',1215331264),(2329,0,'page not found','favicon.ico',1,'','http://jointpaincomfort.com/favicon.ico','http://www.jointpaincomfort.com/urgent/news.html','71.220.201.129',1215330987),(2328,0,'page not found','favicon.ico',1,'','http://jointpaincomfort.com/favicon.ico','http://jointpaincomfort.com/?q=cart/checkout','78.149.183.13',1215329347),(2327,0,'page not found','favicon.ico',1,'','http://jointpaincomfort.com/favicon.ico','http://www.jointpaincomfort.com/urgent/news.html','78.149.183.13',1215328978),(2326,0,'page not found','favicon.ico',1,'','http://jointpaincomfort.com/favicon.ico','','220.157.72.167',1215328074),(2325,0,'page not found','favicon.ico',1,'','http://jointpaincomfort.com/favicon.ico','','69.227.128.159',1215327499),(2323,0,'page not found','favicon.ico',1,'','http://jointpaincomfort.com/favicon.ico','','218.215.55.254',1215326945),(2324,0,'page not found','favicon.ico',1,'','http://jointpaincomfort.com/favicon.ico','','58.169.17.188',1215327480),(2322,0,'user','Login attempt failed for <em>phillipsap</em>.',0,'','http://jointpaincomfort.com/?q=cart/checkout&destination=cart%2Fcheckout','http://jointpaincomfort.com/?q=cart/checkout','122.148.77.166',1215326426),(2320,0,'page not found','favicon.ico',1,'','http://jointpaincomfort.com/favicon.ico','','150.70.84.171',1215325918),(2321,0,'page not found','favicon.ico',1,'','http://jointpaincomfort.com/favicon.ico','','124.182.24.82',1215326372),(2319,0,'page not found','favicon.ico',1,'','http://jointpaincomfort.com/favicon.ico','','75.152.151.116',1215325725),(2318,0,'page not found','favicon.ico',1,'','http://jointpaincomfort.com/favicon.ico','','220.240.17.21',1215323860),(2317,0,'page not found','favicon.ico',1,'','http://jointpaincomfort.com/favicon.ico','','220.240.17.21',1215323859),(2316,0,'page not found','favicon.ico',1,'','http://jointpaincomfort.com/favicon.ico','','121.220.7.50',1215322712),(2314,0,'page not found','favicon.ico',1,'','http://jointpaincomfort.com/favicon.ico','','24.163.105.244',1215320849),(2315,0,'page not found','favicon.ico',1,'','http://jointpaincomfort.com/favicon.ico','','24.30.117.244',1215322479),(2312,0,'page not found','favicon.ico',1,'','http://jointpaincomfort.com/favicon.ico','','210.84.11.133',1215319630),(2313,0,'page not found','favicon.ico',1,'','http://jointpaincomfort.com/favicon.ico','http://www.jointpaincomfort.com/urgent/news.html','207.61.212.178',1215319798),(2311,0,'page not found','favicon.ico',1,'','http://jointpaincomfort.com/favicon.ico','','76.229.177.201',1215319218),(2310,0,'page not found','favicon.ico',1,'','http://jointpaincomfort.com/favicon.ico','','210.84.11.133',1215318709),(2309,0,'page not found','favicon.ico',1,'','http://jointpaincomfort.com/favicon.ico','','71.17.160.53',1215317872),(2307,0,'page not found','favicon.ico',1,'','http://jointpaincomfort.com/favicon.ico','','76.209.22.19',1215316805),(2308,0,'page not found','favicon.ico',1,'','http://jointpaincomfort.com/favicon.ico','','75.18.104.235',1215317776),(2306,0,'user','New user: <em>esmith2</em> <em>&lt;esmith2@bellsouth.net&gt;</em>.',0,'<a href=\"/?q=user/178/edit\">edit</a>','http://jointpaincomfort.com/?q=user/register','http://jointpaincomfort.com/?q=user/register','65.3.161.63',1215315755),(2305,0,'user','Login attempt failed for <em>esmith2@bellsouth.net</em>.',0,'','http://jointpaincomfort.com/?q=content/urgent-news&destination=node%2F184','http://jointpaincomfort.com/?q=content/urgent-news','65.3.161.63',1215315622),(2304,0,'page not found','favicon.ico',1,'','http://jointpaincomfort.com/favicon.ico','','65.3.161.63',1215315372),(2303,0,'page not found','favicon.ico',1,'','http://jointpaincomfort.com/favicon.ico','','70.44.177.175',1215315084),(2302,0,'page not found','favicon.ico',1,'','http://jointpaincomfort.com/favicon.ico','','24.47.205.254',1215312906),(2300,0,'page not found','favicon.ico',1,'','http://jointpaincomfort.com/favicon.ico','','202.161.87.132',1215312871),(2301,0,'page not found','favicon.ico',1,'','http://jointpaincomfort.com/favicon.ico','','24.47.205.254',1215312905),(2299,0,'page not found','favicon.ico',1,'','http://jointpaincomfort.com/favicon.ico','','68.226.160.191',1215312614),(2298,0,'page not found','favicon.ico',1,'','http://jointpaincomfort.com/favicon.ico','','222.155.230.153',1215312033),(2296,0,'page not found','favicon.ico',1,'','http://jointpaincomfort.com/favicon.ico','','76.105.153.76',1215311212),(2297,0,'page not found','favicon.ico',1,'','http://jointpaincomfort.com/favicon.ico','','68.62.222.45',1215311506),(2295,0,'page not found','favicon.ico',1,'','http://jointpaincomfort.com/favicon.ico','','69.217.63.205',1215311164),(2294,0,'page not found','favicon.ico',1,'','http://jointpaincomfort.com/favicon.ico','','74.33.232.13',1215310284),(2292,0,'page not found','favicon.ico',1,'','http://jointpaincomfort.com/favicon.ico','','202.7.183.132',1215309985),(2293,0,'page not found','favicon.ico',1,'','http://jointpaincomfort.com/favicon.ico','','71.217.149.41',1215310131),(2291,0,'page not found','favicon.ico',1,'','http://jointpaincomfort.com/favicon.ico','http://jointpaincomfort.com/?q=cart/checkout','67.164.15.245',1215309978),(2290,0,'page not found','favicon.ico',1,'','http://jointpaincomfort.com/favicon.ico','','99.253.206.114',1215309476),(2289,0,'page not found','favicon.ico',1,'','http://jointpaincomfort.com/favicon.ico','http://www.jointpaincomfort.com/urgent/news.html','67.164.15.245',1215309446),(2287,0,'page not found','favicon.ico',1,'','http://jointpaincomfort.com/favicon.ico','','24.22.167.10',1215308934),(2288,0,'page not found','favicon.ico',1,'','http://jointpaincomfort.com/favicon.ico','','58.168.106.2',1215309244),(2286,0,'page not found','favicon.ico',1,'','http://jointpaincomfort.com/favicon.ico','','75.83.93.213',1215308426),(2284,0,'page not found','favicon.ico',1,'','http://jointpaincomfort.com/favicon.ico','','138.210.242.122',1215308056),(2285,0,'page not found','favicon.ico',1,'','http://jointpaincomfort.com/favicon.ico','','68.49.144.57',1215308313),(2283,0,'page not found','favicon.ico',1,'','http://jointpaincomfort.com/favicon.ico','','150.70.84.171',1215307890),(2281,0,'page not found','favicon.ico',1,'','http://jointpaincomfort.com/favicon.ico','','124.179.149.125',1215307531),(2282,0,'page not found','favicon.ico',1,'','http://jointpaincomfort.com/favicon.ico','','68.229.233.54',1215307693),(2280,0,'page not found','favicon.ico',1,'','http://jointpaincomfort.com/favicon.ico','','66.68.230.132',1215307278),(2279,0,'page not found','favicon.ico',1,'','http://jointpaincomfort.com/favicon.ico','','74.32.245.250',1215307258),(2278,0,'page not found','favicon.ico',1,'','http://jointpaincomfort.com/favicon.ico','','74.32.245.250',1215307255),(2277,0,'page not found','favicon.ico',1,'','http://jointpaincomfort.com/favicon.ico','','98.27.161.175',1215306835),(2276,0,'page not found','favicon.ico',1,'','http://jointpaincomfort.com/favicon.ico','','220.237.92.202',1215306791),(2274,0,'page not found','favicon.ico',1,'','http://jointpaincomfort.com/favicon.ico','','24.181.57.40',1215306610),(2275,0,'page not found','favicon.ico',1,'','http://jointpaincomfort.com/favicon.ico','','220.237.92.202',1215306718),(2273,0,'page not found','favicon.ico',1,'','http://jointpaincomfort.com/favicon.ico','','90.211.112.163',1215306015),(2272,0,'page not found','favicon.ico',1,'','http://jointpaincomfort.com/favicon.ico','','220.238.44.143',1215305760),(2271,0,'page not found','favicon.ico',1,'','http://jointpaincomfort.com/favicon.ico','','216.26.212.210',1215305627),(2270,0,'page not found','favicon.ico',1,'','http://jointpaincomfort.com/favicon.ico','','72.23.183.11',1215305542),(2268,0,'page not found','favicon.ico',1,'','http://jointpaincomfort.com/favicon.ico','','75.119.11.218',1215305323),(2269,0,'page not found','favicon.ico',1,'','http://jointpaincomfort.com/favicon.ico','','65.188.243.163',1215305524),(2266,0,'page not found','favicon.ico',1,'','http://jointpaincomfort.com/favicon.ico','','75.138.116.217',1215304358),(2267,0,'page not found','favicon.ico',1,'','http://jointpaincomfort.com/favicon.ico','http://www.jointpaincomfort.com/urgent/news.html','76.120.121.215',1215304674),(2265,0,'page not found','favicon.ico',1,'','http://jointpaincomfort.com/favicon.ico','http://www.jointpaincomfort.com/?q=content/urgent-news','58.172.209.1',1215304165),(2264,0,'page not found','favicon.ico',1,'','http://jointpaincomfort.com/favicon.ico','','65.3.161.63',1215303985),(2263,0,'page not found','favicon.ico',1,'','http://jointpaincomfort.com/favicon.ico','','98.207.211.51',1215303922),(2262,0,'page not found','favicon.ico',1,'','http://jointpaincomfort.com/favicon.ico','','65.3.161.63',1215303625),(2260,0,'page not found','favicon.ico',1,'','http://jointpaincomfort.com/favicon.ico','','71.231.118.211',1215302746),(2261,0,'page not found','favicon.ico',1,'','http://jointpaincomfort.com/favicon.ico','','65.3.161.63',1215303625),(2258,0,'page not found','favicon.ico',1,'','http://jointpaincomfort.com/favicon.ico','','74.167.128.116',1215302477),(2259,0,'page not found','favicon.ico',1,'','http://jointpaincomfort.com/favicon.ico','','87.112.24.3',1215302582),(2257,0,'page not found','favicon.ico',1,'','http://jointpaincomfort.com/favicon.ico','','58.165.157.242',1215302140),(2256,0,'page not found','favicon.ico',1,'','http://jointpaincomfort.com/favicon.ico','','24.68.141.89',1215302000),(2255,0,'page not found','favicon.ico',1,'','http://jointpaincomfort.com/favicon.ico','','80.225.165.236',1215301537),(2254,0,'page not found','favicon.ico',1,'','http://jointpaincomfort.com/favicon.ico','','80.225.165.236',1215300792),(2253,0,'page not found','favicon.ico',1,'','http://jointpaincomfort.com/favicon.ico','','67.85.160.78',1215300705),(2251,0,'page not found','favicon.ico',1,'','http://jointpaincomfort.com/favicon.ico','','207.118.229.141',1215299188),(2252,0,'page not found','favicon.ico',1,'','http://jointpaincomfort.com/favicon.ico','http://www.jointpaincomfort.com/urgent/news.html','70.18.192.248',1215299477),(2250,0,'page not found','favicon.ico',1,'','http://jointpaincomfort.com/favicon.ico','','67.70.123.253',1215299166),(2249,0,'page not found','favicon.ico',1,'','http://jointpaincomfort.com/favicon.ico','','99.155.150.236',1215298978),(2248,0,'page not found','favicon.ico',1,'','http://jointpaincomfort.com/favicon.ico','','72.178.252.85',1215298813),(2246,0,'page not found','favicon.ico',1,'','http://jointpaincomfort.com/favicon.ico','','208.101.113.104',1215297917),(2247,0,'page not found','favicon.ico',1,'','http://jointpaincomfort.com/favicon.ico','','67.172.10.69',1215298040),(2244,0,'page not found','favicon.ico',1,'','http://jointpaincomfort.com/favicon.ico','','76.120.54.78',1215297451),(2245,0,'page not found','favicon.ico',1,'','http://jointpaincomfort.com/favicon.ico','','76.120.54.78',1215297456),(2243,0,'page not found','favicon.ico',1,'','http://jointpaincomfort.com/favicon.ico','','150.70.84.171',1215297395),(2242,0,'page not found','favicon.ico',1,'','http://jointpaincomfort.com/favicon.ico','','24.222.88.146',1215297257),(2240,0,'page not found','favicon.ico',1,'','http://jointpaincomfort.com/favicon.ico','','99.255.204.123',1215296924),(2241,0,'page not found','favicon.ico',1,'','http://jointpaincomfort.com/favicon.ico','','122.109.50.118',1215297196),(2239,0,'page not found','favicon.ico',1,'','http://jointpaincomfort.com/favicon.ico','','4.232.18.51',1215296278),(2238,0,'page not found','favicon.ico',1,'','http://jointpaincomfort.com/favicon.ico','','220.101.143.96',1215295672),(2237,0,'page not found','favicon.ico',1,'','http://jointpaincomfort.com/favicon.ico','','65.93.205.4',1215295656),(2235,0,'page not found','favicon.ico',1,'','http://jointpaincomfort.com/favicon.ico','','92.20.5.207',1215295020),(2236,0,'page not found','favicon.ico',1,'','http://jointpaincomfort.com/favicon.ico','','86.136.97.68',1215295136),(2234,0,'page not found','favicon.ico',1,'','http://jointpaincomfort.com/favicon.ico','','24.69.247.158',1215294565),(2233,0,'page not found','favicon.ico',1,'','http://jointpaincomfort.com/favicon.ico','','92.21.145.162',1215294237),(2232,0,'page not found','favicon.ico',1,'','http://jointpaincomfort.com/favicon.ico','','99.151.181.174',1215293991),(2231,0,'page not found','favicon.ico',1,'','http://jointpaincomfort.com/favicon.ico','','99.135.173.189',1215293897),(2229,0,'page not found','favicon.ico',1,'','http://jointpaincomfort.com/favicon.ico','','67.191.18.112',1215293407),(2230,0,'page not found','favicon.ico',1,'','http://jointpaincomfort.com/favicon.ico','','67.191.18.112',1215293440),(2228,0,'page not found','favicon.ico',1,'','http://jointpaincomfort.com/favicon.ico','','67.191.18.112',1215293289),(2227,0,'page not found','favicon.ico',1,'','http://jointpaincomfort.com/favicon.ico','','82.14.91.143',1215293122),(2226,0,'page not found','favicon.ico',1,'','http://jointpaincomfort.com/favicon.ico','','92.22.88.164',1215293068),(2224,0,'page not found','favicon.ico',1,'','http://jointpaincomfort.com/favicon.ico','','4.238.70.16',1215292651),(2225,0,'page not found','favicon.ico',1,'','http://jointpaincomfort.com/favicon.ico','','68.111.219.21',1215292783),(2223,0,'page not found','favicon.ico',1,'','http://jointpaincomfort.com/favicon.ico','','74.75.47.193',1215292491),(2222,0,'page not found','favicon.ico',1,'','http://jointpaincomfort.com/favicon.ico','','72.14.193.133',1215292481),(2221,0,'page not found','favicon.ico',1,'','http://jointpaincomfort.com/favicon.ico','','90.197.169.107',1215292481),(2220,0,'page not found','favicon.ico',1,'','http://jointpaincomfort.com/favicon.ico','','4.232.234.220',1215291747),(2219,0,'page not found','favicon.ico',1,'','http://jointpaincomfort.com/favicon.ico','','203.59.151.185',1215291365),(2217,0,'page not found','favicon.ico',1,'','http://jointpaincomfort.com/favicon.ico','','99.253.52.190',1215290723),(2218,0,'page not found','favicon.ico',1,'','http://jointpaincomfort.com/favicon.ico','','24.241.234.40',1215291048),(2216,0,'page not found','favicon.ico',1,'','http://jointpaincomfort.com/favicon.ico','','66.61.51.214',1215290181),(2215,0,'page not found','favicon.ico',1,'','http://jointpaincomfort.com/favicon.ico','','82.35.160.115',1215290172),(2213,0,'page not found','favicon.ico',1,'','http://jointpaincomfort.com/favicon.ico','','72.89.141.153',1215290070),(2214,0,'page not found','favicon.ico',1,'','http://jointpaincomfort.com/favicon.ico','','72.89.141.153',1215290073),(2212,0,'page not found','favicon.ico',1,'','http://jointpaincomfort.com/favicon.ico','','69.112.91.246',1215289749),(2211,0,'page not found','favicon.ico',1,'','http://jointpaincomfort.com/favicon.ico','','72.155.5.12',1215288606),(2210,0,'page not found','favicon.ico',1,'','http://jointpaincomfort.com/favicon.ico','','24.57.37.7',1215288131),(2208,0,'page not found','favicon.ico',1,'','http://jointpaincomfort.com/favicon.ico','','75.0.9.180',1215286902),(2209,0,'page not found','favicon.ico',1,'','http://jointpaincomfort.com/favicon.ico','','208.11.185.107',1215287721),(2207,0,'page not found','favicon.ico',1,'','http://jointpaincomfort.com/favicon.ico','','71.197.119.231',1215286827),(2205,0,'page not found','favicon.ico',1,'','http://jointpaincomfort.com/favicon.ico','','69.243.22.198',1215286370),(2206,0,'page not found','favicon.ico',1,'','http://jointpaincomfort.com/favicon.ico','','86.151.190.248',1215286559),(2204,0,'page not found','favicon.ico',1,'','http://jointpaincomfort.com/favicon.ico','','86.29.129.126',1215285905),(2202,0,'page not found','favicon.ico',1,'','http://jointpaincomfort.com/favicon.ico','','84.68.197.119',1215285741),(2203,0,'page not found','favicon.ico',1,'','http://jointpaincomfort.com/favicon.ico','http://jointpaincomfort.com/?q=cart/checkout','69.77.140.236',1215285792),(2201,0,'page not found','favicon.ico',1,'','http://jointpaincomfort.com/favicon.ico','http://www.jointpaincomfort.com/urgent/news.html','69.77.140.236',1215285676),(2200,0,'page not found','favicon.ico',1,'','http://jointpaincomfort.com/favicon.ico','','81.79.158.225',1215285447),(2198,0,'page not found','favicon.ico',1,'','http://jointpaincomfort.com/favicon.ico','','90.212.20.74',1215284031),(2199,0,'page not found','favicon.ico',1,'','http://jointpaincomfort.com/favicon.ico','','216.232.191.149',1215284439),(2197,0,'page not found','favicon.ico',1,'','http://jointpaincomfort.com/favicon.ico','','86.132.207.51',1215283786),(2195,0,'page not found','favicon.ico',1,'','http://jointpaincomfort.com/favicon.ico','','87.114.170.36',1215282413),(2196,0,'page not found','favicon.ico',1,'','http://jointpaincomfort.com/favicon.ico','','71.156.167.100',1215282598),(2194,0,'page not found','favicon.ico',1,'','http://jointpaincomfort.com/favicon.ico','','71.176.212.188',1215282310),(2193,0,'page not found','images/bg_footer.gif',1,'','http://jointpaincomfort.com/images/bg_footer.gif','http://jointpaincomfort.com/?q=cart','66.82.9.81',1215281519),(2192,0,'page not found','images/corner_sidebottomright.gif',1,'','http://jointpaincomfort.com/images/corner_sidebottomright.gif','http://jointpaincomfort.com/?q=cart','66.82.9.81',1215281518),(2191,0,'page not found','images/corner_sidebottomleft.gif',1,'','http://jointpaincomfort.com/images/corner_sidebottomleft.gif','http://jointpaincomfort.com/?q=cart','66.82.9.81',1215281518),(2190,0,'page not found','images/corner_sidetopright.gif',1,'','http://jointpaincomfort.com/images/corner_sidetopright.gif','http://jointpaincomfort.com/?q=cart','66.82.9.81',1215281517),(2189,0,'page not found','images/corner_sidetopleft.gif',1,'','http://jointpaincomfort.com/images/corner_sidetopleft.gif','http://jointpaincomfort.com/?q=cart','66.82.9.81',1215281512),(2188,0,'page not found','images/main_bottom-right.gif',1,'','http://jointpaincomfort.com/images/main_bottom-right.gif','http://jointpaincomfort.com/?q=cart','66.82.9.81',1215281511),(2187,0,'page not found','images/main_bottom-left.gif',1,'','http://jointpaincomfort.com/images/main_bottom-left.gif','http://jointpaincomfort.com/?q=cart','66.82.9.81',1215281511),(2186,0,'page not found','images/main_bottom.gif',1,'','http://jointpaincomfort.com/images/main_bottom.gif','http://jointpaincomfort.com/?q=cart','66.82.9.81',1215281510),(2185,0,'page not found','images/main_top-right.gif',1,'','http://jointpaincomfort.com/images/main_top-right.gif','http://jointpaincomfort.com/?q=cart','66.82.9.81',1215281509),(2184,0,'page not found','images/main_top-left.gif',1,'','http://jointpaincomfort.com/images/main_top-left.gif','http://jointpaincomfort.com/?q=cart','66.82.9.81',1215281509),(2183,0,'page not found','images/main_top.gif',1,'','http://jointpaincomfort.com/images/main_top.gif','http://jointpaincomfort.com/?q=cart','66.82.9.81',1215281508),(2182,0,'page not found','images/bg_main-right.gif',1,'','http://jointpaincomfort.com/images/bg_main-right.gif','http://jointpaincomfort.com/?q=cart','66.82.9.81',1215281507),(2181,0,'page not found','images/bg_main-left.gif',1,'','http://jointpaincomfort.com/images/bg_main-left.gif','http://jointpaincomfort.com/?q=cart','66.82.9.81',1215281507),(2180,0,'page not found','images/bg_main.gif',1,'','http://jointpaincomfort.com/images/bg_main.gif','http://jointpaincomfort.com/?q=cart','66.82.9.81',1215281506),(2179,0,'page not found','images/block_middle.gif',1,'','http://jointpaincomfort.com/images/block_middle.gif','http://jointpaincomfort.com/?q=cart','66.82.9.81',1215281505),(2178,0,'page not found','images/bg_header.gif',1,'','http://jointpaincomfort.com/images/bg_header.gif','http://jointpaincomfort.com/?q=cart','66.82.9.81',1215281505),(2177,0,'page not found','images/bg.gif',1,'','http://jointpaincomfort.com/images/bg.gif','http://jointpaincomfort.com/?q=cart','66.82.9.81',1215281502),(2176,0,'page not found','images/button_joinnow-ie6.gif',1,'','http://jointpaincomfort.com/images/button_joinnow-ie6.gif','http://jointpaincomfort.com/?q=cart','66.82.9.81',1215281501),(2175,0,'page not found','favicon.ico',1,'','http://jointpaincomfort.com/favicon.ico','','99.224.142.51',1215281253),(2174,0,'page not found','favicon.ico',1,'','http://jointpaincomfort.com/favicon.ico','','66.82.9.81',1215281131),(2173,0,'page not found','favicon.ico',1,'','http://jointpaincomfort.com/favicon.ico','','24.3.174.128',1215281069),(2172,0,'page not found','favicon.ico',1,'','http://jointpaincomfort.com/favicon.ico','','90.194.78.196',1215280539),(2170,0,'page not found','favicon.ico',1,'','http://jointpaincomfort.com/favicon.ico','','72.28.42.171',1215280361),(2171,0,'page not found','favicon.ico',1,'','http://jointpaincomfort.com/favicon.ico','','75.153.0.94',1215280488),(2169,0,'page not found','favicon.ico',1,'','http://jointpaincomfort.com/favicon.ico','','208.119.81.194',1215279631),(2167,0,'page not found','favicon.ico',1,'','http://jointpaincomfort.com/favicon.ico','','81.157.135.90',1215278378),(2168,0,'page not found','favicon.ico',1,'','http://jointpaincomfort.com/favicon.ico','','71.166.15.36',1215279203),(2164,0,'page not found','favicon.ico',1,'','http://jointpaincomfort.com/favicon.ico','','81.157.135.90',1215278374),(2165,0,'page not found','favicon.ico',1,'','http://jointpaincomfort.com/favicon.ico','','81.157.135.90',1215278374),(2166,0,'page not found','favicon.ico',1,'','http://jointpaincomfort.com/favicon.ico','','81.157.135.90',1215278375),(2162,0,'page not found','favicon.ico',1,'','http://jointpaincomfort.com/favicon.ico','','74.222.206.219',1215277982),(2163,0,'page not found','favicon.ico',1,'','http://jointpaincomfort.com/favicon.ico','','81.157.135.90',1215278374),(2159,0,'page not found','favicon.ico',1,'','http://jointpaincomfort.com/favicon.ico','','86.168.191.75',1215276836),(2160,0,'page not found','favicon.ico',1,'','http://jointpaincomfort.com/favicon.ico','','70.153.135.191',1215277934),(2161,0,'page not found','favicon.ico',1,'','http://jointpaincomfort.com/favicon.ico','','86.131.45.87',1215277943),(2157,0,'page not found','favicon.ico',1,'','http://jointpaincomfort.com/favicon.ico','','71.227.219.172',1215276651),(2158,0,'page not found','favicon.ico',1,'','http://jointpaincomfort.com/favicon.ico','','99.237.55.7',1215276658),(2154,0,'page not found','favicon.ico',1,'','http://jointpaincomfort.com/favicon.ico','','209.226.57.135',1215275641),(2155,0,'page not found','favicon.ico',1,'','http://jointpaincomfort.com/favicon.ico','','71.221.238.252',1215275821),(2156,0,'page not found','favicon.ico',1,'','http://jointpaincomfort.com/favicon.ico','','86.164.99.125',1215276284),(2151,0,'page not found','favicon.ico',1,'','http://jointpaincomfort.com/favicon.ico','','71.181.137.237',1215274366),(2152,0,'page not found','favicon.ico',1,'','http://jointpaincomfort.com/favicon.ico','','68.123.47.159',1215274686),(2153,0,'page not found','favicon.ico',1,'','http://jointpaincomfort.com/favicon.ico','','98.224.107.175',1215275019),(2149,0,'page not found','favicon.ico',1,'','http://jointpaincomfort.com/favicon.ico','','71.229.107.245',1215274331),(2150,0,'page not found','favicon.ico',1,'','http://jointpaincomfort.com/favicon.ico','','121.222.9.94',1215274342),(2146,0,'page not found','favicon.ico',1,'','http://jointpaincomfort.com/favicon.ico','','75.37.131.133',1215273789),(2147,0,'page not found','favicon.ico',1,'','http://jointpaincomfort.com/favicon.ico','','78.151.143.110',1215273948),(2148,0,'page not found','favicon.ico',1,'','http://jointpaincomfort.com/favicon.ico','http://www.jointpaincomfort.com/urgent/news.html','75.71.180.50',1215274116),(2144,0,'page not found','favicon.ico',1,'','http://jointpaincomfort.com/favicon.ico','','78.144.94.82',1215273211),(2145,0,'page not found','favicon.ico',1,'','http://jointpaincomfort.com/favicon.ico','','99.244.149.217',1215273631),(2141,0,'page not found','favicon.ico',1,'','http://jointpaincomfort.com/favicon.ico','','72.152.73.20',1215272885),(2142,0,'page not found','favicon.ico',1,'','http://jointpaincomfort.com/favicon.ico','','86.147.65.238',1215273094),(2143,0,'page not found','favicon.ico',1,'','http://jointpaincomfort.com/favicon.ico','','78.144.94.82',1215273211),(2138,0,'page not found','favicon.ico',1,'','http://jointpaincomfort.com/favicon.ico','','24.161.160.185',1215272360),(2139,0,'page not found','favicon.ico',1,'','http://jointpaincomfort.com/favicon.ico','','81.107.184.91',1215272614),(2140,0,'page not found','favicon.ico',1,'','http://jointpaincomfort.com/favicon.ico','','86.149.71.150',1215272807),(2136,0,'page not found','favicon.ico',1,'','http://jointpaincomfort.com/favicon.ico','','78.144.110.201',1215272258),(2137,0,'page not found','favicon.ico',1,'','http://jointpaincomfort.com/favicon.ico','','98.214.118.194',1215272357),(2133,0,'page not found','favicon.ico',1,'','http://jointpaincomfort.com/favicon.ico','','217.42.34.88',1215271759),(2134,0,'page not found','favicon.ico',1,'','http://jointpaincomfort.com/favicon.ico','','24.11.81.125',1215271993),(2135,0,'page not found','favicon.ico',1,'','http://jointpaincomfort.com/favicon.ico','','65.115.194.2',1215272036),(2130,0,'page not found','favicon.ico',1,'','http://jointpaincomfort.com/favicon.ico','','24.11.81.125',1215271551),(2131,0,'page not found','favicon.ico',1,'','http://jointpaincomfort.com/favicon.ico','','24.11.81.125',1215271551),(2132,0,'page not found','favicon.ico',1,'','http://jointpaincomfort.com/favicon.ico','','70.15.73.116',1215271713),(2127,0,'page not found','favicon.ico',1,'','http://jointpaincomfort.com/favicon.ico','','79.69.163.235',1215271282),(2128,0,'page not found','favicon.ico',1,'','http://jointpaincomfort.com/favicon.ico','','75.2.57.183',1215271479),(2129,0,'page not found','favicon.ico',1,'','http://jointpaincomfort.com/favicon.ico','','70.15.73.116',1215271517),(2124,0,'page not found','favicon.ico',1,'','http://jointpaincomfort.com/favicon.ico','','76.69.73.181',1215270154),(2125,0,'page not found','favicon.ico',1,'','http://jointpaincomfort.com/favicon.ico','','150.70.84.171',1215270459),(2126,0,'page not found','favicon.ico',1,'','http://jointpaincomfort.com/favicon.ico','','89.242.169.21',1215270634),(2122,0,'page not found','favicon.ico',1,'','http://jointpaincomfort.com/favicon.ico','','78.148.192.11',1215269132),(2123,0,'page not found','favicon.ico',1,'','http://jointpaincomfort.com/favicon.ico','','24.203.32.211',1215269243),(2119,0,'page not found','favicon.ico',1,'','http://jointpaincomfort.com/favicon.ico','','99.249.160.169',1215268046),(2120,0,'page not found','favicon.ico',1,'','http://jointpaincomfort.com/favicon.ico','','81.132.7.98',1215268815),(2121,0,'page not found','favicon.ico',1,'','http://jointpaincomfort.com/favicon.ico','','64.136.26.230',1215269014),(2116,0,'page not found','favicon.ico',1,'','http://jointpaincomfort.com/favicon.ico','','66.24.233.23',1215266863),(2117,0,'page not found','favicon.ico',1,'','http://jointpaincomfort.com/favicon.ico','','166.128.187.8',1215266937),(2118,0,'page not found','favicon.ico',1,'','http://jointpaincomfort.com/favicon.ico','','70.105.97.197',1215267571),(2113,0,'page not found','favicon.ico',1,'','http://jointpaincomfort.com/favicon.ico','','71.62.159.170',1215266547),(2114,0,'page not found','favicon.ico',1,'','http://jointpaincomfort.com/favicon.ico','','220.237.185.12',1215266577),(2115,0,'page not found','favicon.ico',1,'','http://jointpaincomfort.com/favicon.ico','','220.237.185.12',1215266578),(2111,0,'page not found','favicon.ico',1,'','http://jointpaincomfort.com/favicon.ico','','82.38.244.167',1215266027),(2112,0,'page not found','favicon.ico',1,'','http://jointpaincomfort.com/favicon.ico','','24.20.70.89',1215266514),(2108,0,'page not found','favicon.ico',1,'','http://jointpaincomfort.com/favicon.ico','','88.107.144.139',1215265020),(2109,0,'page not found','favicon.ico',1,'','http://jointpaincomfort.com/favicon.ico','','72.152.119.175',1215265529),(2110,0,'page not found','favicon.ico',1,'','http://jointpaincomfort.com/favicon.ico','','82.38.244.167',1215266027),(2105,0,'page not found','favicon.ico',1,'','http://jointpaincomfort.com/favicon.ico','','88.97.31.236',1215262905),(2106,0,'page not found','favicon.ico',1,'','http://jointpaincomfort.com/favicon.ico','','81.152.109.80',1215263235),(2107,0,'page not found','favicon.ico',1,'','http://jointpaincomfort.com/favicon.ico','','86.31.113.123',1215263425),(2103,0,'page not found','favicon.ico',1,'','http://jointpaincomfort.com/favicon.ico','http://www.jointpaincomfort.com/?q=content/urgent-news','97.91.159.137',1215262228),(2104,0,'page not found','favicon.ico',1,'','http://jointpaincomfort.com/favicon.ico','','68.13.118.249',1215262852),(2101,0,'page not found','favicon.ico',1,'','http://jointpaincomfort.com/favicon.ico','http://jointpaincomfort.com/?q=cart/checkout','76.206.54.202',1215261584),(2102,0,'page not found','favicon.ico',1,'','http://jointpaincomfort.com/favicon.ico','','82.10.247.23',1215261828),(2100,0,'page not found','favicon.ico',1,'','http://jointpaincomfort.com/favicon.ico','http://www.jointpaincomfort.com/?q=content/urgent-news','76.206.54.202',1215261291),(2098,0,'page not found','favicon.ico',1,'','http://jointpaincomfort.com/favicon.ico','','98.21.20.249',1215260475),(2099,0,'page not found','favicon.ico',1,'','http://jointpaincomfort.com/favicon.ico','','74.230.26.48',1215260923),(2096,0,'page not found','favicon.ico',1,'','http://jointpaincomfort.com/favicon.ico','','89.240.254.177',1215260299),(2097,0,'page not found','favicon.ico',1,'','http://jointpaincomfort.com/favicon.ico','','86.155.185.123',1215260354),(2095,0,'page not found','favicon.ico',1,'','http://jointpaincomfort.com/favicon.ico','','81.102.59.121',1215259692),(2092,0,'page not found','favicon.ico',1,'','http://jointpaincomfort.com/favicon.ico','','67.236.155.57',1215258416),(2093,0,'page not found','favicon.ico',1,'','http://jointpaincomfort.com/favicon.ico','','68.225.173.63',1215258676),(2094,0,'page not found','favicon.ico',1,'','http://jointpaincomfort.com/favicon.ico','','90.216.29.248',1215258927),(2091,0,'page not found','favicon.ico',1,'','http://jointpaincomfort.com/favicon.ico','','90.204.224.53',1215257656),(2090,0,'page not found','favicon.ico',1,'','http://jointpaincomfort.com/favicon.ico','','90.204.224.53',1215257655),(2087,0,'page not found','favicon.ico',1,'','http://jointpaincomfort.com/favicon.ico','','89.243.42.58',1215257210),(2088,0,'page not found','favicon.ico',1,'','http://jointpaincomfort.com/favicon.ico','','71.254.106.222',1215257375),(2089,0,'page not found','favicon.ico',1,'','http://jointpaincomfort.com/favicon.ico','','202.7.166.163',1215257601),(2086,0,'page not found','favicon.ico',1,'','http://jointpaincomfort.com/favicon.ico','','89.243.42.58',1215257209),(2084,0,'page not found','favicon.ico',1,'','http://jointpaincomfort.com/favicon.ico','','81.156.126.44',1215256883),(2085,0,'page not found','favicon.ico',1,'','http://jointpaincomfort.com/favicon.ico','','69.26.89.52',1215256911),(2082,0,'page not found','favicon.ico',1,'','http://jointpaincomfort.com/favicon.ico','','71.187.17.189',1215255660),(2083,0,'page not found','favicon.ico',1,'','http://jointpaincomfort.com/favicon.ico','','81.111.202.8',1215256743),(2081,0,'page not found','favicon.ico',1,'','http://jointpaincomfort.com/favicon.ico','','84.43.93.56',1215255632),(2079,0,'page not found','favicon.ico',1,'','http://jointpaincomfort.com/favicon.ico','','144.138.159.51',1215255558),(2080,0,'page not found','favicon.ico',1,'','http://jointpaincomfort.com/favicon.ico','','84.43.93.56',1215255630),(2077,0,'page not found','favicon.ico',1,'','http://jointpaincomfort.com/favicon.ico','','124.171.103.220',1215254899),(2078,0,'page not found','favicon.ico',1,'','http://jointpaincomfort.com/favicon.ico','','86.139.243.103',1215255311),(2076,0,'page not found','favicon.ico',1,'','http://jointpaincomfort.com/favicon.ico','http://www.jointpaincomfort.com/?q=content/urgent-news','74.12.180.103',1215254567),(2075,0,'page not found','favicon.ico',1,'','http://jointpaincomfort.com/favicon.ico','http://www.jointpaincomfort.com/?q=content/urgent-news','122.109.72.158',1215254263),(2073,0,'page not found','favicon.ico',1,'','http://jointpaincomfort.com/favicon.ico','','82.26.72.214',1215252037),(2074,0,'page not found','favicon.ico',1,'','http://jointpaincomfort.com/favicon.ico','','90.209.186.188',1215253820),(2072,0,'page not found','favicon.ico',1,'','http://jointpaincomfort.com/favicon.ico','','86.7.221.80',1215251402),(2070,0,'page not found','favicon.ico',1,'','http://jointpaincomfort.com/favicon.ico','http://www.jointpaincomfort.com/urgent/news.html','24.68.60.126',1215251379),(2071,0,'page not found','favicon.ico',1,'','http://jointpaincomfort.com/favicon.ico','','86.7.221.80',1215251401),(2069,0,'page not found','favicon.ico',1,'','http://jointpaincomfort.com/favicon.ico','','86.149.50.60',1215251292),(2067,0,'page not found','favicon.ico',1,'','http://jointpaincomfort.com/favicon.ico','','88.105.79.220',1215250842),(2068,0,'page not found','favicon.ico',1,'','http://jointpaincomfort.com/favicon.ico','','82.152.221.200',1215250889),(2065,0,'page not found','favicon.ico',1,'','http://jointpaincomfort.com/favicon.ico','','84.64.171.115',1215249546),(2066,0,'page not found','favicon.ico',1,'','http://jointpaincomfort.com/favicon.ico','','84.64.171.115',1215249547),(2064,0,'page not found','favicon.ico',1,'','http://jointpaincomfort.com/favicon.ico','','84.64.171.115',1215249546),(2062,0,'page not found','favicon.ico',1,'','http://jointpaincomfort.com/favicon.ico','','90.240.168.118',1215247214),(2063,0,'page not found','favicon.ico',1,'','http://jointpaincomfort.com/favicon.ico','','75.36.232.204',1215249508),(2060,0,'page not found','favicon.ico',1,'','http://jointpaincomfort.com/favicon.ico','','212.183.134.66',1215245979),(2061,0,'page not found','favicon.ico',1,'','http://jointpaincomfort.com/favicon.ico','','84.69.206.214',1215246500),(2059,0,'page not found','favicon.ico',1,'','http://jointpaincomfort.com/favicon.ico','','77.97.143.216',1215245441),(2057,0,'page not found','favicon.ico',1,'','http://jointpaincomfort.com/favicon.ico','','216.130.82.185',1215243367),(2058,0,'page not found','favicon.ico',1,'','http://jointpaincomfort.com/favicon.ico','','78.149.134.115',1215244354),(2056,0,'page not found','favicon.ico',1,'','http://jointpaincomfort.com/favicon.ico','','124.176.41.153',1215242991),(2054,0,'page not found','favicon.ico',1,'','http://jointpaincomfort.com/favicon.ico','','12.202.180.225',1215239464),(2055,0,'page not found','favicon.ico',1,'','http://jointpaincomfort.com/favicon.ico','','124.187.105.153',1215241597),(2052,0,'page not found','favicon.ico',1,'','http://jointpaincomfort.com/favicon.ico','','58.104.212.4',1215237381),(2053,0,'page not found','favicon.ico',1,'','http://jointpaincomfort.com/favicon.ico','','68.104.34.36',1215238236),(2050,0,'page not found','favicon.ico',1,'','http://jointpaincomfort.com/favicon.ico','','58.104.212.4',1215237212),(2051,0,'page not found','favicon.ico',1,'','http://jointpaincomfort.com/favicon.ico','','58.109.81.107',1215237229),(2049,0,'page not found','favicon.ico',1,'','http://jointpaincomfort.com/favicon.ico','','58.104.212.4',1215237207),(2048,0,'page not found','favicon.ico',1,'','http://jointpaincomfort.com/favicon.ico','','121.221.140.19',1215236208),(2047,0,'page not found','favicon.ico',1,'','http://jointpaincomfort.com/favicon.ico','','209.136.99.146',1215235915),(2045,0,'page not found','favicon.ico',1,'','http://jointpaincomfort.com/favicon.ico','','209.145.77.198',1215234471),(2046,0,'page not found','favicon.ico',1,'','http://jointpaincomfort.com/favicon.ico','','66.177.154.89',1215235070),(2044,0,'page not found','favicon.ico',1,'','http://jointpaincomfort.com/favicon.ico','','24.159.16.67',1215234453),(2043,0,'page not found','favicon.ico',1,'','http://jointpaincomfort.com/favicon.ico','','69.123.68.30',1215233312),(2041,0,'page not found','favicon.ico',1,'','http://jointpaincomfort.com/favicon.ico','http://www.jointpaincomfort.com/urgent/news.html','98.222.194.90',1215231395),(2042,0,'page not found','favicon.ico',1,'','http://jointpaincomfort.com/favicon.ico','','123.200.193.54',1215232768),(2039,0,'page not found','favicon.ico',1,'','http://jointpaincomfort.com/favicon.ico','','64.110.247.123',1215230181),(2040,0,'page not found','favicon.ico',1,'','http://jointpaincomfort.com/favicon.ico','','70.67.151.67',1215231025),(2037,0,'page not found','favicon.ico',1,'','http://jointpaincomfort.com/favicon.ico','','138.217.149.63',1215229730),(2038,0,'page not found','favicon.ico',1,'','http://jointpaincomfort.com/favicon.ico','','69.146.22.44',1215230002),(2036,0,'page not found','favicon.ico',1,'','http://jointpaincomfort.com/favicon.ico','','70.209.51.46',1215229642),(2035,0,'page not found','favicon.ico',1,'','http://jointpaincomfort.com/favicon.ico','','70.209.51.46',1215229641),(2034,0,'page not found','favicon.ico',1,'','http://jointpaincomfort.com/favicon.ico','','68.190.1.229',1215229606),(2032,0,'page not found','favicon.ico',1,'','http://jointpaincomfort.com/favicon.ico','','124.182.24.189',1215228660),(2033,0,'page not found','favicon.ico',1,'','http://jointpaincomfort.com/favicon.ico','','124.177.26.21',1215228768),(2031,0,'page not found','content/diagnostic-tests-arthritis',1,'','http://jointpaincomfort.com/content/diagnostic-tests-arthritis','','66.249.66.111',1215228477),(2030,0,'page not found','favicon.ico',1,'','http://jointpaincomfort.com/favicon.ico','','24.189.55.70',1215227888),(2029,0,'page not found','favicon.ico',1,'','http://jointpaincomfort.com/favicon.ico','','24.189.55.70',1215227888),(2028,0,'page not found','favicon.ico',1,'','http://jointpaincomfort.com/favicon.ico','','68.45.149.96',1215226796),(2027,0,'page not found','favicon.ico',1,'','http://jointpaincomfort.com/favicon.ico','','68.45.149.96',1215226796),(2025,0,'page not found','favicon.ico',1,'','http://jointpaincomfort.com/favicon.ico','','71.230.116.111',1215226193),(2026,0,'page not found','favicon.ico',1,'','http://jointpaincomfort.com/favicon.ico','','121.220.214.17',1215226458),(2024,0,'page not found','favicon.ico',1,'','http://jointpaincomfort.com/favicon.ico','','76.31.89.179',1215226147),(2023,0,'page not found','favicon.ico',1,'','http://jointpaincomfort.com/favicon.ico','','204.83.163.253',1215225421),(2022,0,'page not found','favicon.ico',1,'','http://jointpaincomfort.com/favicon.ico','','98.21.21.239',1215224971),(2021,0,'page not found','favicon.ico',1,'','http://jointpaincomfort.com/favicon.ico','','71.97.197.21',1215224326),(2020,0,'page not found','favicon.ico',1,'','http://jointpaincomfort.com/favicon.ico','','24.108.2.86',1215223954),(2018,0,'page not found','favicon.ico',1,'','http://jointpaincomfort.com/favicon.ico','','76.230.107.215',1215223132),(2019,0,'page not found','favicon.ico',1,'','http://jointpaincomfort.com/favicon.ico','','58.165.122.159',1215223181),(2017,0,'page not found','favicon.ico',1,'','http://jointpaincomfort.com/favicon.ico','','74.193.3.171',1215222063),(2016,0,'page not found','favicon.ico',1,'','http://jointpaincomfort.com/favicon.ico','','74.193.3.171',1215222061),(2014,0,'page not found','favicon.ico',1,'','http://jointpaincomfort.com/favicon.ico','','58.168.11.15',1215221690),(2015,0,'page not found','favicon.ico',1,'','http://jointpaincomfort.com/favicon.ico','','208.31.41.67',1215221975),(2012,0,'page not found','favicon.ico',1,'','http://jointpaincomfort.com/favicon.ico','','142.167.6.102',1215220564),(2013,0,'page not found','favicon.ico',1,'','http://jointpaincomfort.com/favicon.ico','','99.238.199.204',1215221443),(2010,0,'page not found','favicon.ico',1,'','http://jointpaincomfort.com/favicon.ico','','71.193.184.121',1215220220),(2011,0,'page not found','favicon.ico',1,'','http://jointpaincomfort.com/favicon.ico','','24.126.112.33',1215220532),(2009,0,'page not found','favicon.ico',1,'','http://jointpaincomfort.com/favicon.ico','','24.163.136.152',1215219412),(2008,0,'page not found','favicon.ico',1,'','http://jointpaincomfort.com/favicon.ico','','208.120.214.226',1215217532),(2007,0,'page not found','favicon.ico',1,'','http://jointpaincomfort.com/favicon.ico','','70.107.106.48',1215217256),(2006,0,'page not found','favicon.ico',1,'','http://jointpaincomfort.com/favicon.ico','','64.180.1.45',1215216426),(2004,0,'page not found','favicon.ico',1,'','http://jointpaincomfort.com/favicon.ico','','24.85.232.58',1215216094),(2005,0,'page not found','favicon.ico',1,'','http://jointpaincomfort.com/favicon.ico','','24.85.232.58',1215216097),(2003,0,'page not found','favicon.ico',1,'','http://jointpaincomfort.com/favicon.ico','','59.101.73.35',1215214342),(2002,0,'page not found','content/gout',1,'','http://jointpaincomfort.com/content/gout','','66.249.66.111',1215214340),(2001,0,'page not found','favicon.ico',1,'','http://jointpaincomfort.com/favicon.ico','','90.195.6.104',1215214188),(2000,0,'page not found','favicon.ico',1,'','http://jointpaincomfort.com/favicon.ico','','99.153.105.127',1215214029),(1998,0,'page not found','favicon.ico',1,'','http://jointpaincomfort.com/favicon.ico','','67.173.164.145',1215212294),(1999,0,'page not found','favicon.ico',1,'','http://jointpaincomfort.com/favicon.ico','','76.192.7.163',1215213829),(1997,0,'page not found','favicon.ico',1,'','http://jointpaincomfort.com/favicon.ico','http://www.jointpaincomfort.com/?q=content/urgent-news','76.254.46.33',1215212108),(1996,0,'page not found','favicon.ico',1,'','http://jointpaincomfort.com/favicon.ico','','86.149.70.214',1215211889),(1995,0,'page not found','favicon.ico',1,'','http://jointpaincomfort.com/favicon.ico','','99.225.178.167',1215211028),(1994,0,'user','Login attempt failed for <em>ohenry13</em>.',0,'','http://jointpaincomfort.com/?q=cart&destination=cart','http://jointpaincomfort.com/?q=cart&destination=cart','76.125.159.228',1215209201),(1993,0,'page not found','favicon.ico',1,'','http://jointpaincomfort.com/favicon.ico','','66.169.128.197',1215208972),(1992,0,'page not found','favicon.ico',1,'','http://jointpaincomfort.com/favicon.ico','','66.169.128.197',1215208968),(1991,0,'page not found','favicon.ico',1,'','http://jointpaincomfort.com/favicon.ico','','205.250.154.54',1215208116),(1990,0,'page not found','favicon.ico',1,'','http://jointpaincomfort.com/favicon.ico','','76.125.159.228',1215208039),(1988,0,'page not found','favicon.ico',1,'','http://jointpaincomfort.com/favicon.ico','','82.45.72.134',1215207707),(1989,0,'page not found','favicon.ico',1,'','http://jointpaincomfort.com/favicon.ico','','24.147.188.78',1215208014),(1987,0,'page not found','favicon.ico',1,'','http://jointpaincomfort.com/favicon.ico','','76.125.159.228',1215207557),(1986,0,'page not found','favicon.ico',1,'','http://jointpaincomfort.com/favicon.ico','','76.125.159.228',1215207556),(1985,0,'page not found','favicon.ico',1,'','http://jointpaincomfort.com/favicon.ico','','87.113.5.144',1215207414),(1984,0,'page not found','favicon.ico',1,'','http://jointpaincomfort.com/favicon.ico','','64.118.122.220',1215206559),(1982,0,'page not found','favicon.ico',1,'','http://jointpaincomfort.com/favicon.ico','','58.111.176.205',1215205285),(1983,0,'page not found','favicon.ico',1,'','http://jointpaincomfort.com/favicon.ico','','79.78.206.44',1215205612),(1981,0,'page not found','favicon.ico',1,'','http://jointpaincomfort.com/favicon.ico','','71.137.199.251',1215205114),(1979,0,'page not found','favicon.ico',1,'','http://jointpaincomfort.com/favicon.ico','','84.71.14.136',1215204983),(1980,0,'page not found','favicon.ico',1,'','http://jointpaincomfort.com/favicon.ico','','92.8.230.204',1215204988),(1978,0,'page not found','favicon.ico',1,'','http://jointpaincomfort.com/favicon.ico','','69.107.95.75',1215204867),(1977,0,'page not found','favicon.ico',1,'','http://jointpaincomfort.com/favicon.ico','','90.208.190.90',1215204089),(1976,0,'page not found','favicon.ico',1,'','http://jointpaincomfort.com/favicon.ico','','86.156.80.116',1215203964),(1975,0,'page not found','favicon.ico',1,'','http://jointpaincomfort.com/favicon.ico','','79.65.52.161',1215203840),(1973,0,'page not found','favicon.ico',1,'','http://jointpaincomfort.com/favicon.ico','','203.213.7.132',1215203786),(1974,0,'page not found','favicon.ico',1,'','http://jointpaincomfort.com/favicon.ico','','74.183.223.144',1215203827),(1972,0,'page not found','favicon.ico',1,'','http://jointpaincomfort.com/favicon.ico','','203.213.7.132',1215203778),(1971,0,'page not found','favicon.ico',1,'','http://jointpaincomfort.com/favicon.ico','','203.213.7.132',1215203311),(1970,0,'page not found','favicon.ico',1,'','http://jointpaincomfort.com/favicon.ico','','68.7.141.197',1215203280),(1969,0,'page not found','favicon.ico',1,'','http://jointpaincomfort.com/favicon.ico','','132.156.32.118',1215201800),(1967,0,'page not found','favicon.ico',1,'','http://jointpaincomfort.com/favicon.ico','','71.243.181.116',1215201272),(1968,0,'page not found','favicon.ico',1,'','http://jointpaincomfort.com/favicon.ico','','67.187.141.7',1215201719),(1966,0,'page not found','favicon.ico',1,'','http://jointpaincomfort.com/favicon.ico','','86.153.250.155',1215201158),(1965,0,'page not found','favicon.ico',1,'','http://jointpaincomfort.com/favicon.ico','','86.0.234.60',1215201070),(1963,0,'page not found','favicon.ico',1,'','http://jointpaincomfort.com/favicon.ico','','90.212.152.249',1215200292),(1964,0,'page not found','favicon.ico',1,'','http://jointpaincomfort.com/favicon.ico','','78.150.88.33',1215200650),(1962,0,'page not found','favicon.ico',1,'','http://jointpaincomfort.com/favicon.ico','','24.109.44.12',1215200010),(1961,0,'page not found','favicon.ico',1,'','http://jointpaincomfort.com/favicon.ico','','71.231.127.135',1215199813),(1959,0,'page not found','favicon.ico',1,'','http://jointpaincomfort.com/favicon.ico','','24.67.253.209',1215199599),(1960,0,'page not found','favicon.ico',1,'','http://jointpaincomfort.com/favicon.ico','','24.70.236.191',1215199621),(1958,0,'page not found','favicon.ico',1,'','http://jointpaincomfort.com/favicon.ico','','72.69.249.77',1215198980),(1956,0,'page not found','favicon.ico',1,'','http://jointpaincomfort.com/favicon.ico','','90.241.178.60',1215198915),(1957,0,'page not found','favicon.ico',1,'','http://jointpaincomfort.com/favicon.ico','','92.0.0.229',1215198976),(1955,0,'page not found','favicon.ico',1,'','http://jointpaincomfort.com/favicon.ico','','76.87.217.118',1215198710),(1954,0,'page not found','favicon.ico',1,'','http://jointpaincomfort.com/favicon.ico','','82.9.23.15',1215198643),(1952,0,'page not found','favicon.ico',1,'','http://jointpaincomfort.com/favicon.ico','','76.30.105.195',1215198611),(1953,0,'page not found','favicon.ico',1,'','http://jointpaincomfort.com/favicon.ico','','82.9.23.15',1215198642),(1951,0,'page not found','favicon.ico',1,'','http://jointpaincomfort.com/favicon.ico','','90.212.65.231',1215198589),(1949,0,'page not found','favicon.ico',1,'','http://jointpaincomfort.com/favicon.ico','','75.171.134.227',1215197496),(1950,0,'page not found','favicon.ico',1,'','http://jointpaincomfort.com/favicon.ico','','86.13.189.158',1215197844),(1948,0,'page not found','favicon.ico',1,'','http://jointpaincomfort.com/favicon.ico','','24.71.125.92',1215197188),(1946,0,'page not found','favicon.ico',1,'','http://jointpaincomfort.com/favicon.ico','','24.239.214.115',1215195991),(1947,0,'page not found','favicon.ico',1,'','http://jointpaincomfort.com/favicon.ico','','12.47.234.237',1215196654),(1945,0,'page not found','favicon.ico',1,'','http://jointpaincomfort.com/favicon.ico','','82.37.225.9',1215195822),(1944,0,'page not found','favicon.ico',1,'','http://jointpaincomfort.com/favicon.ico','','64.24.179.91',1215195680),(1942,0,'uc_paypal','IPN transaction verified.',0,'','http://jointpaincomfort.com/?q=uc_paypal/ipn/95','','216.113.191.33',1215195349),(1943,177,'user','Session closed for <em>esteban</em>.',0,'','http://jointpaincomfort.com/?q=logout','http://jointpaincomfort.com/?q=content/the-real-reasons-behind-your-pain','190.134.22.244',1215195402),(1941,177,'user','Session opened for <em>esteban</em>.',0,'','http://jointpaincomfort.com/?q=cart/checkout/complete','','190.134.22.244',1215195349),(1940,0,'uc_paypal','Receiving IPN at URL for order 95.',0,'','http://jointpaincomfort.com/?q=uc_paypal/ipn/95','','216.113.191.33',1215195348),(1939,1,'user','Session closed for <em>admin</em>.',0,'','http://jointpaincomfort.com/?q=logout','http://jointpaincomfort.com/?q=admin/store/settings/checkout/edit','190.134.22.244',1215195282),(1938,1,'user','Session opened for <em>admin</em>.',0,'','http://jointpaincomfort.com/?q=home&destination=home','http://jointpaincomfort.com/','190.134.22.244',1215195219),(1937,176,'user','Session closed for <em>test</em>.',0,'','http://jointpaincomfort.com/?q=logout','http://jointpaincomfort.com/?q=content/the-real-reasons-behind-your-pain','190.134.22.244',1215195209),(1936,176,'user','Session opened for <em>test</em>.',0,'','http://jointpaincomfort.com/?q=home&destination=home','http://jointpaincomfort.com/','190.134.22.244',1215195200),(1935,1,'user','Session closed for <em>admin</em>.',0,'','http://jointpaincomfort.com/?q=logout','http://jointpaincomfort.com/?q=admin/user/user','190.134.22.244',1215195191),(1933,0,'uc_paypal','IPN transaction verified.',0,'','http://jointpaincomfort.com/?q=uc_paypal/ipn/94','','216.113.191.33',1215195107),(1934,1,'user','Session opened for <em>admin</em>.',0,'','http://jointpaincomfort.com/?q=cart&destination=cart','http://jointpaincomfort.com/?q=cart','190.134.22.244',1215195147),(1932,0,'uc_paypal','Receiving IPN at URL for order 94.',0,'','http://jointpaincomfort.com/?q=uc_paypal/ipn/94','','216.113.191.33',1215195106),(1930,0,'page not found','favicon.ico',1,'','http://jointpaincomfort.com/favicon.ico','','71.93.187.247',1215194867),(1931,1,'user','Session closed for <em>admin</em>.',0,'','http://jointpaincomfort.com/?q=logout','http://jointpaincomfort.com/?q=admin/user/user','190.134.22.244',1215194879),(1929,1,'user','Session opened for <em>admin</em>.',0,'','http://jointpaincomfort.com/?q=home&destination=home','http://jointpaincomfort.com/','190.134.22.244',1215194853),(1928,1,'user','Session closed for <em>admin</em>.',0,'','http://jointpaincomfort.com/?q=logout','http://jointpaincomfort.com/?q=admin/workflow-ng/configurations','190.134.22.244',1215194846),(1927,0,'page not found','favicon.ico',1,'','http://jointpaincomfort.com/favicon.ico','','88.109.153.215',1215194598),(1926,1,'page not found','admin/workflow-ng/configurations/cfg_5',1,'','http://jointpaincomfort.com/?q=admin/workflow-ng/configurations/cfg_5','','190.134.22.244',1215194585),(1925,1,'page not found','admin/workflow-ng/configurations/cfg_5',1,'','http://jointpaincomfort.com/?q=admin/workflow-ng/configurations/cfg_5','http://jointpaincomfort.com/?q=admin/build/workflow-ng/0/add','190.134.22.244',1215194566),(1924,1,'page not found','admin/workflow-ng/configurations/cfg_4',1,'','http://jointpaincomfort.com/?q=admin/workflow-ng/configurations/cfg_4','http://jointpaincomfort.com/?q=admin/build/workflow-ng/0/add','190.134.22.244',1215194553),(1923,1,'page not found','admin/workflow-ng/configurations/cfg_3',1,'','http://jointpaincomfort.com/?q=admin/workflow-ng/configurations/cfg_3','http://jointpaincomfort.com/?q=admin/build/workflow-ng/0/add','190.134.22.244',1215194533),(1922,1,'page not found','admin/workflow-ng/configurations/cfg_2',1,'','http://jointpaincomfort.com/?q=admin/workflow-ng/configurations/cfg_2','http://jointpaincomfort.com/?q=admin/build/workflow-ng/0/add','190.134.22.244',1215194444),(1920,0,'page not found','favicon.ico',1,'','http://jointpaincomfort.com/favicon.ico','','70.1.46.214',1215194256),(1921,1,'page not found','admin/workflow-ng/configurations/cfg_1',1,'','http://jointpaincomfort.com/?q=admin/workflow-ng/configurations/cfg_1','http://jointpaincomfort.com/?q=admin/build/workflow-ng/0/add','190.134.22.244',1215194418),(1919,1,'update_status','Fetched information about all available new releases and updates.',0,'<a href=\"/?q=admin/logs/updates\">view</a>','http://jointpaincomfort.com/?q=admin/build/modules','http://www.jointpaincomfort.com/?q=admin/build/workflow-ng','190.134.22.244',1215194207),(1917,1,'page not found','admin/worflow-ng',1,'','http://jointpaincomfort.com/?q=admin/worflow-ng','','190.134.22.244',1215193847),(1918,0,'page not found','favicon.ico',1,'','http://jointpaincomfort.com/favicon.ico','','99.148.166.235',1215194155),(1916,1,'page not found','admin/worflow-g',1,'','http://jointpaincomfort.com/?q=admin/worflow-g','','190.134.22.244',1215193841),(1915,0,'page not found','favicon.ico',1,'','http://jointpaincomfort.com/favicon.ico','','82.71.0.123',1215193807),(1914,0,'page not found','favicon.ico',1,'','http://jointpaincomfort.com/favicon.ico','','90.209.44.7',1215193575),(1913,1,'user','Session opened for <em>admin</em>.',0,'','http://jointpaincomfort.com/?q=home&destination=home','http://www.jointpaincomfort.com/','190.134.22.244',1215193469),(1912,0,'page not found','favicon.ico',1,'','http://jointpaincomfort.com/favicon.ico','','68.110.181.101',1215192684),(1910,0,'page not found','favicon.ico',1,'','http://jointpaincomfort.com/favicon.ico','','68.110.181.101',1215192640),(1911,0,'page not found','favicon.ico',1,'','http://jointpaincomfort.com/favicon.ico','','68.110.181.101',1215192652),(1908,0,'page not found','favicon.ico',1,'','http://jointpaincomfort.com/favicon.ico','','70.107.138.95',1215191863),(1909,0,'page not found','favicon.ico',1,'','http://jointpaincomfort.com/favicon.ico','','82.46.22.187',1215192022),(1907,0,'page not found','favicon.ico',1,'','http://jointpaincomfort.com/favicon.ico','','71.225.220.163',1215191491),(1906,0,'page not found','favicon.ico',1,'','http://jointpaincomfort.com/favicon.ico','','89.242.170.3',1215190235),(1905,0,'page not found','favicon.ico',1,'','http://jointpaincomfort.com/favicon.ico','','72.179.139.64',1215188563),(1904,1,'search','<em>workflow</em> (Content).',0,'<a href=\"/?q=search/node/workflow\" class=\"active\">results</a>','http://jointpaincomfort.com/?q=search/node/workflow','http://jointpaincomfort.com/?q=admin/store/settings/store','190.134.22.244',1215188022),(1903,0,'page not found','favicon.ico',1,'','http://jointpaincomfort.com/favicon.ico','','220.253.155.185',1215188013),(1902,0,'page not found','favicon.ico',1,'','http://jointpaincomfort.com/favicon.ico','','76.66.77.205',1215187933),(1901,0,'page not found','favicon.ico',1,'','http://jointpaincomfort.com/favicon.ico','','72.253.126.140',1215187930),(1900,1,'user','Session opened for <em>admin</em>.',0,'','http://jointpaincomfort.com/?q=cart/checkout&destination=cart%2Fcheckout','http://jointpaincomfort.com/?q=cart/checkout','190.134.22.244',1215187207),(1899,1,'user','Session closed for <em>admin</em>.',0,'','http://jointpaincomfort.com/?q=logout','http://jointpaincomfort.com/?q=admin/store/settings/payment/edit/methods','190.134.22.244',1215187125),(1898,1,'user','Deleted user: <em>estebansalsano</em> <em>&lt;estebansalsano@gmail.com&gt;</em>.',0,'','http://jointpaincomfort.com/?q=admin/user/user','http://jointpaincomfort.com/?q=admin/user/user','190.134.22.244',1215186798),(1897,1,'user','Session opened for <em>admin</em>.',0,'','http://jointpaincomfort.com/?q=user&destination=user','http://jointpaincomfort.com/?q=user','190.134.22.244',1215186763),(1896,0,'uc_paypal','IPN transaction verified.',0,'','http://jointpaincomfort.com/?q=uc_paypal/ipn/92','','216.113.191.33',1215186722),(1895,0,'uc_paypal','Receiving IPN at URL for order 92.',0,'','http://jointpaincomfort.com/?q=uc_paypal/ipn/92','','216.113.191.33',1215186721),(1894,0,'page not found','favicon.ico',1,'','http://jointpaincomfort.com/favicon.ico','http://www.jointpaincomfort.com/urgent/news.html','71.240.137.225',1215186701),(1893,1,'user','Session closed for <em>admin</em>.',0,'','http://jointpaincomfort.com/?q=logout','http://jointpaincomfort.com/?q=admin/user/user','190.134.22.244',1215186580),(1892,1,'user','Deleted user: <em>rafa</em> <em>&lt;estebansalsano@gmail.com&gt;</em>.',0,'','http://jointpaincomfort.com/?q=admin/user/user','http://jointpaincomfort.com/?q=admin/user/user','190.134.22.244',1215186574),(1890,1,'user','Session opened for <em>admin</em>.',0,'','http://jointpaincomfort.com/?q=cart/checkout&destination=cart%2Fcheckout','http://jointpaincomfort.com/?q=cart/checkout','190.134.22.244',1215186533),(1891,0,'page not found','favicon.ico',1,'','http://jointpaincomfort.com/favicon.ico','','99.247.255.240',1215186548),(1889,0,'page not found','favicon.ico',1,'','http://jointpaincomfort.com/favicon.ico','','71.54.154.251',1215186406),(1887,0,'page not found','favicon.ico',1,'','http://jointpaincomfort.com/favicon.ico','','72.141.45.6',1215186249),(1888,0,'page not found','favicon.ico',1,'','http://jointpaincomfort.com/favicon.ico','','71.54.154.251',1215186403),(1886,0,'page not found','favicon.ico',1,'','http://jointpaincomfort.com/favicon.ico','','72.141.45.6',1215186245),(1884,0,'page not found','favicon.ico',1,'','http://jointpaincomfort.com/favicon.ico','','82.13.141.238',1215186057),(1885,0,'page not found','favicon.ico',1,'','http://jointpaincomfort.com/favicon.ico','','66.27.238.144',1215186099),(1883,0,'page not found','favicon.ico',1,'','http://jointpaincomfort.com/favicon.ico','','91.109.31.120',1215185718),(1882,0,'page not found','favicon.ico',1,'','http://jointpaincomfort.com/favicon.ico','http://www.jointpaincomfort.com/?q=content/urgent-news','68.206.126.79',1215185124),(1880,0,'page not found','favicon.ico',1,'','http://jointpaincomfort.com/favicon.ico','','70.176.30.34',1215184522),(1881,0,'page not found','favicon.ico',1,'','http://jointpaincomfort.com/favicon.ico','','76.181.139.12',1215184749),(1879,0,'page not found','favicon.ico',1,'','http://jointpaincomfort.com/favicon.ico','http://www.jointpaincomfort.com/?q=content/urgent-news','97.87.85.106',1215184405),(1877,0,'page not found','favicon.ico',1,'','http://jointpaincomfort.com/favicon.ico','','86.140.50.227',1215184195),(1878,0,'page not found','favicon.ico',1,'','http://jointpaincomfort.com/favicon.ico','','86.140.50.227',1215184198),(1875,0,'page not found','favicon.ico',1,'','http://jointpaincomfort.com/favicon.ico','','96.247.151.129',1215183779),(1876,0,'page not found','favicon.ico',1,'','http://jointpaincomfort.com/favicon.ico','','66.174.92.162',1215184039),(1874,0,'page not found','favicon.ico',1,'','http://jointpaincomfort.com/favicon.ico','http://jointpaincomfort.com/?q=cart/checkout','86.141.63.119',1215183702),(1873,0,'page not found','favicon.ico',1,'','http://jointpaincomfort.com/favicon.ico','http://www.jointpaincomfort.com/urgent/news.html','80.194.237.112',1215183574),(1872,0,'page not found','favicon.ico',1,'','http://jointpaincomfort.com/favicon.ico','http://www.jointpaincomfort.com/urgent/news.html','86.141.63.119',1215183336),(1871,0,'page not found','favicon.ico',1,'','http://jointpaincomfort.com/favicon.ico','','71.60.217.121',1215182756),(1869,0,'page not found','favicon.ico',1,'','http://jointpaincomfort.com/favicon.ico','','86.168.69.248',1215181883),(1870,0,'page not found','favicon.ico',1,'','http://jointpaincomfort.com/favicon.ico','','80.42.19.205',1215182197),(1868,0,'page not found','favicon.ico',1,'','http://jointpaincomfort.com/favicon.ico','','99.242.16.91',1215181491),(1866,0,'page not found','favicon.ico',1,'','http://jointpaincomfort.com/favicon.ico','','74.69.244.133',1215181160),(1867,0,'page not found','favicon.ico',1,'','http://jointpaincomfort.com/favicon.ico','','86.167.247.151',1215181176),(1865,0,'page not found','favicon.ico',1,'','http://jointpaincomfort.com/favicon.ico','','88.106.235.150',1215180891),(1863,0,'page not found','favicon.ico',1,'','http://jointpaincomfort.com/favicon.ico','','12.149.246.99',1215179608),(1864,0,'page not found','favicon.ico',1,'','http://jointpaincomfort.com/favicon.ico','','99.238.39.56',1215179849),(1862,0,'page not found','favicon.ico',1,'','http://jointpaincomfort.com/favicon.ico','','76.4.67.185',1215179579),(1861,0,'page not found','favicon.ico',1,'','http://jointpaincomfort.com/favicon.ico','http://www.jointpaincomfort.com/urgent/news.html','71.33.141.241',1215179293),(1860,0,'page not found','favicon.ico',1,'','http://jointpaincomfort.com/favicon.ico','','92.13.19.28',1215179279),(1859,0,'page not found','favicon.ico',1,'','http://jointpaincomfort.com/favicon.ico','','68.90.129.205',1215179099),(1858,0,'page not found','favicon.ico',1,'','http://jointpaincomfort.com/favicon.ico','','207.161.169.199',1215178726),(1857,0,'page not found','favicon.ico',1,'','http://jointpaincomfort.com/favicon.ico','','12.227.211.70',1215178478),(1855,0,'page not found','favicon.ico',1,'','http://jointpaincomfort.com/favicon.ico','','76.31.57.4',1215178189),(1856,0,'page not found','favicon.ico',1,'','http://jointpaincomfort.com/favicon.ico','','81.99.182.191',1215178416),(1854,0,'page not found','favicon.ico',1,'','http://jointpaincomfort.com/favicon.ico','','76.104.123.166',1215178034),(1853,0,'page not found','favicon.ico',1,'','http://jointpaincomfort.com/favicon.ico','','80.89.82.160',1215177919),(1851,0,'page not found','favicon.ico',1,'','http://jointpaincomfort.com/favicon.ico','','75.68.47.170',1215177779),(1852,0,'page not found','favicon.ico',1,'','http://jointpaincomfort.com/favicon.ico','','98.181.2.211',1215177823),(1850,0,'page not found','favicon.ico',1,'','http://jointpaincomfort.com/favicon.ico','','217.207.172.180',1215177703),(1849,0,'page not found','favicon.ico',1,'','http://jointpaincomfort.com/favicon.ico','','24.84.102.50',1215177433),(1848,0,'page not found','favicon.ico',1,'','http://jointpaincomfort.com/favicon.ico','','72.39.106.125',1215177188),(1846,0,'page not found','favicon.ico',1,'','http://jointpaincomfort.com/favicon.ico','','24.244.95.99',1215176849),(1847,0,'page not found','favicon.ico',1,'','http://jointpaincomfort.com/favicon.ico','','71.48.100.150',1215177111),(1845,0,'page not found','favicon.ico',1,'','http://jointpaincomfort.com/favicon.ico','','58.172.224.139',1215176797),(1844,0,'page not found','favicon.ico',1,'','http://jointpaincomfort.com/favicon.ico','','123.136.34.33',1215176782),(1843,0,'page not found','favicon.ico',1,'','http://jointpaincomfort.com/favicon.ico','','86.149.153.174',1215176607),(1842,0,'page not found','favicon.ico',1,'','http://jointpaincomfort.com/favicon.ico','','72.71.118.65',1215175944),(1841,0,'page not found','favicon.ico',1,'','http://jointpaincomfort.com/favicon.ico','http://www.jointpaincomfort.com/?q=content/urgent-news','76.17.217.154',1215175687),(1839,0,'page not found','favicon.ico',1,'','http://jointpaincomfort.com/favicon.ico','','69.117.37.218',1215175199),(1840,0,'page not found','favicon.ico',1,'','http://jointpaincomfort.com/favicon.ico','','121.209.65.1',1215175488),(1838,0,'page not found','favicon.ico',1,'','http://jointpaincomfort.com/favicon.ico','','69.70.250.29',1215175164),(1837,0,'page not found','favicon.ico',1,'','http://jointpaincomfort.com/favicon.ico','http://jointpaincomfort.com/?q=cart/checkout','75.105.136.67',1215175058),(1835,0,'page not found','favicon.ico',1,'','http://jointpaincomfort.com/favicon.ico','','86.160.177.216',1215174461),(1836,0,'page not found','favicon.ico',1,'','http://jointpaincomfort.com/favicon.ico','http://www.jointpaincomfort.com/urgent/news.html','75.105.136.67',1215174739),(1834,0,'page not found','favicon.ico',1,'','http://jointpaincomfort.com/favicon.ico','','75.23.66.207',1215174386),(1833,0,'page not found','favicon.ico',1,'','http://jointpaincomfort.com/favicon.ico','','75.168.121.26',1215173813),(1832,0,'page not found','favicon.ico',1,'','http://jointpaincomfort.com/favicon.ico','','75.168.121.26',1215173812),(1831,0,'page not found','favicon.ico',1,'','http://jointpaincomfort.com/favicon.ico','','69.205.255.113',1215173784),(1829,0,'page not found','favicon.ico',1,'','http://jointpaincomfort.com/favicon.ico','','217.43.14.119',1215173281),(1830,0,'page not found','favicon.ico',1,'','http://jointpaincomfort.com/favicon.ico','','220.253.21.90',1215173337),(1828,0,'page not found','favicon.ico',1,'','http://jointpaincomfort.com/favicon.ico','','71.245.138.209',1215173220),(1827,0,'page not found','favicon.ico',1,'','http://jointpaincomfort.com/favicon.ico','','24.144.195.79',1215173172),(1826,0,'page not found','favicon.ico',1,'','http://jointpaincomfort.com/favicon.ico','','24.144.195.79',1215173171),(1824,0,'page not found','favicon.ico',1,'','http://jointpaincomfort.com/favicon.ico','','77.44.67.109',1215171735),(1825,0,'page not found','favicon.ico',1,'','http://jointpaincomfort.com/favicon.ico','','81.141.26.71',1215172648),(1823,0,'page not found','favicon.ico',1,'','http://jointpaincomfort.com/favicon.ico','','77.44.67.109',1215171734),(1822,0,'page not found','favicon.ico',1,'','http://jointpaincomfort.com/favicon.ico','','71.61.176.165',1215171476),(1820,0,'page not found','favicon.ico',1,'','http://jointpaincomfort.com/favicon.ico','','121.91.114.87',1215170415),(1821,0,'page not found','favicon.ico',1,'','http://jointpaincomfort.com/favicon.ico','','66.55.227.125',1215170666),(1819,0,'page not found','favicon.ico',1,'','http://jointpaincomfort.com/favicon.ico','','71.203.114.36',1215170195),(1818,0,'page not found','favicon.ico',1,'','http://jointpaincomfort.com/favicon.ico','','90.197.202.130',1215169936),(1817,0,'page not found','favicon.ico',1,'','http://jointpaincomfort.com/favicon.ico','','69.251.98.60',1215168784),(1815,0,'page not found','favicon.ico',1,'','http://jointpaincomfort.com/favicon.ico','','79.70.67.109',1215166961),(1816,0,'page not found','favicon.ico',1,'','http://jointpaincomfort.com/favicon.ico','','69.202.39.140',1215168310),(1814,0,'page not found','favicon.ico',1,'','http://jointpaincomfort.com/favicon.ico','','90.242.10.158',1215165848),(1813,0,'page not found','favicon.ico',1,'','http://jointpaincomfort.com/favicon.ico','http://jointpaincomfort.com/?q=cart/checkout','99.164.85.53',1215165736),(1812,0,'page not found','favicon.ico',1,'','http://jointpaincomfort.com/favicon.ico','http://www.jointpaincomfort.com/urgent/news.html','99.164.85.53',1215165594),(1810,0,'page not found','favicon.ico',1,'','http://jointpaincomfort.com/favicon.ico','','124.180.113.52',1215164192),(1811,0,'page not found','favicon.ico',1,'','http://jointpaincomfort.com/favicon.ico','','124.184.230.131',1215164955),(1809,0,'page not found','favicon.ico',1,'','http://jointpaincomfort.com/favicon.ico','','122.148.188.243',1215161641),(1807,0,'page not found','favicon.ico',1,'','http://jointpaincomfort.com/favicon.ico','','124.183.168.61',1215161181),(1808,0,'page not found','favicon.ico',1,'','http://jointpaincomfort.com/favicon.ico','','78.32.123.169',1215161293),(1806,0,'page not found','favicon.ico',1,'','http://jointpaincomfort.com/favicon.ico','','58.170.178.122',1215161034),(1804,0,'page not found','favicon.ico',1,'','http://jointpaincomfort.com/favicon.ico','','68.80.133.68',1215159860),(1805,0,'page not found','favicon.ico',1,'','http://jointpaincomfort.com/favicon.ico','','217.65.158.124',1215160594),(1803,0,'page not found','favicon.ico',1,'','http://jointpaincomfort.com/favicon.ico','','68.80.133.68',1215159759),(1801,0,'page not found','favicon.ico',1,'','http://jointpaincomfort.com/favicon.ico','','122.106.231.246',1215158608),(1802,0,'page not found','favicon.ico',1,'','http://jointpaincomfort.com/favicon.ico','','76.172.99.101',1215159753),(1800,0,'page not found','favicon.ico',1,'','http://jointpaincomfort.com/favicon.ico','','24.10.107.94',1215157900),(1798,0,'page not found','favicon.ico',1,'','http://jointpaincomfort.com/favicon.ico','','220.245.180.132',1215156536),(1799,0,'page not found','favicon.ico',1,'','http://jointpaincomfort.com/favicon.ico','','24.64.223.203',1215156783),(1796,0,'page not found','favicon.ico',1,'','http://jointpaincomfort.com/favicon.ico','','75.153.252.81',1215153960),(1797,0,'page not found','favicon.ico',1,'','http://jointpaincomfort.com/favicon.ico','','24.64.223.204',1215156518),(1795,0,'page not found','favicon.ico',1,'','http://jointpaincomfort.com/favicon.ico','','124.186.2.96',1215153560),(1794,0,'page not found','favicon.ico',1,'','http://jointpaincomfort.com/favicon.ico','','80.3.212.217',1215152059),(1792,0,'page not found','favicon.ico',1,'','http://jointpaincomfort.com/favicon.ico','','211.30.127.16',1215151948),(1793,0,'page not found','favicon.ico',1,'','http://jointpaincomfort.com/favicon.ico','','59.167.85.122',1215152013),(1791,0,'page not found','favicon.ico',1,'','http://jointpaincomfort.com/favicon.ico','','68.226.66.249',1215151364),(1789,0,'page not found','favicon.ico',1,'','http://jointpaincomfort.com/favicon.ico','','218.215.76.97',1215151252),(1790,0,'page not found','favicon.ico',1,'','http://jointpaincomfort.com/favicon.ico','','75.17.231.16',1215151311),(1788,0,'page not found','favicon.ico',1,'','http://jointpaincomfort.com/favicon.ico','','124.184.151.145',1215150766),(1786,0,'page not found','favicon.ico',1,'','http://jointpaincomfort.com/favicon.ico','','213.107.131.173',1215146481),(1787,0,'page not found','favicon.ico',1,'','http://jointpaincomfort.com/favicon.ico','','70.105.82.8',1215149577),(1785,0,'page not found','favicon.ico',1,'','http://jointpaincomfort.com/favicon.ico','','203.185.248.131',1215145244),(1784,0,'page not found','favicon.ico',1,'','http://jointpaincomfort.com/favicon.ico','','58.165.178.52',1215145121),(1783,0,'page not found','favicon.ico',1,'','http://jointpaincomfort.com/favicon.ico','http://jointpaincomfort.com/?q=cart/checkout','69.22.115.58',1215142568),(1781,0,'page not found','favicon.ico',1,'','http://jointpaincomfort.com/favicon.ico','','24.18.147.81',1215142178),(1782,0,'page not found','favicon.ico',1,'','http://jointpaincomfort.com/favicon.ico','http://www.jointpaincomfort.com/urgent/news.html','69.22.115.58',1215142202),(1780,0,'page not found','favicon.ico',1,'','http://jointpaincomfort.com/favicon.ico','','71.232.183.9',1215140712),(1778,0,'page not found','favicon.ico',1,'','http://jointpaincomfort.com/favicon.ico','','64.230.70.25',1215140208),(1779,0,'page not found','favicon.ico',1,'','http://jointpaincomfort.com/favicon.ico','','71.232.183.9',1215140709),(1777,0,'page not found','favicon.ico',1,'','http://jointpaincomfort.com/favicon.ico','','86.20.185.3',1215139878),(1776,0,'page not found','favicon.ico',1,'','http://jointpaincomfort.com/favicon.ico','http://jointpaincomfort.com/?q=cart/checkout','75.25.56.83',1215139444),(1774,0,'page not found','favicon.ico',1,'','http://jointpaincomfort.com/favicon.ico','','72.95.134.81',1215138525),(1775,0,'page not found','favicon.ico',1,'','http://jointpaincomfort.com/favicon.ico','http://www.jointpaincomfort.com/?q=content/urgent-news','75.25.56.83',1215139172),(1773,0,'page not found','favicon.ico',1,'','http://jointpaincomfort.com/favicon.ico','http://jointpaincomfort.com/?q=cart/checkout','72.235.100.251',1215137468),(1772,0,'page not found','favicon.ico',1,'','http://jointpaincomfort.com/favicon.ico','','74.167.182.204',1215137399),(1771,0,'page not found','favicon.ico',1,'','http://jointpaincomfort.com/favicon.ico','http://www.jointpaincomfort.com/urgent/news.html','72.235.100.251',1215137202),(1769,0,'page not found','favicon.ico',1,'','http://jointpaincomfort.com/favicon.ico','','124.170.247.133',1215136317),(1770,0,'page not found','favicon.ico',1,'','http://jointpaincomfort.com/favicon.ico','','24.29.199.130',1215136520),(1768,0,'page not found','favicon.ico',1,'','http://jointpaincomfort.com/favicon.ico','','121.45.19.35',1215136215),(1766,0,'page not found','favicon.ico',1,'','http://jointpaincomfort.com/favicon.ico','','75.157.66.68',1215135127),(1767,0,'page not found','favicon.ico',1,'','http://jointpaincomfort.com/favicon.ico','','75.157.66.68',1215135130),(1765,0,'page not found','favicon.ico',1,'','http://jointpaincomfort.com/favicon.ico','','69.92.180.189',1215135126),(1764,0,'page not found','favicon.ico',1,'','http://jointpaincomfort.com/favicon.ico','','129.100.4.46',1215134154),(1763,0,'user','Session closed for <em>rafa</em>.',0,'','http://jointpaincomfort.com/?q=logout','http://jointpaincomfort.com/?q=content/the-real-reasons-behind-your-pain','190.134.2.178',1215133777),(1762,0,'user','Session opened for <em>rafa</em>.',0,'','http://jointpaincomfort.com/?q=user&destination=user','http://jointpaincomfort.com/?q=user','190.134.2.178',1215133704),(1760,0,'uc_paypal','Receiving IPN at URL for order 90.',0,'','http://jointpaincomfort.com/?q=uc_paypal/ipn/90','','216.113.191.33',1215133676),(1761,0,'uc_paypal','IPN transaction verified.',0,'','http://jointpaincomfort.com/?q=uc_paypal/ipn/90','','216.113.191.33',1215133677),(1759,1,'user','Session closed for <em>admin</em>.',0,'','http://jointpaincomfort.com/?q=logout','http://jointpaincomfort.com/','190.134.2.178',1215133613),(1758,1,'user','Deleted user: <em>test12</em> <em>&lt;estebansalsano@gmail.com&gt;</em>.',0,'','http://jointpaincomfort.com/?q=admin/user/user','http://jointpaincomfort.com/?q=admin/user/user','190.134.2.178',1215133592),(1757,1,'user','Deleted user: <em>test123</em> <em>&lt;estebansalsano2@gmail.com&gt;</em>.',0,'','http://jointpaincomfort.com/?q=admin/user/user','http://jointpaincomfort.com/?q=admin/user/user','190.134.2.178',1215133592),(1756,1,'user','Deleted user: <em>123</em> <em>&lt;aaa@hot.com&gt;</em>.',0,'','http://jointpaincomfort.com/?q=admin/user/user','http://jointpaincomfort.com/?q=admin/user/user','190.134.2.178',1215133592),(1755,1,'user','Deleted user: <em>test67</em> <em>&lt;aaa@hotmail.com&gt;</em>.',0,'','http://jointpaincomfort.com/?q=admin/user/user','http://jointpaincomfort.com/?q=admin/user/user','190.134.2.178',1215133592),(1754,1,'user','Session opened for <em>admin</em>.',0,'','http://jointpaincomfort.com/?q=content/joint-pain-comfort-membership&destination=node%2F183','http://jointpaincomfort.com/?q=content/joint-pain-comfort-membership','190.134.2.178',1215133527),(1753,0,'uc_paypal','IPN transaction verified.',0,'','http://jointpaincomfort.com/?q=uc_paypal/ipn/89','','216.113.191.33',1215133484),(1752,0,'uc_paypal','Receiving IPN at URL for order 89.',0,'','http://jointpaincomfort.com/?q=uc_paypal/ipn/89','','216.113.191.33',1215133483),(1751,0,'user','Session closed for <em>123</em>.',0,'','http://jointpaincomfort.com/?q=logout','http://jointpaincomfort.com/?q=content/the-real-reasons-behind-your-pain','190.134.2.178',1215133271),(1750,0,'uc_paypal','IPN transaction verified.',0,'','http://jointpaincomfort.com/?q=uc_paypal/ipn/88','','216.113.191.33',1215133246),(1749,0,'uc_paypal','Receiving IPN at URL for order 88.',0,'','http://jointpaincomfort.com/?q=uc_paypal/ipn/88','','216.113.191.33',1215133245),(1747,1,'user','Session closed for <em>admin</em>.',0,'','http://jointpaincomfort.com/?q=logout','http://jointpaincomfort.com/?q=cart/checkout','190.134.2.178',1215133157),(1748,0,'user','Session opened for <em>123</em>.',0,'','http://jointpaincomfort.com/?q=cart/checkout/complete','','190.134.2.178',1215133245),(1746,1,'user','Session opened for <em>admin</em>.',0,'','http://jointpaincomfort.com/?q=home&destination=home','http://www.jointpaincomfort.com/','190.134.2.178',1215132984),(1745,0,'access denied','logout',1,'','http://jointpaincomfort.com/?q=logout','http://jointpaincomfort.com/?q=cart','190.134.2.178',1215132903),(1744,0,'page not found','favicon.ico',1,'','http://jointpaincomfort.com/favicon.ico','http://jointpaincomfort.com/?q=user','76.26.146.202',1215132876),(1743,0,'user','Session closed for <em>test123</em>.',0,'','http://jointpaincomfort.com/?q=logout','http://jointpaincomfort.com/?q=content/the-real-reasons-behind-your-pain','190.134.2.178',1215132862),(1742,0,'uc_paypal','IPN transaction verified.',0,'','http://jointpaincomfort.com/?q=uc_paypal/ipn/87','','216.113.191.33',1215132714),(1741,0,'uc_paypal','Receiving IPN at URL for order 87.',0,'','http://jointpaincomfort.com/?q=uc_paypal/ipn/87','','216.113.191.33',1215132713),(1740,0,'user','New user: <em>test123</em> <em>&lt;estebansalsano2@gmail.com&gt;</em>.',0,'<a href=\"/?q=user/171/edit\">edit</a>','http://jointpaincomfort.com/?q=user/register&destination=cart/checkout','http://jointpaincomfort.com/?q=user/register&destination=cart/checkout','190.134.2.178',1215132662),(1739,1,'user','Session closed for <em>admin</em>.',0,'','http://jointpaincomfort.com/?q=logout','http://jointpaincomfort.com/?q=admin/store/settings/checkout/edit','190.134.2.178',1215132469),(1738,1,'user','Session opened for <em>admin</em>.',0,'','http://jointpaincomfort.com/?q=home&destination=home','http://jointpaincomfort.com/','190.134.2.178',1215131446),(1737,0,'user','Session closed for <em>test12</em>.',0,'','http://jointpaincomfort.com/?q=logout','http://www.jointpaincomfort.com/','190.134.2.178',1215131344),(1734,0,'uc_paypal','Receiving IPN at URL for order 86.',0,'','http://jointpaincomfort.com/?q=uc_paypal/ipn/86','','216.113.191.33',1215131253),(1735,0,'uc_paypal','IPN transaction verified.',0,'','http://jointpaincomfort.com/?q=uc_paypal/ipn/86','','216.113.191.33',1215131254),(1736,0,'access denied','user/1/orders',1,'','http://jointpaincomfort.com/?q=user/1/orders','http://jointpaincomfort.com/?q=cart/checkout/complete','190.134.2.178',1215131288),(1733,0,'user','Session opened for <em>test12</em>.',0,'','http://jointpaincomfort.com/?q=home&destination=home','http://jointpaincomfort.com/','190.134.2.178',1215131034),(1731,1,'user','Session opened for <em>admin</em>.',0,'','http://jointpaincomfort.com/?q=home&destination=home','http://jointpaincomfort.com/','190.134.2.178',1215130902),(1732,1,'user','Session closed for <em>admin</em>.',0,'','http://jointpaincomfort.com/?q=logout','http://jointpaincomfort.com/','190.134.2.178',1215131024),(1729,1,'user','Session opened for <em>admin</em>.',0,'','http://jointpaincomfort.com/?q=home&destination=home','http://jointpaincomfort.com/','190.134.2.178',1215130736),(1730,1,'user','Session closed for <em>admin</em>.',0,'','http://jointpaincomfort.com/?q=logout','http://jointpaincomfort.com/?q=admin/build/block','190.134.2.178',1215130878),(1727,0,'user','Session opened for <em>test12</em>.',0,'','http://jointpaincomfort.com/?q=home&destination=home','http://jointpaincomfort.com/','190.134.2.178',1215130719),(1728,0,'user','Session closed for <em>test12</em>.',0,'','http://jointpaincomfort.com/?q=logout','http://jointpaincomfort.com/?q=home','190.134.2.178',1215130730),(1725,1,'user','Session opened for <em>admin</em>.',0,'','http://jointpaincomfort.com/?q=home&destination=home','http://jointpaincomfort.com/','190.134.2.178',1215130573),(1726,1,'user','Session closed for <em>admin</em>.',0,'','http://jointpaincomfort.com/?q=logout','http://jointpaincomfort.com/','190.134.2.178',1215130710),(1724,0,'user','Session closed for <em>test12</em>.',0,'','http://jointpaincomfort.com/?q=logout','http://jointpaincomfort.com/?q=content/joint-pain-comfort-membership','190.134.2.178',1215130561),(1722,1,'user','Session closed for <em>admin</em>.',0,'','http://jointpaincomfort.com/?q=logout','http://jointpaincomfort.com/?q=admin/user/user','190.134.2.178',1215130492),(1723,0,'user','New user: <em>test12</em> <em>&lt;estebansalsano@gmail.com&gt;</em>.',0,'<a href=\"/?q=user/170/edit\">edit</a>','http://jointpaincomfort.com/?q=user/register','http://jointpaincomfort.com/?q=user/register','190.134.2.178',1215130510),(1720,1,'user','Session opened for <em>admin</em>.',0,'','http://jointpaincomfort.com/?q=home&destination=home','http://jointpaincomfort.com/','190.134.2.178',1215130081),(1721,1,'user','Deleted user: <em>test12</em> <em>&lt;estebansalsano@gmail.com&gt;</em>.',0,'','http://jointpaincomfort.com/?q=admin/user/user','http://jointpaincomfort.com/?q=admin/user/user','190.134.2.178',1215130486),(1719,0,'user','Session closed for <em>test12</em>.',0,'','http://jointpaincomfort.com/?q=logout','http://jointpaincomfort.com/','190.134.2.178',1215130074),(1717,0,'user','Login attempt failed for <em>user12</em>.',0,'','http://jointpaincomfort.com/?q=home&destination=home','http://jointpaincomfort.com/?q=home&destination=home','190.134.2.178',1215130007),(1718,0,'user','New user: <em>test12</em> <em>&lt;estebansalsano@gmail.com&gt;</em>.',0,'<a href=\"/?q=user/169/edit\">edit</a>','http://jointpaincomfort.com/?q=user/register','http://jointpaincomfort.com/?q=user/register','190.134.2.178',1215130031),(1716,0,'user','Login attempt failed for <em>user1234</em>.',0,'','http://jointpaincomfort.com/?q=home&destination=home','http://jointpaincomfort.com/','190.134.2.178',1215129996),(1713,0,'page not found','favicon.ico',1,'','http://jointpaincomfort.com/favicon.ico','','68.75.16.196',1215129794),(1714,0,'page not found','favicon.ico',1,'','http://jointpaincomfort.com/favicon.ico','','82.24.239.17',1215129955),(1715,1,'user','Session closed for <em>admin</em>.',0,'','http://jointpaincomfort.com/?q=logout','http://jointpaincomfort.com/?q=content/joint-pain-comfort-membership','190.134.2.178',1215129985),(1710,0,'page not found','favicon.ico',1,'','http://jointpaincomfort.com/favicon.ico','','61.68.127.182',1215127350),(1711,0,'page not found','favicon.ico',1,'','http://jointpaincomfort.com/favicon.ico','','69.221.131.172',1215127665),(1712,0,'page not found','favicon.ico',1,'','http://jointpaincomfort.com/favicon.ico','','142.163.183.173',1215128618),(1708,0,'page not found','favicon.ico',1,'','http://jointpaincomfort.com/favicon.ico','','76.109.0.94',1215127242),(1709,0,'page not found','favicon.ico',1,'','http://jointpaincomfort.com/favicon.ico','','61.68.127.182',1215127347),(1705,0,'page not found','favicon.ico',1,'','http://jointpaincomfort.com/favicon.ico','','218.185.9.242',1215125057),(1706,0,'page not found','favicon.ico',1,'','http://jointpaincomfort.com/favicon.ico','','76.109.0.94',1215127212),(1707,0,'page not found','favicon.ico',1,'','http://jointpaincomfort.com/favicon.ico','','76.109.0.94',1215127215),(1702,0,'page not found','favicon.ico',1,'','http://jointpaincomfort.com/favicon.ico','','71.98.208.115',1215122884),(1703,0,'page not found','favicon.ico',1,'','http://jointpaincomfort.com/favicon.ico','','216.176.159.93',1215123870),(1704,0,'page not found','favicon.ico',1,'','http://jointpaincomfort.com/favicon.ico','','142.161.240.92',1215124074),(1699,0,'page not found','favicon.ico',1,'','http://jointpaincomfort.com/favicon.ico','','70.108.247.38',1215120251),(1700,0,'page not found','favicon.ico',1,'','http://jointpaincomfort.com/favicon.ico','','90.195.148.125',1215121312),(1701,0,'page not found','favicon.ico',1,'','http://jointpaincomfort.com/favicon.ico','','90.195.148.125',1215121451),(1697,1,'user','Session closed for <em>admin</em>.',0,'','http://jointpaincomfort.com/?q=logout','http://jointpaincomfort.com/','76.26.146.202',1215120016),(1698,0,'page not found','favicon.ico',1,'','http://jointpaincomfort.com/favicon.ico','','142.46.227.66',1215120199),(1696,1,'content','product: updated <em>Joint Pain Comfort Membership</em>.',0,'<a href=\"/?q=content/joint-pain-comfort-membership\">view</a>','http://jointpaincomfort.com/?q=node/183/edit','http://jointpaincomfort.com/?q=node/183/edit','190.134.6.215',1215119175),(1695,1,'cron','Cron run completed.',0,'','http://jointpaincomfort.com/?q=admin/logs/status/run-cron&destination=admin%2Fbuild%2Fmodules','http://jointpaincomfort.com/?q=admin/build/modules','190.134.6.215',1215119021),(1694,1,'update_status','Fetched information about all available new releases and updates.',0,'<a href=\"/?q=admin/logs/updates\">view</a>','http://jointpaincomfort.com/?q=admin/logs/status/run-cron&destination=admin%2Fbuild%2Fmodules','http://jointpaincomfort.com/?q=admin/build/modules','190.134.6.215',1215119021),(1693,1,'uc_store','Reported the following version info to Ubercart.org:<pre>Array\n(\n    [site_id] => f9b710a7f8ac8961f015fff9f6799042\n    [server_name] => jointpaincomfort.com\n    [php_version] => 5.2.5\n    [drupal_version] => 5.7\n    [db_type] => mysql\n    [db_version] => 4.1.20\n    [ubercart_version] => 5.x-1.0\n)\n</pre>',0,'','http://jointpaincomfort.com/?q=admin/logs/status/run-cron&destination=admin%2Fbuild%2Fmodules','http://jointpaincomfort.com/?q=admin/build/modules','190.134.6.215',1215119011),(1274,0,'page not found','favicon.ico',1,'','http://jointpaincomfort.com/favicon.ico','','88.106.22.60',1214514646),(1275,0,'page not found','content/race-and-arthritis-problem-under-treatment',1,'','http://jointpaincomfort.com/content/race-and-arthritis-problem-under-treatment','','66.249.73.106',1214520299),(1276,0,'page not found','content/gout',1,'','http://jointpaincomfort.com/?q=content/gout','http://www.google.com/search?hl=en&safe=off&client=safari&rls=en-us&q=site%3Ajointpaincomfort.com&btnG=Search','76.26.146.202',1214522490),(1277,0,'page not found','test2',1,'','http://jointpaincomfort.com/?q=test2','http://jointpaincomfort.com/?q=content/the-real-reasons-behind-your-pain','76.26.146.202',1214523623),(1278,0,'page not found','test2',1,'','http://jointpaincomfort.com/?q=test2','','190.134.5.112',1214523651),(1279,1,'user','Session opened for <em>admin</em>.',0,'','http://jointpaincomfort.com/?q=home&destination=home','http://jointpaincomfort.com/','190.134.5.112',1214523718),(1280,1,'content','articles: updated <em>Do You REALLY Have Arthitis?</em>.',0,'<a href=\"/?q=content/do-you-really-have-arthitis\">view</a>','http://jointpaincomfort.com/?q=node/154/edit','http://jointpaincomfort.com/?q=node/154/edit','190.134.5.112',1214523814),(1281,0,'page not found','test2',1,'','http://jointpaincomfort.com/?q=test2','http://jointpaincomfort.com/?q=content/acid-crystals-which-cause-you-pain','76.26.146.202',1214523825),(1282,0,'page not found','test2',1,'','http://jointpaincomfort.com/?q=test2','http://jointpaincomfort.com/?q=content/acid-crystals-which-cause-you-pain','76.26.146.202',1214523830),(1283,0,'page not found','favicon.ico',1,'','http://jointpaincomfort.com/favicon.ico','http://jointpaincomfort.com/?q=test2','76.26.146.202',1214523831),(1284,1,'content','articles: updated <em>Are You Literally Wearing Out Your Body?</em>.',0,'<a href=\"/?q=content/are-you-literally-wearing-out-your-body\">view</a>','http://jointpaincomfort.com/?q=node/153/edit','http://jointpaincomfort.com/?q=node/153/edit','190.134.5.112',1214523836),(1285,1,'content','articles: updated <em>Acid Crystals Which Cause You Pain</em>.',0,'<a href=\"/?q=content/acid-crystals-which-cause-you-pain\">view</a>','http://jointpaincomfort.com/?q=node/158/edit','http://jointpaincomfort.com/?q=node/158/edit','190.134.5.112',1214523853),(1286,0,'page not found','test2',1,'','http://jointpaincomfort.com/?q=test2','http://jointpaincomfort.com/?q=content/acid-crystals-which-cause-you-pain','76.26.146.202',1214523880),(1287,0,'page not found','favicon.ico',1,'','http://jointpaincomfort.com/favicon.ico','http://jointpaincomfort.com/?q=test2','76.26.146.202',1214523880),(1288,0,'page not found','test2',1,'','http://jointpaincomfort.com/?q=test2','http://jointpaincomfort.com/?q=content/acid-crystals-which-cause-you-pain','76.26.146.202',1214523882),(1289,0,'page not found','favicon.ico',1,'','http://jointpaincomfort.com/favicon.ico','http://jointpaincomfort.com/?q=test2','76.26.146.202',1214523883),(1290,0,'page not found','test2',1,'','http://jointpaincomfort.com/?q=test2','http://jointpaincomfort.com/','76.26.146.202',1214523887),(1291,1,'page not found','test2',1,'','http://jointpaincomfort.com/?q=test2','','190.134.5.112',1214523907),(1292,1,'page not found','content/test2',1,'','http://jointpaincomfort.com/?q=content/test2','','190.134.5.112',1214523937),(1293,1,'page not found','test2',1,'','http://jointpaincomfort.com/?q=test2','http://jointpaincomfort.com/?q=content/acid-crystals-which-cause-you-pain','190.134.5.112',1214523954),(1294,1,'page not found','test2',1,'','http://jointpaincomfort.com/?q=test2','http://jointpaincomfort.com/?q=content/acid-crystals-which-cause-you-pain','190.134.5.112',1214524022),(1295,1,'page not found','test2',1,'','http://jointpaincomfort.com/?q=test2','http://jointpaincomfort.com/?q=home/edit','190.134.5.112',1214524059),(1296,0,'page not found','test2',1,'','http://jointpaincomfort.com/?q=test2','http://jointpaincomfort.com/','76.26.146.202',1214524655),(1297,0,'page not found','favicon.ico',1,'','http://jointpaincomfort.com/favicon.ico','http://jointpaincomfort.com/?q=test2','76.26.146.202',1214524656),(1298,0,'page not found','test2',1,'','http://jointpaincomfort.com/?q=test2','http://jointpaincomfort.com/','76.26.146.202',1214524657),(1299,0,'page not found','favicon.ico',1,'','http://jointpaincomfort.com/favicon.ico','http://jointpaincomfort.com/?q=test2','76.26.146.202',1214524658),(1300,1,'page not found','Free_articles',1,'','http://jointpaincomfort.com/?q=Free_articles','','190.134.5.112',1214524762),(1301,0,'page not found','favicon.ico',1,'','http://jointpaincomfort.com/favicon.ico','','69.231.49.78',1214524913),(1302,1,'content','articles: updated <em>Do You REALLY Have Arthitis?(Free Article)</em>.',0,'<a href=\"/?q=content/do-you-really-have-arthitisfree-article\">view</a>','http://jointpaincomfort.com/?q=node/154/edit','http://jointpaincomfort.com/?q=node/154/edit','190.134.5.112',1214525144),(1303,1,'content','articles: updated <em>Are You Literally Wearing Out Your Body?(Free Article)</em>.',0,'<a href=\"/?q=content/are-you-literally-wearing-out-your-bodyfree-article\">view</a>','http://jointpaincomfort.com/?q=node/153/edit','http://jointpaincomfort.com/?q=node/153/edit','190.134.5.112',1214525151),(1304,1,'content','articles: updated <em>Acid Crystals Which Cause You Pain(Free Article)</em>.',0,'<a href=\"/?q=content/acid-crystals-which-cause-you-painfree-article\">view</a>','http://jointpaincomfort.com/?q=node/158/edit','http://jointpaincomfort.com/?q=node/158/edit','190.134.5.112',1214525159),(1305,1,'user','Session closed for <em>admin</em>.',0,'','http://jointpaincomfort.com/?q=logout','http://jointpaincomfort.com/?q=content/do-you-really-have-arthitisfree-article','190.134.5.112',1214525317),(1306,0,'page not found','test2',1,'','http://jointpaincomfort.com/?q=test2','http://jointpaincomfort.com/','76.26.146.202',1214528829),(1307,0,'page not found','favicon.ico',1,'','http://jointpaincomfort.com/favicon.ico','http://jointpaincomfort.com/?q=test2','76.26.146.202',1214528830),(1308,0,'page not found','favicon.ico',1,'','http://jointpaincomfort.com/favicon.ico','http://jointpaincomfort.com/?q=content/urgent-news','78.86.64.9',1214540540),(1309,0,'page not found','recent_forums',1,'','http://jointpaincomfort.com/recent_forums','','66.249.73.106',1214555395),(1310,0,'page not found','?q=content/urgent-news',1,'','http://jointpaincomfort.com/%3Fq%3Dcontent/urgent-news','','121.44.25.100',1214556978),(1311,0,'page not found','favicon.ico',1,'','http://jointpaincomfort.com/favicon.ico','','66.249.84.15',1214557509),(1312,0,'page not found','favicon.ico',1,'','http://jointpaincomfort.com/favicon.ico','','86.14.196.43',1214585327),(1313,0,'page not found','favicon.ico',1,'','http://jointpaincomfort.com/favicon.ico','','62.136.227.85',1214592545),(1314,1,'user','Session opened for <em>admin</em>.',0,'','http://jointpaincomfort.com/?q=content/urgent-news&destination=node%2F184','http://jointpaincomfort.com/?q=content/urgent-news','190.134.36.207',1214593584),(1315,0,'page not found','favicon.ico',1,'','http://jointpaincomfort.com/favicon.ico','','89.241.86.62',1214594008),(1316,0,'page not found','favicon.ico',1,'','http://jointpaincomfort.com/favicon.ico','','24.203.164.192',1214598703),(1317,0,'page not found','favicon.ico',1,'','http://jointpaincomfort.com/favicon.ico','','198.53.14.126',1214599792),(1318,0,'page not found','favicon.ico',1,'','http://jointpaincomfort.com/favicon.ico','','86.156.11.156',1214602441),(1319,0,'page not found','favicon.ico',1,'','http://jointpaincomfort.com/favicon.ico','','86.156.11.156',1214603670),(1320,0,'page not found','favicon.ico',1,'','http://jointpaincomfort.com/favicon.ico','','86.156.11.156',1214603713),(1321,0,'page not found','favicon.ico',1,'','http://jointpaincomfort.com/favicon.ico','','86.156.11.156',1214603745),(1322,0,'page not found','favicon.ico',1,'','http://jointpaincomfort.com/favicon.ico','','86.156.11.156',1214603756),(1323,0,'page not found','favicon.ico',1,'','http://jointpaincomfort.com/favicon.ico','','86.9.131.253',1214607260),(1324,0,'page not found','favicon.ico',1,'','http://jointpaincomfort.com/favicon.ico','','121.221.224.45',1214608041),(1325,0,'page not found','favicon.ico',1,'','http://jointpaincomfort.com/favicon.ico','http://jointpaincomfort.com/?q=content/urgent-news','68.101.216.126',1214613165),(1326,0,'page not found','favicon.ico',1,'','http://jointpaincomfort.com/favicon.ico','','99.10.6.178',1214617996),(1327,0,'page not found','?q=content/urgent-news',1,'','http://jointpaincomfort.com/%3Fq%3Dcontent/urgent-news','','220.237.144.191',1214624042),(1328,0,'page not found','?q=content/urgent-news',1,'','http://jointpaincomfort.com/%3Fq%3Dcontent/urgent-news','','220.237.144.191',1214624111),(1329,0,'page not found','?q=content/urgent-news',1,'','http://jointpaincomfort.com/%3Fq%3Dcontent/urgent-news','','220.237.144.191',1214624202),(1330,0,'page not found','?q=content/urgent-news',1,'','http://jointpaincomfort.com/%3Fq%3Dcontent/urgent-news','','220.237.144.191',1214624272),(1331,0,'page not found','?q=content/urgent-news',1,'','http://jointpaincomfort.com/%3Fq%3Dcontent/urgent-news','','220.237.144.191',1214624328),(1332,0,'page not found','?q=content/urgent-news',1,'','http://jointpaincomfort.com/%3Fq%3Dcontent/urgent-news','','220.237.144.191',1214624348),(1333,0,'page not found','?q=content/urgent-news',1,'','http://jointpaincomfort.com/%3Fq%3Dcontent/urgent-news','','220.237.144.191',1214624367),(1334,0,'page not found','?q=content/urgent-news',1,'','http://jointpaincomfort.com/%3Fq%3Dcontent/urgent-news','','220.237.144.191',1214624471),(1335,0,'page not found','?q=content/urgent-news',1,'','http://jointpaincomfort.com/%3Fq%3Dcontent/urgent-news','','81.151.133.117',1214642046),(1336,0,'page not found','?q=content/urgent-news',1,'','http://jointpaincomfort.com/%3Fq%3Dcontent/urgent-news','','58.7.122.58',1214645276),(1337,0,'page not found','?q=content/urgent-news',1,'','http://jointpaincomfort.com/%3Fq%3Dcontent/urgent-news','','88.87.52.124',1214647652),(1338,0,'page not found','?q=content/urgent-news',1,'','http://jointpaincomfort.com/%3Fq%3Dcontent/urgent-news','','88.87.52.124',1214647708),(1339,0,'page not found','?q=content/urgent-news',1,'','http://jointpaincomfort.com/%3Fq%3Dcontent/urgent-news','','196.27.114.124',1214648037),(1340,0,'page not found','?q=content/urgent-news',1,'','http://jointpaincomfort.com/%3Fq%3Dcontent/urgent-news','','196.27.113.186',1214648420),(1341,0,'page not found','?q=content/urgent-news',1,'','http://jointpaincomfort.com/%3Fq%3Dcontent/urgent-news','','196.27.113.186',1214648474),(1342,0,'page not found','?q=content/urgent-news',1,'','http://jointpaincomfort.com/%3Fq%3Dcontent/urgent-news','','196.27.113.186',1214648490),(1343,0,'page not found','?q=content/urgent-news',1,'','http://jointpaincomfort.com/%3Fq%3Dcontent/urgent-news','','220.253.204.66',1214651922),(1344,0,'page not found','favicon.ico',1,'','http://jointpaincomfort.com/favicon.ico','','59.165.133.138',1214653028),(1345,0,'page not found','?q=content/urgent-news',1,'','http://jointpaincomfort.com/%3Fq%3Dcontent/urgent-news','','59.101.83.199',1214653369),(1346,0,'page not found','?q=content/urgent-news',1,'','http://jointpaincomfort.com/%3Fq%3Dcontent/urgent-news','','196.27.113.244',1214654601),(1347,0,'page not found','?q=content/urgent-news',1,'','http://jointpaincomfort.com/%3Fq%3Dcontent/urgent-news','','196.27.113.244',1214654636),(1348,0,'page not found','?q=content/urgent-news',1,'','http://jointpaincomfort.com/%3Fq%3Dcontent/urgent-news','','92.3.132.122',1214657463),(1349,0,'page not found','?q=content/urgent-news',1,'','http://jointpaincomfort.com/%3Fq%3Dcontent/urgent-news','','92.3.132.122',1214657772),(1350,0,'page not found','favicon.ico',1,'','http://jointpaincomfort.com/favicon.ico','','66.245.140.42',1214664701),(1351,0,'page not found','?q=content/urgent-news',1,'','http://jointpaincomfort.com/%3Fq%3Dcontent/urgent-news','','89.211.4.3',1214682878),(1352,0,'page not found','favicon.ico',1,'','http://jointpaincomfort.com/favicon.ico','','70.54.1.33',1214685757),(1353,0,'page not found','favicon.ico',1,'','http://jointpaincomfort.com/favicon.ico','','121.220.11.253',1214713352),(1354,0,'page not found','content/arthritis-and-exercise',1,'','http://jointpaincomfort.com/content/arthritis-and-exercise','','66.249.73.106',1214715873),(1355,0,'page not found','favicon.ico',1,'','http://jointpaincomfort.com/favicon.ico','','117.199.1.251',1214716625),(1356,0,'page not found','favicon.ico',1,'','http://jointpaincomfort.com/favicon.ico','','58.166.129.94',1214718406),(1357,0,'page not found','favicon.ico',1,'','http://jointpaincomfort.com/favicon.ico','','121.221.76.10',1214726413),(1358,0,'page not found','favicon.ico',1,'','http://jointpaincomfort.com/favicon.ico','','41.204.125.83',1214730727),(1359,0,'page not found','favicon.ico',1,'','http://jointpaincomfort.com/favicon.ico','','124.125.240.202',1214731361),(1360,0,'page not found','favicon.ico',1,'','http://jointpaincomfort.com/favicon.ico','','59.100.245.19',1214732579),(1361,0,'page not found','favicon.ico',1,'','http://jointpaincomfort.com/favicon.ico','','58.170.90.184',1214734677),(1362,0,'page not found','?q=content/urgent-news',1,'','http://jointpaincomfort.com/%3Fq%3Dcontent/urgent-news','','90.199.68.83',1214752733),(1363,0,'page not found','favicon.ico',1,'','http://jointpaincomfort.com/favicon.ico','','124.189.69.80',1214756044),(1364,0,'page not found','favicon.ico',1,'','http://jointpaincomfort.com/favicon.ico','','24.71.223.148',1214757952),(1365,0,'page not found','favicon.ico',1,'','http://jointpaincomfort.com/favicon.ico','http://jointpaincomfort.com/?q=content/urgent-news','86.138.171.12',1214765426),(1366,0,'page not found','?q=content/urgent-news',1,'','http://jointpaincomfort.com/%3Fq%3Dcontent/urgent-news','','91.107.100.202',1214777091),(1367,0,'page not found','favicon.ico',1,'','http://jointpaincomfort.com/favicon.ico','','84.13.112.35',1214777231),(1368,0,'page not found','favicon.ico',1,'','http://jointpaincomfort.com/favicon.ico','','124.185.239.212',1214779681),(1369,0,'page not found','?q=content/urgent-news',1,'','http://jointpaincomfort.com/%3Fq%3Dcontent/urgent-news','','221.128.31.12',1214783218),(1370,0,'page not found','?q=content/urgent-news',1,'','http://jointpaincomfort.com/%3Fq%3Dcontent/urgent-news','','221.128.31.12',1214783279),(1371,0,'page not found','?q=content/urgent-news',1,'','http://jointpaincomfort.com/%3Fq%3Dcontent/urgent-news','','221.128.31.12',1214783320),(1372,0,'page not found','?q=content/urgent-news',1,'','http://jointpaincomfort.com/%3Fq%3Dcontent/urgent-news','','221.128.31.12',1214783370),(1373,0,'page not found','favicon.ico',1,'','http://jointpaincomfort.com/favicon.ico','','89.243.227.36',1214793309),(1374,0,'page not found','favicon.ico',1,'','http://jointpaincomfort.com/favicon.ico','','70.70.50.215',1214804287),(1375,0,'page not found','?q=content/urgent-news',1,'','http://jointpaincomfort.com/%3Fq%3Dcontent/urgent-news','','82.41.175.13',1214807344),(1376,0,'page not found','?q=content/urgent-news',1,'','http://jointpaincomfort.com/%3Fq%3Dcontent/urgent-news','','124.177.23.88',1214819604),(1377,0,'page not found','favicon.ico',1,'','http://jointpaincomfort.com/favicon.ico','','59.163.30.3',1214820375),(1378,0,'page not found','?q=content/urgent-news',1,'','http://jointpaincomfort.com/%3Fq%3Dcontent/urgent-news','','80.229.165.7',1214821932),(1379,0,'page not found','?q=content/urgent-news',1,'','http://jointpaincomfort.com/%3Fq%3Dcontent/urgent-news','','80.229.165.7',1214821942),(1380,0,'page not found','?q=content/urgent-news',1,'','http://jointpaincomfort.com/%3Fq%3Dcontent/urgent-news','','80.229.165.7',1214821996),(1381,0,'page not found','favicon.ico',1,'','http://jointpaincomfort.com/favicon.ico','','124.148.58.191',1214823603),(1382,1,'user','Session opened for <em>admin</em>.',0,'','http://jointpaincomfort.com/?q=Free_articles&destination=Free_articles','http://www.jointpaincomfort.com/?q=Free_articles','190.134.2.157',1214827778),(1383,1,'user','Session closed for <em>admin</em>.',0,'','http://jointpaincomfort.com/?q=logout','http://jointpaincomfort.com/?q=admin/content/templates/page','190.134.2.157',1214828799),(1384,0,'page not found','favicon.ico',1,'','http://jointpaincomfort.com/favicon.ico','http://jointpaincomfort.com/?q=content/urgent-news','70.100.97.54',1214829070),(1385,0,'page not found','favicon.ico',1,'','http://jointpaincomfort.com/favicon.ico','','24.128.162.36',1214829947),(1386,0,'page not found','favicon.ico',1,'','http://jointpaincomfort.com/favicon.ico','','74.72.192.45',1214830931),(1387,0,'page not found','favicon.ico',1,'','http://jointpaincomfort.com/favicon.ico','','117.194.96.19',1214834862),(1388,0,'page not found','favicon.ico',1,'','http://jointpaincomfort.com/favicon.ico','','117.200.68.104',1214837964),(1389,0,'page not found','favicon.ico',1,'','http://jointpaincomfort.com/favicon.ico','http://jointpaincomfort.com/?q=content/urgent-news','128.6.218.197',1214841340),(1390,0,'page not found','favicon.ico',1,'','http://jointpaincomfort.com/favicon.ico','','216.86.188.79',1214846905),(1391,0,'page not found','favicon.ico',1,'','http://jointpaincomfort.com/favicon.ico','http://jointpaincomfort.com/?q=content/urgent-news','71.57.104.117',1214847165),(1392,1,'user','Session opened for <em>admin</em>.',0,'','http://jointpaincomfort.com/?q=home&destination=home','http://jointpaincomfort.com/','190.0.136.193',1214847622),(1393,1,'page not found','favicon.ico',1,'','http://jointpaincomfort.com/favicon.ico','','190.0.136.193',1214847640),(1394,1,'page not found','favicon.ico',1,'','http://jointpaincomfort.com/favicon.ico','','190.0.136.193',1214847647),(1395,0,'page not found','favicon.ico',1,'','http://jointpaincomfort.com/favicon.ico','http://jointpaincomfort.com/?q=content/urgent-news','216.9.250.40',1214849089),(1396,0,'page not found','favicon.ico',1,'','http://jointpaincomfort.com/favicon.ico','','82.18.149.50',1214850004),(1397,0,'page not found','favicon.ico',1,'','http://jointpaincomfort.com/favicon.ico','','70.70.146.59',1214850469),(1398,0,'page not found','favicon.ico',1,'','http://jointpaincomfort.com/favicon.ico','http://jointpaincomfort.com/?q=content/urgent-news','77.103.196.253',1214850741),(1399,0,'uc_paypal','Receiving IPN at URL for order 76.',0,'','http://jointpaincomfort.com/?q=uc_paypal/ipn/76','','66.211.170.66',1214852200),(1400,0,'uc_paypal','IPN transaction verified.',0,'','http://jointpaincomfort.com/?q=uc_paypal/ipn/76','','66.211.170.66',1214852201),(1401,0,'user','Login attempt failed for <em>Gaynor Dickinson</em>.',0,'','http://jointpaincomfort.com/?q=user&destination=user','http://jointpaincomfort.com/?q=user','77.103.196.253',1214852301),(1402,0,'page not found','favicon.ico',1,'','http://jointpaincomfort.com/favicon.ico','','78.141.12.6',1214852859),(1403,0,'user','Password reset instructions mailed to <em>Gaynor.jm</em> at <em>Gaynor.jm@Blueyonder.co.uk</em>.',0,'','http://jointpaincomfort.com/?q=user/password','http://jointpaincomfort.com/?q=user/password','77.103.196.253',1214852865),(1404,0,'page not found','favicon.ico',1,'','http://jointpaincomfort.com/favicon.ico','','24.83.151.241',1214854405),(1405,0,'page not found','favicon.ico',1,'','http://jointpaincomfort.com/favicon.ico','http://jointpaincomfort.com/?q=content/urgent-news','67.135.106.98',1214854427),(1406,1,'user','Session opened for <em>admin</em>.',0,'','http://jointpaincomfort.com/?q=home&destination=home','http://jointpaincomfort.com/','76.26.146.202',1214857375),(1407,0,'page not found','favicon.ico',1,'','http://jointpaincomfort.com/favicon.ico','','190.134.2.157',1214858489),(1408,0,'page not found','favicon.ico',1,'','http://jointpaincomfort.com/favicon.ico','http://www.jointpaincomfort.com/urgent/news.html','76.26.146.202',1214858545),(1409,0,'page not found','favicon.ico',1,'','http://jointpaincomfort.com/favicon.ico','','24.11.74.216',1214858560),(1410,0,'page not found','favicon.ico',1,'','http://jointpaincomfort.com/favicon.ico','','24.11.74.216',1214858563),(1411,0,'page not found','favicon.ico',1,'','http://jointpaincomfort.com/favicon.ico','','71.189.203.56',1214858664),(1412,0,'page not found','favicon.ico',1,'','http://jointpaincomfort.com/favicon.ico','','119.95.85.27',1214860731),(1413,0,'page not found','favicon.ico',1,'','http://jointpaincomfort.com/favicon.ico','','119.95.85.27',1214860734),(1414,0,'page not found','favicon.ico',1,'','http://jointpaincomfort.com/favicon.ico','','68.223.125.24',1214861000),(1415,0,'page not found','favicon.ico',1,'','http://jointpaincomfort.com/favicon.ico','http://jointpaincomfort.com/?q=content/urgent-news','71.9.76.32',1214870469),(1416,0,'page not found','favicon.ico',1,'','http://jointpaincomfort.com/favicon.ico','','82.47.199.51',1214870739),(1417,0,'page not found','favicon.ico',1,'','http://jointpaincomfort.com/favicon.ico','http://jointpaincomfort.com/?q=content/urgent-news','69.108.115.54',1214871707),(1418,0,'page not found','favicon.ico',1,'','http://jointpaincomfort.com/favicon.ico','','86.0.122.123',1214872585),(1419,0,'page not found','favicon.ico',1,'','http://jointpaincomfort.com/favicon.ico','http://jointpaincomfort.com/?q=content/urgent-news','129.96.224.171',1214872801),(1420,0,'page not found','?q=content/urgent-news',1,'','http://jointpaincomfort.com/%3Fq%3Dcontent/urgent-news','','220.245.121.164',1214873241),(1421,0,'page not found','?q=content/urgent-news',1,'','http://jointpaincomfort.com/%3Fq%3Dcontent/urgent-news','','220.245.121.164',1214873544),(1422,0,'page not found','?q=content/urgent-news',1,'','http://jointpaincomfort.com/%3Fq%3Dcontent/urgent-news','','220.245.121.164',1214873677),(1423,0,'page not found','favicon.ico',1,'','http://jointpaincomfort.com/favicon.ico','','70.79.74.69',1214875438),(1424,1,'user','Session opened for <em>admin</em>.',0,'','http://jointpaincomfort.com/?q=home&destination=home','http://jointpaincomfort.com/','76.26.146.202',1214875777),(1425,1,'page not found','favicon.ico',1,'','http://jointpaincomfort.com/favicon.ico','http://jointpaincomfort.com/?q=home','76.26.146.202',1214875778),(1426,0,'page not found','favicon.ico',1,'','http://jointpaincomfort.com/favicon.ico','','74.229.143.233',1214876029),(1427,0,'page not found','favicon.ico',1,'','http://jointpaincomfort.com/favicon.ico','http://jointpaincomfort.com/?q=content/urgent-news','67.149.229.62',1214876826),(1428,0,'page not found','favicon.ico',1,'','http://jointpaincomfort.com/favicon.ico','','64.136.26.230',1214881220),(1429,0,'page not found','favicon.ico',1,'','http://jointpaincomfort.com/favicon.ico','http://jointpaincomfort.com/?q=content/urgent-news','68.148.173.254',1214883347),(1430,0,'page not found','_vti_bin/owssvr.dll',1,'','http://jointpaincomfort.com/_vti_bin/owssvr.dll?UL=1&ACT=4&BUILD=8164&STRMVER=4&CAPREQ=0','','203.59.134.66',1214885178),(1431,0,'page not found','MSOffice/cltreq.asp',1,'','http://jointpaincomfort.com/MSOffice/cltreq.asp?UL=1&ACT=4&BUILD=8164&STRMVER=4&CAPREQ=0','','203.59.134.66',1214885179),(1432,0,'page not found','favicon.ico',1,'','http://jointpaincomfort.com/favicon.ico','http://jointpaincomfort.com/?q=content/urgent-news','81.154.1.177',1214889447),(1433,0,'user','User <em>Gaynor.jm</em> used one-time login link at time <em>1214852865</em>.',0,'','http://jointpaincomfort.com/?q=user/reset/163/1214852865/5aa0f95170b218f8e3c1c3b4e4be97f1/login','http://jointpaincomfort.com/?q=user/reset/163/1214852865/5aa0f95170b218f8e3c1c3b4e4be97f1','77.103.196.253',1214890176),(1434,0,'access denied','user/163',1,'','http://jointpaincomfort.com/?q=users/gaynorjm','','77.103.196.253',1214890329),(1435,0,'user','Login attempt failed for <em>Gaynor Dickinson</em>.',0,'','http://jointpaincomfort.com/?q=home&destination=home','http://jointpaincomfort.com/','77.103.196.253',1214890386),(1436,0,'user','Login attempt failed for <em>Gaynor Dickinson</em>.',0,'','http://jointpaincomfort.com/?q=home&destination=home','http://jointpaincomfort.com/','77.103.196.253',1214890400),(1437,163,'user','Session opened for <em>Gaynor.jm</em>.',0,'','http://jointpaincomfort.com/?q=home&destination=home','http://jointpaincomfort.com/?q=home&destination=home','77.103.196.253',1214890441),(1438,0,'page not found','content/rheumatoid-arthritis-ra',1,'','http://jointpaincomfort.com/content/rheumatoid-arthritis-ra','','66.249.73.106',1214901801),(1439,0,'page not found','favicon.ico',1,'','http://jointpaincomfort.com/favicon.ico','','82.17.106.225',1214907005),(1440,0,'page not found','favicon.ico',1,'','http://jointpaincomfort.com/favicon.ico','','86.131.183.168',1214911242),(1441,0,'page not found','favicon.ico',1,'','http://jointpaincomfort.com/favicon.ico','','86.17.182.165',1214918072),(1442,0,'page not found','favicon.ico',1,'','http://jointpaincomfort.com/favicon.ico','','86.17.182.165',1214918073),(1443,0,'page not found','favicon.ico',1,'','http://jointpaincomfort.com/favicon.ico','','86.17.182.165',1214918073),(1444,0,'page not found','favicon.ico',1,'','http://jointpaincomfort.com/favicon.ico','','86.17.182.165',1214918075),(1445,0,'page not found','favicon.ico',1,'','http://jointpaincomfort.com/favicon.ico','http://jointpaincomfort.com/?q=content/urgent-news','86.169.209.88',1214920318),(1446,0,'page not found','favicon.ico',1,'','http://jointpaincomfort.com/favicon.ico','','78.151.95.252',1214924575),(1447,0,'page not found','_vti_bin/owssvr.dll',1,'','http://jointpaincomfort.com/_vti_bin/owssvr.dll?UL=1&ACT=4&BUILD=4518&STRMVER=4&CAPREQ=0','','62.173.100.190',1214926700),(1448,0,'page not found','MSOffice/cltreq.asp',1,'','http://jointpaincomfort.com/MSOffice/cltreq.asp','','217.169.46.98',1214926701),(1449,0,'page not found','MSOffice/cltreq.asp',1,'','http://jointpaincomfort.com/MSOffice/cltreq.asp?UL=1&ACT=4&BUILD=4518&STRMVER=4&CAPREQ=0','','62.173.100.190',1214926702),(1450,0,'page not found','favicon.ico',1,'','http://jointpaincomfort.com/favicon.ico','','92.236.144.230',1214927636),(1451,0,'page not found','favicon.ico',1,'','http://jointpaincomfort.com/favicon.ico','','12.156.59.50',1214933362),(1452,1,'page not found','content/diagnostic-tests-arthritis',1,'','http://jointpaincomfort.com/content/diagnostic-tests-arthritis','http://www.google.com/search?hl=en&client=firefox-a&rls=org.mozilla%3Aen-US%3Aofficial&hs=nuj&q=site%3Ajointpaincomfort.com&btnG','76.26.146.202',1214933889),(1453,1,'page not found','content/arthritis-treatment-joint-surgery-knee-replacement',1,'','http://jointpaincomfort.com/content/arthritis-treatment-joint-surgery-knee-replacement','http://www.google.com/search?hl=en&client=firefox-a&rls=org.mozilla%3Aen-US%3Aofficial&hs=nuj&q=site%3Ajointpaincomfort.com&btnG','76.26.146.202',1214933895),(1454,0,'page not found','aaa.html',1,'','http://jointpaincomfort.com/aaa.html','','190.134.13.176',1214939532),(1455,0,'page not found','index.phpa',1,'','http://jointpaincomfort.com/index.phpa','','190.134.13.176',1214939542),(1456,0,'page not found','index.phpa',1,'','http://jointpaincomfort.com/index.phpa','','190.134.13.176',1214939571),(1457,0,'page not found','xxx/xxx/xxx/xx',1,'','http://jointpaincomfort.com/xxx/xxx/xxx/xx','','190.134.13.176',1214939580),(1458,0,'page not found','a.html',1,'','http://jointpaincomfort.com/a.html','','190.134.13.176',1214939589),(1459,0,'page not found','a/asd.html',1,'','http://jointpaincomfort.com/a/asd.html','','190.134.13.176',1214939596),(1460,0,'page not found','a/asd.html',1,'','http://jointpaincomfort.com/a/asd.html','','190.134.13.176',1214939671),(1461,0,'page not found','a/asd.html',1,'','http://jointpaincomfort.com/a/asd.html','','76.26.146.202',1214939918),(1462,0,'page not found','sites/all/modules/civicrm/css/civicrm.css',1,'','http://jointpaincomfort.com/sites/all/modules/civicrm/css/civicrm.css','http://64.233.169.104/search?q=cache:sEO3riNyIC0J:jointpaincomfort.com/content/treatments-arthritis+site:jointpaincomfort.com&hl','76.26.146.202',1214939948),(1463,0,'page not found','content/diagnostic-tests-arthritis',1,'','http://jointpaincomfort.com/content/diagnostic-tests-arthritis','http://www.google.com/search?client=safari&rls=en-us&q=site:jointpaincomfort.com&ie=UTF-8&oe=UTF-8','76.26.146.202',1214939965),(1464,0,'page not found','content/diagnostic-tests-arthritis',1,'','http://jointpaincomfort.com/content/diagnostic-tests-arthritis','http://www.google.com/search?client=safari&rls=en-us&q=site:jointpaincomfort.com&ie=UTF-8&oe=UTF-8','76.26.146.202',1214939973),(1465,0,'page not found','favicon.ico',1,'','http://jointpaincomfort.com/favicon.ico','http://jointpaincomfort.com/content/diagnostic-tests-arthritis','76.26.146.202',1214939974),(1466,0,'page not found','content/diagnostic-tests-arthritis',1,'','http://jointpaincomfort.com/content/diagnostic-tests-arthritis','','190.134.13.176',1214939984),(1467,1,'page not found','content/rheumatoid-arthritis-ra',1,'','http://jointpaincomfort.com/content/rheumatoid-arthritis-ra','http://www.google.com/search?hl=en&client=firefox-a&rls=org.mozilla:en-US:official&hs=Svj&q=site:jointpaincomfort.com&start=0&sa','76.26.146.202',1214940700),(1468,1,'page not found','content/supplements-arthritis',1,'','http://jointpaincomfort.com/content/supplements-arthritis','http://www.google.com/search?hl=en&client=firefox-a&rls=org.mozilla:en-US:official&q=site:jointpaincomfort.com&start=10&sa=N','76.26.146.202',1214940722),(1469,1,'page not found','content/the-arthritis-cure',1,'','http://jointpaincomfort.com/content/the-arthritis-cure','http://www.google.com/search?hl=en&client=firefox-a&rls=org.mozilla:en-US:official&q=site:jointpaincomfort.com&start=20&sa=N','76.26.146.202',1214940734),(1470,1,'page not found','content/the-correlation-of-life-expectancy-and-arthritis',1,'','http://jointpaincomfort.com/?q=content/the-correlation-of-life-expectancy-and-arthritis','http://www.google.com/search?hl=en&client=firefox-a&rls=org.mozilla:en-US:official&q=site:jointpaincomfort.com&start=30&sa=N','76.26.146.202',1214940751),(1471,1,'user','Session closed for <em>admin</em>.',0,'','http://jointpaincomfort.com/?q=logout','http://jointpaincomfort.com/node?page=2','76.26.146.202',1214940797),(1472,0,'page not found','sites/all/modules/civicrm/css/civicrm.css',1,'','http://jointpaincomfort.com/sites/all/modules/civicrm/css/civicrm.css','http://64.233.169.104/search?q=cache:sEO3riNyIC0J:jointpaincomfort.com/content/treatments-arthritis+site:jointpaincomfort.com&hl','76.26.146.202',1214940831),(1473,0,'page not found','content/diagnostic-tests-arthritis',1,'','http://jointpaincomfort.com/content/diagnostic-tests-arthritis','http://www.google.com/search?hl=en&client=firefox-a&rls=org.mozilla%3Aen-US%3Aofficial&hs=T3Q&q=site%3Ajointpaincomfort.com&btnG','76.26.146.202',1214940885),(1474,0,'page not found','content/arthritis-treatment-joint-surgery-knee-replacement',1,'','http://jointpaincomfort.com/content/arthritis-treatment-joint-surgery-knee-replacement','http://www.google.com/search?hl=en&client=firefox-a&rls=org.mozilla%3Aen-US%3Aofficial&hs=T3Q&q=site%3Ajointpaincomfort.com&btnG','76.26.146.202',1214940888),(1475,0,'page not found','content/rheumatoid-arthritis-ra',1,'','http://jointpaincomfort.com/content/rheumatoid-arthritis-ra','http://www.google.com/search?hl=en&client=firefox-a&rls=org.mozilla%3Aen-US%3Aofficial&hs=T3Q&q=site%3Ajointpaincomfort.com&btnG','76.26.146.202',1214940895),(1476,0,'page not found','content/what-arthritis',1,'','http://jointpaincomfort.com/content/what-arthritis','http://www.google.com/search?hl=en&client=firefox-a&rls=org.mozilla:en-US:official&hs=sil&q=site:jointpaincomfort.com&start=10&s','76.26.146.202',1214940900),(1477,0,'page not found','content/what-rheumatoid-arthritis-a-basic-overview',1,'','http://jointpaincomfort.com/content/what-rheumatoid-arthritis-a-basic-overview','http://www.google.com/search?hl=en&client=firefox-a&rls=org.mozilla:en-US:official&hs=sil&q=site:jointpaincomfort.com&start=10&s','76.26.146.202',1214940907),(1478,0,'page not found','content/arthritis-and-exercise',1,'','http://jointpaincomfort.com/content/arthritis-and-exercise','http://www.google.com/search?hl=en&client=firefox-a&rls=org.mozilla:en-US:official&hs=04Q&q=site:jointpaincomfort.com&start=20&s','76.26.146.202',1214940922),(1479,0,'page not found','favicon.ico',1,'','http://jointpaincomfort.com/favicon.ico','','72.25.192.4',1214945401),(1480,0,'page not found','favicon.ico',1,'','http://jointpaincomfort.com/favicon.ico','','71.59.237.45',1214950891),(1481,0,'page not found','favicon.ico',1,'','http://jointpaincomfort.com/favicon.ico','','71.59.237.45',1214950892),(1482,0,'page not found','favicon.ico',1,'','http://jointpaincomfort.com/favicon.ico','','71.110.194.18',1214951265),(1483,0,'page not found','favicon.ico',1,'','http://jointpaincomfort.com/favicon.ico','','203.29.165.120',1214952245),(1484,0,'page not found','favicon.ico',1,'','http://jointpaincomfort.com/favicon.ico','','24.86.152.222',1214954239),(1485,0,'page not found','?q=content/urgent-news',1,'','http://jointpaincomfort.com/%3Fq%3Dcontent/urgent-news','','212.139.85.203',1214954795),(1486,0,'page not found','a/asd.html',1,'','http://jointpaincomfort.com/a/asd.html','','190.134.30.18',1214954845),(1487,0,'page not found','content/diagnostic-tests-arthritis',1,'','http://jointpaincomfort.com/content/diagnostic-tests-arthritis','','190.134.30.18',1214954845),(1488,0,'page not found','favicon.ico',1,'','http://jointpaincomfort.com/favicon.ico','','24.86.152.222',1214955054),(1489,0,'page not found','content/what-rheumatoid-arthritis-a-basic-overview',1,'','http://jointpaincomfort.com/content/what-rheumatoid-arthritis-a-basic-overview','','66.249.73.106',1214960766),(1490,0,'page not found','favicon.ico',1,'','http://jointpaincomfort.com/favicon.ico','','67.204.192.101',1214964169),(1491,0,'page not found','favicon.ico',1,'','http://jointpaincomfort.com/favicon.ico','','67.204.192.101',1214964169),(1492,0,'page not found','favicon.ico',1,'','http://jointpaincomfort.com/favicon.ico','','67.204.192.101',1214964870),(1493,0,'page not found','favicon.ico',1,'','http://jointpaincomfort.com/favicon.ico','','67.204.192.101',1214964870),(1494,0,'page not found','favicon.ico',1,'','http://jointpaincomfort.com/favicon.ico','','67.204.192.101',1214964871),(1495,0,'page not found','favicon.ico',1,'','http://jointpaincomfort.com/favicon.ico','','67.204.192.101',1214964907),(1496,0,'page not found','favicon.ico',1,'','http://jointpaincomfort.com/favicon.ico','','67.204.192.101',1214964907),(1497,0,'page not found','favicon.ico',1,'','http://jointpaincomfort.com/favicon.ico','','203.17.42.41',1214972682),(1498,0,'page not found','favicon.ico',1,'','http://jointpaincomfort.com/favicon.ico','','24.203.59.143',1214975502),(1499,0,'page not found','favicon.ico',1,'','http://jointpaincomfort.com/favicon.ico','http://jointpaincomfort.com/?q=content/urgent-news','121.45.187.114',1214979234),(1500,0,'page not found','content/the-arthritis-cure',1,'','http://jointpaincomfort.com/content/the-arthritis-cure','','66.249.73.106',1214983773),(1501,0,'page not found','favicon.ico',1,'','http://jointpaincomfort.com/favicon.ico','','81.157.34.140',1214987545),(1502,0,'uc_paypal','Receiving IPN at URL for order 79.',0,'','http://jointpaincomfort.com/?q=uc_paypal/ipn/79','','66.211.170.66',1214994174),(1503,0,'uc_paypal','IPN transaction verified.',0,'','http://jointpaincomfort.com/?q=uc_paypal/ipn/79','','66.211.170.66',1214994174),(1504,0,'page not found','favicon.ico',1,'','http://jointpaincomfort.com/favicon.ico','','86.130.30.229',1214995376),(1505,0,'page not found','favicon.ico',1,'','http://jointpaincomfort.com/favicon.ico','','124.186.3.92',1214998431),(1506,0,'page not found','favicon.ico',1,'','http://jointpaincomfort.com/favicon.ico','','86.155.14.212',1214999270),(1507,0,'page not found','favicon.ico',1,'','http://jointpaincomfort.com/favicon.ico','','58.166.110.221',1215001079),(1508,164,'user','Session opened for <em>finnacorelli</em>.',0,'','http://jointpaincomfort.com/?q=user','http://jointpaincomfort.com/?q=user','58.166.110.221',1215001130),(1509,1,'user','Session opened for <em>admin</em>.',0,'','http://jointpaincomfort.com/?q=home&destination=home','http://www.jointpaincomfort.com/','190.134.16.44',1215010005),(1510,1,'page not found','q=home',1,'','http://jointpaincomfort.com/q=home','','190.134.16.44',1215010120),(1511,1,'page not found','home2',1,'','http://jointpaincomfort.com/?q=home2','','190.134.16.44',1215010159),(1512,1,'page not found','homeff',1,'','http://jointpaincomfort.com/?q=homeff','','190.134.16.44',1215010166),(1513,1,'page not found','asdas',1,'','http://jointpaincomfort.com/asdas','','190.134.16.44',1215010171),(1514,1,'page not found','asdasdas/adasdasd',1,'','http://jointpaincomfort.com/asdasdas/adasdasd','','190.134.16.44',1215010181),(1515,1,'page not found','asdasdas',1,'','http://jointpaincomfort.com/asdasdas','','190.134.16.44',1215010221),(1516,1,'page not found','index',1,'','http://jointpaincomfort.com/?q=index','','190.134.16.44',1215010246),(1517,0,'page not found','asdasd',1,'','http://jointpaincomfort.com/asdasd','','190.134.16.44',1215010290),(1518,0,'page not found','asdasd',1,'','http://jointpaincomfort.com/asdasd','','190.134.16.44',1215010340),(1519,1,'page not found','home222',1,'','http://jointpaincomfort.com/?q=home222','','190.134.16.44',1215010421),(1520,1,'content','page: added <em>A Community To Give Comfort To Those Suffering From Joint Pain</em>.',0,'<a href=\"/?q=redirectpage\">view</a>','http://jointpaincomfort.com/?q=node/add/page','http://jointpaincomfort.com/?q=node/add/page','190.134.16.44',1215010520),(1521,0,'page not found','asdasd',1,'','http://jointpaincomfort.com/asdasd','','190.134.16.44',1215010556),(1522,0,'page not found','asdasd',1,'','http://jointpaincomfort.com/asdasd','','190.134.16.44',1215010597),(1523,1,'content','page: updated <em> </em>.',0,'<a href=\"/?q=content\">view</a>','http://jointpaincomfort.com/?q=node/189/edit&destination=admin%2Fcontent%2Fnode','http://jointpaincomfort.com/?q=node/189/edit&destination=admin%2Fcontent%2Fnode','190.134.16.44',1215010704),(1524,0,'page not found','333',1,'','http://jointpaincomfort.com/333','','190.134.16.44',1215010716),(1525,1,'content','page: added <em>Redirect to home</em>.',0,'<a href=\"/?q=redirectpage\">view</a>','http://jointpaincomfort.com/?q=node/add/page','http://jointpaincomfort.com/?q=node/add/page','190.134.16.44',1215010765),(1526,0,'page not found','333',1,'','http://jointpaincomfort.com/333','','190.134.16.44',1215010774),(1527,1,'content','page: deleted <em>Redirect to home</em>.',0,'','http://jointpaincomfort.com/?q=node/190/delete&destination=admin%2Fcontent%2Fnode','http://jointpaincomfort.com/?q=node/190/delete&destination=admin%2Fcontent%2Fnode','190.134.16.44',1215010895),(1528,1,'content','page: updated <em>Redirect to home</em>.',0,'<a href=\"/?q=redirectpage\">view</a>','http://jointpaincomfort.com/?q=node/189/edit&destination=admin%2Fcontent%2Fnode','http://jointpaincomfort.com/?q=node/189/edit&destination=admin%2Fcontent%2Fnode','190.134.16.44',1215010914),(1529,0,'page not found','333',1,'','http://jointpaincomfort.com/333','','190.134.16.44',1215010923),(1530,0,'page not found','favicon.ico',1,'','http://jointpaincomfort.com/favicon.ico','http://jointpaincomfort.com/?q=content/urgent-news','70.136.157.21',1215010955),(1531,1,'user','Session opened for <em>admin</em>.',0,'','http://jointpaincomfort.com/?q=home&destination=home','http://www.jointpaincomfort.com/','190.134.16.44',1215011013),(1532,0,'page not found','favicon.ico',1,'','http://jointpaincomfort.com/favicon.ico','','208.124.171.34',1215011526),(1533,0,'page not found','favicon.ico',1,'','http://jointpaincomfort.com/favicon.ico','','208.124.171.34',1215012725),(1534,1,'update_status','Fetched information about all available new releases and updates.',0,'<a href=\"/?q=admin/logs/updates\">view</a>','http://jointpaincomfort.com/?q=admin/build/modules','http://www.jointpaincomfort.com/?q=admin/build/modules','190.134.16.44',1215012985),(1535,1,'user','Session closed for <em>admin</em>.',0,'','http://jointpaincomfort.com/?q=logout','http://jointpaincomfort.com/','190.134.16.44',1215013199),(1536,0,'user','New user: <em>tigerclaw</em> <em>&lt;stevetolnai@rogers.com&gt;</em>.',0,'<a href=\"/?q=user/165/edit\">edit</a>','http://jointpaincomfort.com/?q=user/register','http://jointpaincomfort.com/?q=user/register','208.124.171.34',1215016874),(1537,0,'page not found','favicon.ico',1,'','http://jointpaincomfort.com/favicon.ico','','78.148.76.18',1215017169),(1538,0,'page not found','favicon.ico',1,'','http://jointpaincomfort.com/favicon.ico','','78.148.76.18',1215017170),(1539,0,'page not found','favicon.ico',1,'','http://jointpaincomfort.com/favicon.ico','','78.148.76.18',1215017170),(1540,0,'page not found','favicon.ico',1,'','http://jointpaincomfort.com/favicon.ico','','195.229.236.247',1215017933),(1541,0,'page not found','favicon.ico',1,'','http://jointpaincomfort.com/favicon.ico','','67.52.164.132',1215018051),(1542,0,'page not found','favicon.ico',1,'','http://jointpaincomfort.com/favicon.ico','','75.157.22.223',1215022227),(1543,0,'page not found','favicon.ico',1,'','http://jointpaincomfort.com/favicon.ico','','89.211.4.3',1215022746),(1544,0,'page not found','favicon.ico',1,'','http://jointpaincomfort.com/favicon.ico','','86.166.197.174',1215023777),(1545,0,'page not found','_vti_bin/owssvr.dll',1,'','http://jointpaincomfort.com/_vti_bin/owssvr.dll?UL=1&ACT=4&BUILD=8164&STRMVER=4&CAPREQ=0','','160.87.60.234',1215025834),(1546,0,'page not found','MSOffice/cltreq.asp',1,'','http://jointpaincomfort.com/MSOffice/cltreq.asp?UL=1&ACT=4&BUILD=8164&STRMVER=4&CAPREQ=0','','160.87.60.234',1215025835),(1547,0,'page not found','MSOffice/cltreq.asp',1,'','http://jointpaincomfort.com/MSOffice/cltreq.asp?UL=1&ACT=4&BUILD=8164&STRMVER=4&CAPREQ=0','','150.70.84.24',1215025903),(1548,0,'page not found','_vti_bin/owssvr.dll',1,'','http://jointpaincomfort.com/_vti_bin/owssvr.dll?UL=1&ACT=4&BUILD=8164&STRMVER=4&CAPREQ=0','','150.70.84.24',1215025928),(1549,0,'page not found','favicon.ico',1,'','http://jointpaincomfort.com/favicon.ico','','66.195.104.194',1215030046),(1550,0,'page not found','favicon.ico',1,'','http://jointpaincomfort.com/favicon.ico','','220.239.212.79',1215031473),(1551,0,'page not found','favicon.ico',1,'','http://jointpaincomfort.com/favicon.ico','','220.239.212.79',1215032046),(1552,0,'page not found','favicon.ico',1,'','http://jointpaincomfort.com/favicon.ico','http://jointpaincomfort.com/?q=content/urgent-news','71.17.150.150',1215033049),(1553,0,'page not found','favicon.ico',1,'','http://jointpaincomfort.com/favicon.ico','http://jointpaincomfort.com/?q=content/urgent-news','86.138.82.213',1215033778),(1554,0,'page not found','favicon.ico',1,'','http://jointpaincomfort.com/favicon.ico','','86.146.141.227',1215035133),(1555,0,'page not found','favicon.ico',1,'','http://jointpaincomfort.com/favicon.ico','http://jointpaincomfort.com/?q=content/urgent-news','76.191.132.126',1215041458),(1556,0,'page not found','favicon.ico',1,'','http://jointpaincomfort.com/favicon.ico','http://jointpaincomfort.com/?q=content/urgent-news','98.206.5.235',1215047785),(1557,0,'page not found','favicon.ico',1,'','http://jointpaincomfort.com/favicon.ico','http://www.jointpaincomfort.com/urgent/news.html','76.26.146.202',1215049046),(1558,0,'page not found','?q=content/urgent-news',1,'','http://jointpaincomfort.com/%3Fq%3Dcontent/urgent-news','','119.42.66.53',1215049104),(1559,0,'page not found','favicon.ico',1,'','http://jointpaincomfort.com/favicon.ico','http://www.jointpaincomfort.com/urgent/news.html','76.26.146.202',1215049173),(1560,0,'page not found','favicon.ico',1,'','http://jointpaincomfort.com/favicon.ico','','88.191.16.96',1215049345),(1561,0,'page not found','favicon.ico',1,'','http://jointpaincomfort.com/favicon.ico','','24.11.74.216',1215049424),(1562,0,'page not found','favicon.ico',1,'','http://jointpaincomfort.com/favicon.ico','','24.11.74.216',1215049427),(1563,0,'page not found','favicon.ico',1,'','http://jointpaincomfort.com/favicon.ico','','70.130.197.226',1215051675),(1564,0,'page not found','favicon.ico',1,'','http://jointpaincomfort.com/favicon.ico','','72.189.213.2',1215052139),(1565,0,'page not found','favicon.ico',1,'','http://jointpaincomfort.com/favicon.ico','','123.200.223.152',1215053797),(1566,0,'page not found','favicon.ico',1,'','http://jointpaincomfort.com/favicon.ico','','123.200.223.152',1215053799),(1567,0,'page not found','favicon.ico',1,'','http://jointpaincomfort.com/favicon.ico','','123.200.223.152',1215053845),(1568,0,'page not found','favicon.ico',1,'','http://jointpaincomfort.com/favicon.ico','','123.200.223.152',1215053855),(1569,0,'page not found','favicon.ico',1,'','http://jointpaincomfort.com/favicon.ico','','76.196.57.209',1215055535),(1570,0,'page not found','favicon.ico',1,'','http://jointpaincomfort.com/favicon.ico','','210.79.29.126',1215061761),(1571,0,'page not found','favicon.ico',1,'','http://jointpaincomfort.com/favicon.ico','','122.148.148.14',1215062349),(1572,0,'page not found','favicon.ico',1,'','http://jointpaincomfort.com/favicon.ico','','124.189.35.84',1215067267),(1573,0,'page not found','favicon.ico',1,'','http://jointpaincomfort.com/favicon.ico','','86.131.181.149',1215067388),(1574,0,'page not found','favicon.ico',1,'','http://jointpaincomfort.com/favicon.ico','','164.100.45.123',1215067924),(1575,0,'page not found','favicon.ico',1,'','http://jointpaincomfort.com/favicon.ico','','82.2.136.222',1215068384),(1576,0,'page not found','favicon.ico',1,'','http://jointpaincomfort.com/favicon.ico','','82.2.136.222',1215068387),(1577,0,'page not found','favicon.ico',1,'','http://jointpaincomfort.com/favicon.ico','','81.156.168.132',1215070453),(1578,0,'page not found','favicon.ico',1,'','http://jointpaincomfort.com/favicon.ico','','91.110.91.217',1215071231),(1579,0,'page not found','favicon.ico',1,'','http://jointpaincomfort.com/favicon.ico','','78.86.101.12',1215071931),(1580,0,'page not found','favicon.ico',1,'','http://jointpaincomfort.com/favicon.ico','','210.49.137.58',1215073239),(1581,0,'page not found','favicon.ico',1,'','http://jointpaincomfort.com/favicon.ico','','210.49.137.58',1215073337),(1582,0,'page not found','favicon.ico',1,'','http://jointpaincomfort.com/favicon.ico','','202.91.198.5',1215074641),(1583,0,'page not found','favicon.ico',1,'','http://jointpaincomfort.com/favicon.ico','','86.131.242.31',1215075862),(1584,0,'page not found','favicon.ico',1,'','http://jointpaincomfort.com/favicon.ico','','66.153.14.220',1215076201),(1585,0,'page not found','favicon.ico',1,'','http://jointpaincomfort.com/favicon.ico','','58.173.228.72',1215076426),(1586,0,'page not found','favicon.ico',1,'','http://jointpaincomfort.com/favicon.ico','','66.153.14.220',1215076447),(1587,0,'page not found','favicon.ico',1,'','http://jointpaincomfort.com/favicon.ico','','82.16.139.51',1215077657),(1588,0,'page not found','favicon.ico',1,'','http://jointpaincomfort.com/favicon.ico','','78.149.139.112',1215079871),(1589,0,'page not found','favicon.ico',1,'','http://jointpaincomfort.com/favicon.ico','','62.171.194.41',1215082362),(1590,0,'page not found','favicon.ico',1,'','http://jointpaincomfort.com/favicon.ico','','72.194.112.223',1215083450),(1591,0,'page not found','favicon.ico',1,'','http://jointpaincomfort.com/favicon.ico','','81.156.206.227',1215084632),(1592,0,'page not found','favicon.ico',1,'','http://jointpaincomfort.com/favicon.ico','','217.42.53.171',1215085474),(1593,0,'page not found','favicon.ico',1,'','http://jointpaincomfort.com/favicon.ico','','58.161.229.254',1215085943),(1594,0,'page not found','favicon.ico',1,'','http://jointpaincomfort.com/favicon.ico','','82.43.39.5',1215085957),(1595,0,'page not found','favicon.ico',1,'','http://jointpaincomfort.com/favicon.ico','http://www.jointpaincomfort.com/urgent/news.html','86.150.6.232',1215086233),(1596,0,'page not found','favicon.ico',1,'','http://jointpaincomfort.com/favicon.ico','','65.93.215.127',1215087381),(1597,0,'page not found','favicon.ico',1,'','http://jointpaincomfort.com/favicon.ico','','92.18.96.21',1215088062),(1598,0,'page not found','favicon.ico',1,'','http://jointpaincomfort.com/favicon.ico','','148.75.225.212',1215089211),(1599,0,'page not found','favicon.ico',1,'','http://jointpaincomfort.com/favicon.ico','','90.212.69.94',1215089709),(1600,0,'page not found','favicon.ico',1,'','http://jointpaincomfort.com/favicon.ico','','90.212.69.94',1215089710),(1601,0,'page not found','favicon.ico',1,'','http://jointpaincomfort.com/favicon.ico','','82.1.154.232',1215089876),(1602,0,'page not found','favicon.ico',1,'','http://jointpaincomfort.com/favicon.ico','','121.44.223.188',1215090453),(1603,0,'page not found','favicon.ico',1,'','http://jointpaincomfort.com/favicon.ico','','219.90.139.161',1215090468),(1604,0,'page not found','favicon.ico',1,'','http://jointpaincomfort.com/favicon.ico','','123.2.118.143',1215091876),(1605,0,'page not found','favicon.ico',1,'','http://jointpaincomfort.com/favicon.ico','','82.47.7.186',1215092098),(1606,0,'page not found','favicon.ico',1,'','http://jointpaincomfort.com/favicon.ico','','82.47.7.186',1215092101),(1607,0,'page not found','favicon.ico',1,'','http://jointpaincomfort.com/favicon.ico','','66.249.235.46',1215092616),(1608,0,'page not found','favicon.ico',1,'','http://jointpaincomfort.com/favicon.ico','','81.77.132.163',1215094309),(1609,0,'page not found','favicon.ico',1,'','http://jointpaincomfort.com/favicon.ico','','68.110.145.229',1215094493),(1610,0,'page not found','favicon.ico',1,'','http://jointpaincomfort.com/favicon.ico','','71.123.20.250',1215094727),(1611,0,'page not found','favicon.ico',1,'','http://jointpaincomfort.com/favicon.ico','','24.7.231.159',1215094900),(1612,0,'page not found','favicon.ico',1,'','http://jointpaincomfort.com/favicon.ico','','89.243.78.167',1215095293),(1613,0,'page not found','favicon.ico',1,'','http://jointpaincomfort.com/favicon.ico','','82.68.1.222',1215096143),(1614,0,'page not found','favicon.ico',1,'','http://jointpaincomfort.com/favicon.ico','','216.221.72.200',1215097138),(1615,0,'page not found','favicon.ico',1,'','http://jointpaincomfort.com/favicon.ico','','90.201.182.210',1215097217),(1616,0,'page not found','favicon.ico',1,'','http://jointpaincomfort.com/favicon.ico','','86.141.7.211',1215097402),(1617,0,'page not found','favicon.ico',1,'','http://jointpaincomfort.com/favicon.ico','http://www.jointpaincomfort.com/urgent/news.html','68.121.160.133',1215097894),(1618,0,'page not found','favicon.ico',1,'','http://jointpaincomfort.com/favicon.ico','','72.84.245.71',1215098440),(1619,0,'page not found','favicon.ico',1,'','http://jointpaincomfort.com/favicon.ico','','65.33.253.57',1215099799),(1620,0,'page not found','favicon.ico',1,'','http://jointpaincomfort.com/favicon.ico','','64.172.233.245',1215100522),(1621,0,'page not found','favicon.ico',1,'','http://jointpaincomfort.com/favicon.ico','','74.162.171.19',1215100686),(1622,0,'page not found','favicon.ico',1,'','http://jointpaincomfort.com/favicon.ico','','86.7.67.36',1215100704),(1623,0,'page not found','favicon.ico',1,'','http://jointpaincomfort.com/favicon.ico','','69.230.213.11',1215101239),(1624,0,'page not found','favicon.ico',1,'','http://jointpaincomfort.com/favicon.ico','','209.139.233.97',1215101569),(1625,0,'page not found','favicon.ico',1,'','http://jointpaincomfort.com/favicon.ico','','198.136.130.100',1215101779),(1626,0,'page not found','favicon.ico',1,'','http://jointpaincomfort.com/favicon.ico','','79.71.158.245',1215102025),(1627,0,'page not found','favicon.ico',1,'','http://jointpaincomfort.com/favicon.ico','','79.71.158.245',1215102026),(1628,0,'page not found','favicon.ico',1,'','http://jointpaincomfort.com/favicon.ico','','170.35.208.21',1215102391),(1629,0,'page not found','favicon.ico',1,'','http://jointpaincomfort.com/favicon.ico','','90.213.47.143',1215102877),(1630,0,'page not found','favicon.ico',1,'','http://jointpaincomfort.com/favicon.ico','','68.112.207.176',1215103179),(1631,0,'page not found','favicon.ico',1,'','http://jointpaincomfort.com/favicon.ico','','86.150.115.87',1215104192),(1632,0,'page not found','favicon.ico',1,'','http://jointpaincomfort.com/favicon.ico','','86.147.56.177',1215104401),(1633,0,'page not found','favicon.ico',1,'','http://jointpaincomfort.com/favicon.ico','','86.147.56.177',1215104405),(1634,0,'page not found','favicon.ico',1,'','http://jointpaincomfort.com/favicon.ico','http://www.jointpaincomfort.com/?q=content/urgent-news','81.98.171.137',1215104862),(1635,0,'page not found','favicon.ico',1,'','http://jointpaincomfort.com/favicon.ico','','129.43.43.40',1215104905),(1636,0,'page not found','favicon.ico',1,'','http://jointpaincomfort.com/favicon.ico','http://jointpaincomfort.com/?q=cart/checkout','81.98.171.137',1215105000),(1637,0,'page not found','favicon.ico',1,'','http://jointpaincomfort.com/favicon.ico','','74.0.67.162',1215105332),(1638,0,'page not found','favicon.ico',1,'','http://jointpaincomfort.com/favicon.ico','','92.233.176.177',1215105519),(1639,0,'page not found','favicon.ico',1,'','http://jointpaincomfort.com/favicon.ico','','70.124.88.46',1215107254),(1640,0,'page not found','favicon.ico',1,'','http://jointpaincomfort.com/favicon.ico','','71.59.91.93',1215107362),(1641,0,'page not found','favicon.ico',1,'','http://jointpaincomfort.com/favicon.ico','','70.121.44.84',1215107440),(1642,0,'page not found','favicon.ico',1,'','http://jointpaincomfort.com/favicon.ico','','70.121.44.84',1215107446),(1643,0,'page not found','favicon.ico',1,'','http://jointpaincomfort.com/favicon.ico','','84.67.212.54',1215107872),(1644,1,'user','Session opened for <em>admin</em>.',0,'','http://jointpaincomfort.com/?q=home&destination=home','http://www.jointpaincomfort.com/','190.134.6.215',1215108999),(1645,0,'page not found','favicon.ico',1,'','http://jointpaincomfort.com/favicon.ico','','146.145.26.74',1215109118),(1646,0,'page not found','favicon.ico',1,'','http://jointpaincomfort.com/favicon.ico','','146.145.26.74',1215109121),(1647,0,'page not found','favicon.ico',1,'','http://jointpaincomfort.com/favicon.ico','','69.125.69.160',1215109152),(1648,0,'page not found','favicon.ico',1,'','http://jointpaincomfort.com/favicon.ico','','69.125.69.160',1215109292),(1649,0,'page not found','favicon.ico',1,'','http://jointpaincomfort.com/favicon.ico','http://www.jointpaincomfort.com/urgent/news.html','84.71.114.221',1215109962),(1650,0,'page not found','favicon.ico',1,'','http://jointpaincomfort.com/favicon.ico','','70.161.56.236',1215110503),(1651,0,'page not found','favicon.ico',1,'','http://jointpaincomfort.com/favicon.ico','','70.161.56.236',1215110504),(1652,0,'page not found','favicon.ico',1,'','http://jointpaincomfort.com/favicon.ico','','70.161.56.236',1215110804),(1653,0,'page not found','favicon.ico',1,'','http://jointpaincomfort.com/favicon.ico','','142.154.101.34',1215111023),(1654,0,'page not found','favicon.ico',1,'','http://jointpaincomfort.com/favicon.ico','','91.105.247.227',1215111552),(1655,0,'uc_paypal','Receiving IPN at URL for order 82.',0,'','http://jointpaincomfort.com/?q=uc_paypal/ipn/82','','66.211.170.66',1215111806),(1656,0,'uc_paypal','IPN transaction verified.',0,'','http://jointpaincomfort.com/?q=uc_paypal/ipn/82','','66.211.170.66',1215111806),(1657,166,'user','Session opened for <em>slick</em>.',0,'','http://jointpaincomfort.com/?q=user&destination=user','http://jointpaincomfort.com/?q=user','220.239.219.70',1215112167),(1658,0,'page not found','favicon.ico',1,'','http://jointpaincomfort.com/favicon.ico','','216.144.122.189',1215112566),(1659,1,'user','Deleted user: <em>warche_1213935342_per@gmail.com</em> <em>&lt;warche_1213935342_per@gmail.com&gt;</em>.',0,'','http://jointpaincomfort.com/?q=admin/user/user','http://jointpaincomfort.com/?q=admin/user/user','190.134.6.215',1215112985),(1660,1,'user','Session closed for <em>admin</em>.',0,'','http://jointpaincomfort.com/?q=logout','http://jointpaincomfort.com/?q=admin/user/user','190.134.6.215',1215112996),(1661,0,'page not found','favicon.ico',1,'','http://jointpaincomfort.com/favicon.ico','','67.165.120.168',1215113035),(1662,0,'page not found','favicon.ico',1,'','http://jointpaincomfort.com/favicon.ico','','78.149.126.217',1215113170),(1663,0,'uc_paypal','Receiving IPN at URL for order 83.',0,'','http://jointpaincomfort.com/?q=uc_paypal/ipn/83','','216.113.191.33',1215113183),(1664,0,'uc_paypal','IPN transaction verified.',0,'','http://jointpaincomfort.com/?q=uc_paypal/ipn/83','','216.113.191.33',1215113184),(1665,0,'page not found','favicon.ico',1,'','http://jointpaincomfort.com/favicon.ico','','216.55.221.139',1215113204),(1666,1,'user','Session opened for <em>admin</em>.',0,'','http://jointpaincomfort.com/?q=home&destination=home','http://jointpaincomfort.com/','190.134.6.215',1215113232),(1667,0,'page not found','favicon.ico',1,'','http://jointpaincomfort.com/favicon.ico','','77.101.214.185',1215113240),(1668,1,'user','Deleted user: <em>user123</em> <em>&lt;warche_1213932323_per@gmail.com&gt;</em>.',0,'','http://jointpaincomfort.com/?q=admin/user/user','http://jointpaincomfort.com/?q=admin/user/user','190.134.6.215',1215113302),(1669,0,'page not found','favicon.ico',1,'','http://jointpaincomfort.com/favicon.ico','','67.165.120.168',1215113428),(1670,0,'page not found','favicon.ico',1,'','http://jointpaincomfort.com/favicon.ico','','90.213.219.113',1215113628),(1671,0,'page not found','favicon.ico',1,'','http://jointpaincomfort.com/favicon.ico','http://jointpaincomfort.com/','76.26.146.202',1215113922),(1672,0,'page not found','favicon.ico',1,'','http://jointpaincomfort.com/favicon.ico','','86.132.32.72',1215113951),(1673,168,'user','Session opened for <em>Jonp</em>.',0,'','http://jointpaincomfort.com/?q=cart/checkout/complete','','76.26.146.202',1215114241),(1674,0,'uc_paypal','Receiving IPN at URL for order 85.',0,'','http://jointpaincomfort.com/?q=uc_paypal/ipn/85','','216.113.191.33',1215114242),(1675,0,'uc_paypal','IPN transaction verified.',0,'','http://jointpaincomfort.com/?q=uc_paypal/ipn/85','','216.113.191.33',1215114243),(1676,168,'page not found','favicon.ico',1,'','http://jointpaincomfort.com/favicon.ico','http://jointpaincomfort.com/?q=user/168/edit','76.26.146.202',1215114260),(1677,168,'user','Session closed for <em>Jonp</em>.',0,'','http://jointpaincomfort.com/?q=logout','http://jointpaincomfort.com/?q=content/are-you-riddled-with-pain','76.26.146.202',1215114299),(1678,1,'user','Session opened for <em>admin</em>.',0,'','http://jointpaincomfort.com/?q=home&destination=home','http://jointpaincomfort.com/','76.26.146.202',1215114308),(1679,1,'page not found','misc/throbber.gif',1,'','http://jointpaincomfort.com/?q=misc/throbber.gif','http://jointpaincomfort.com/?q=admin/store/orders/82/edit','76.26.146.202',1215114590),(1680,0,'page not found','favicon.ico',1,'','http://jointpaincomfort.com/favicon.ico','','78.86.1.62',1215114782),(1681,0,'page not found','favicon.ico',1,'','http://jointpaincomfort.com/favicon.ico','','71.108.177.14',1215115142),(1682,0,'page not found','favicon.ico',1,'','http://jointpaincomfort.com/favicon.ico','','90.203.60.57',1215115538),(1683,0,'page not found','favicon.ico',1,'','http://jointpaincomfort.com/favicon.ico','','151.201.159.146',1215116427),(1684,0,'page not found','favicon.ico',1,'','http://jointpaincomfort.com/favicon.ico','','151.201.159.146',1215116428),(1685,0,'page not found','favicon.ico',1,'','http://jointpaincomfort.com/favicon.ico','','81.157.32.65',1215116460),(1686,0,'page not found','favicon.ico',1,'','http://jointpaincomfort.com/favicon.ico','','129.49.88.138',1215117783),(1687,0,'page not found','favicon.ico',1,'','http://jointpaincomfort.com/favicon.ico','','151.201.159.146',1215117889),(1688,0,'page not found','favicon.ico',1,'','http://jointpaincomfort.com/favicon.ico','','88.105.170.77',1215118257),(1689,0,'page not found','favicon.ico',1,'','http://jointpaincomfort.com/favicon.ico','','88.105.170.77',1215118258),(1690,0,'page not found','favicon.ico',1,'','http://jointpaincomfort.com/favicon.ico','','170.213.132.253',1215118426),(1691,0,'page not found','favicon.ico',1,'','http://jointpaincomfort.com/favicon.ico','','75.60.206.213',1215118536),(1692,0,'page not found','favicon.ico',1,'','http://jointpaincomfort.com/favicon.ico','','86.14.211.199',1215118991),(3242,0,'page not found','favicon.ico',1,'','http://jointpaincomfort.com/favicon.ico','','72.37.171.52',1215543901),(3243,0,'page not found','favicon.ico',1,'','http://jointpaincomfort.com/favicon.ico','','209.129.16.5',1215544614),(3244,0,'page not found','favicon.ico',1,'','http://jointpaincomfort.com/favicon.ico','','217.42.179.157',1215544736),(3245,0,'page not found','favicon.ico',1,'','http://jointpaincomfort.com/favicon.ico','','61.69.213.221',1215544813),(3246,0,'page not found','favicon.ico',1,'','http://jointpaincomfort.com/favicon.ico','','24.203.234.127',1215545054),(3247,0,'page not found','favicon.ico',1,'','http://jointpaincomfort.com/favicon.ico','','82.32.248.18',1215545169),(3248,0,'page not found','favicon.ico',1,'','http://jointpaincomfort.com/favicon.ico','','70.237.223.73',1215545212),(3249,0,'page not found','favicon.ico',1,'','http://jointpaincomfort.com/favicon.ico','','69.156.124.124',1215545239),(3250,0,'page not found','favicon.ico',1,'','http://jointpaincomfort.com/favicon.ico','','88.106.105.175',1215545381),(3251,0,'page not found','favicon.ico',1,'','http://jointpaincomfort.com/favicon.ico','','78.145.93.151',1215545955),(3252,0,'page not found','favicon.ico',1,'','http://jointpaincomfort.com/favicon.ico','','64.20.145.182',1215546243),(3253,0,'page not found','favicon.ico',1,'','http://jointpaincomfort.com/favicon.ico','','99.245.199.63',1215546355),(3254,0,'page not found','favicon.ico',1,'','http://jointpaincomfort.com/favicon.ico','','99.245.199.63',1215546357),(3255,0,'page not found','favicon.ico',1,'','http://jointpaincomfort.com/favicon.ico','','76.65.24.200',1215546383),(3256,0,'page not found','favicon.ico',1,'','http://jointpaincomfort.com/favicon.ico','','99.245.199.63',1215546725),(3257,0,'page not found','favicon.ico',1,'','http://jointpaincomfort.com/favicon.ico','','92.1.138.36',1215546954),(3258,0,'page not found','favicon.ico',1,'','http://jointpaincomfort.com/favicon.ico','','92.237.98.77',1215547296),(3259,0,'page not found','favicon.ico',1,'','http://jointpaincomfort.com/favicon.ico','http://www.jointpaincomfort.com/?q=content/urgent-news','86.136.218.238',1215547349),(3260,0,'page not found','favicon.ico',1,'','http://jointpaincomfort.com/favicon.ico','','71.232.10.207',1215547516),(3261,0,'page not found','favicon.ico',1,'','http://jointpaincomfort.com/favicon.ico','','142.46.227.65',1215547668),(3262,0,'page not found','favicon.ico',1,'','http://jointpaincomfort.com/favicon.ico','','208.180.186.88',1215547899),(3263,0,'page not found','favicon.ico',1,'','http://jointpaincomfort.com/favicon.ico','','86.145.214.76',1215547941),(3264,0,'page not found','favicon.ico',1,'','http://jointpaincomfort.com/favicon.ico','','82.24.5.177',1215548443),(3265,0,'page not found','favicon.ico',1,'','http://jointpaincomfort.com/favicon.ico','','67.72.98.46',1215549746),(3266,0,'page not found','favicon.ico',1,'','http://jointpaincomfort.com/favicon.ico','','82.28.50.228',1215549857),(3267,0,'page not found','favicon.ico',1,'','http://jointpaincomfort.com/favicon.ico','','207.55.124.18',1215550003),(3268,0,'page not found','favicon.ico',1,'','http://jointpaincomfort.com/favicon.ico','','80.4.22.71',1215550024),(3269,0,'page not found','favicon.ico',1,'','http://jointpaincomfort.com/favicon.ico','','67.187.254.124',1215550095),(3270,0,'page not found','favicon.ico',1,'','http://jointpaincomfort.com/favicon.ico','','67.187.254.124',1215550098),(3271,0,'page not found','favicon.ico',1,'','http://jointpaincomfort.com/favicon.ico','','68.4.195.27',1215550268),(3272,0,'page not found','favicon.ico',1,'','http://jointpaincomfort.com/favicon.ico','','86.159.187.187',1215550493),(3273,0,'access denied','admin',1,'','http://jointpaincomfort.com/?q=admin','','63.80.233.247',1215550512),(3274,0,'access denied','admin/workflow-ng',1,'','http://jointpaincomfort.com/?q=admin/workflow-ng','','63.80.233.247',1215550520),(3275,0,'page not found','favicon.ico',1,'','http://jointpaincomfort.com/favicon.ico','','24.116.145.103',1215551227),(3276,0,'page not found','favicon.ico',1,'','http://jointpaincomfort.com/favicon.ico','','84.68.128.138',1215551306),(3277,0,'page not found','favicon.ico',1,'','http://jointpaincomfort.com/favicon.ico','','98.193.150.138',1215552077),(3278,0,'page not found','favicon.ico',1,'','http://jointpaincomfort.com/favicon.ico','','86.165.156.254',1215552175),(3279,0,'page not found','favicon.ico',1,'','http://jointpaincomfort.com/favicon.ico','','92.2.108.56',1215552267),(3280,0,'page not found','favicon.ico',1,'','http://jointpaincomfort.com/favicon.ico','','63.165.104.213',1215552331),(3281,0,'page not found','favicon.ico',1,'','http://jointpaincomfort.com/favicon.ico','','81.152.231.115',1215552508),(3282,0,'page not found','favicon.ico',1,'','http://jointpaincomfort.com/favicon.ico','','68.53.164.121',1215552531),(3283,0,'page not found','favicon.ico',1,'','http://jointpaincomfort.com/favicon.ico','','90.207.123.90',1215553092),(3284,0,'page not found','favicon.ico',1,'','http://jointpaincomfort.com/favicon.ico','','69.66.51.39',1215553115),(3285,0,'page not found','favicon.ico',1,'','http://jointpaincomfort.com/favicon.ico','','82.40.25.182',1215553156),(3286,0,'page not found','favicon.ico',1,'','http://jointpaincomfort.com/favicon.ico','','78.150.74.11',1215553256),(3287,0,'access denied','admin',1,'','http://jointpaincomfort.com/?q=admin','','63.80.233.246',1215553379),(3288,0,'access denied','admin/workflow-ng',1,'','http://jointpaincomfort.com/?q=admin/workflow-ng','','63.80.233.246',1215553386),(3289,0,'page not found','sites/all/modules/ubercart/payment/uc_credit/!url',1,'','http://jointpaincomfort.com/sites/all/modules/ubercart/payment/uc_credit/!url','','63.80.233.246',1215553699),(3290,0,'page not found','favicon.ico',1,'','http://jointpaincomfort.com/favicon.ico','','75.16.207.93',1215553746),(3291,0,'page not found','favicon.ico',1,'','http://jointpaincomfort.com/favicon.ico','','72.60.214.222',1215553839),(3292,0,'page not found','favicon.ico',1,'','http://jointpaincomfort.com/favicon.ico','','72.60.214.222',1215553840),(3293,0,'page not found','favicon.ico',1,'','http://jointpaincomfort.com/favicon.ico','','75.110.39.193',1215554812),(3294,0,'page not found','favicon.ico',1,'','http://jointpaincomfort.com/favicon.ico','','99.255.68.140',1215555155),(3295,0,'page not found','favicon.ico',1,'','http://jointpaincomfort.com/favicon.ico','','82.22.184.52',1215555310),(3296,0,'page not found','favicon.ico',1,'','http://jointpaincomfort.com/favicon.ico','','70.78.32.204',1215555558),(3297,0,'page not found','favicon.ico',1,'','http://jointpaincomfort.com/favicon.ico','','207.210.31.61',1215555883),(3298,0,'page not found','favicon.ico',1,'','http://jointpaincomfort.com/favicon.ico','','68.88.140.29',1215556015),(3299,0,'page not found','favicon.ico',1,'','http://jointpaincomfort.com/favicon.ico','','86.164.124.161',1215556083),(3300,0,'page not found','favicon.ico',1,'','http://jointpaincomfort.com/favicon.ico','','12.218.107.124',1215556139),(3301,0,'page not found','favicon.ico',1,'','http://jointpaincomfort.com/favicon.ico','','12.218.107.124',1215556142),(3302,0,'page not found','favicon.ico',1,'','http://jointpaincomfort.com/favicon.ico','','71.110.69.58',1215556693),(3303,0,'page not found','favicon.ico',1,'','http://jointpaincomfort.com/favicon.ico','','24.15.185.84',1215556923),(3304,0,'page not found','favicon.ico',1,'','http://jointpaincomfort.com/favicon.ico','','24.15.185.84',1215556924),(3305,0,'page not found','favicon.ico',1,'','http://jointpaincomfort.com/favicon.ico','','122.104.178.245',1215557152),(3306,0,'page not found','favicon.ico',1,'','http://jointpaincomfort.com/favicon.ico','','150.70.84.24',1215557215),(3307,0,'page not found','favicon.ico',1,'','http://jointpaincomfort.com/favicon.ico','','97.114.101.109',1215557394),(3308,0,'page not found','favicon.ico',1,'','http://jointpaincomfort.com/favicon.ico','','97.114.101.109',1215557395),(3309,0,'page not found','favicon.ico',1,'','http://jointpaincomfort.com/favicon.ico','','99.147.179.137',1215557426),(3310,0,'page not found','favicon.ico',1,'','http://jointpaincomfort.com/favicon.ico','','97.114.101.109',1215557490),(3311,0,'page not found','favicon.ico',1,'','http://jointpaincomfort.com/favicon.ico','','97.114.101.109',1215557496),(3312,0,'page not found','favicon.ico',1,'','http://jointpaincomfort.com/favicon.ico','','97.114.101.109',1215557518),(3313,0,'page not found','favicon.ico',1,'','http://jointpaincomfort.com/favicon.ico','','96.230.91.217',1215557522),(3314,0,'page not found','favicon.ico',1,'','http://jointpaincomfort.com/favicon.ico','','97.114.101.109',1215557529),(3315,0,'page not found','favicon.ico',1,'','http://jointpaincomfort.com/favicon.ico','','97.114.101.109',1215557787),(3316,0,'page not found','favicon.ico',1,'','http://jointpaincomfort.com/favicon.ico','','97.114.101.109',1215557804),