-- Table structure for table `uc_class_attribute_options`
--

CREATE TABLE `uc_class_attribute_options` (
  `pcid` varchar(32) NOT NULL default '',
  `oid` mediumint(9) NOT NULL default '0',
  `cost` decimal(10,2) NOT NULL default '0.00',
  `price` decimal(10,2) NOT NULL default '0.00',
  `weight` float NOT NULL default '0',
  `ordering` tinyint(2) NOT NULL default '0',
  PRIMARY KEY  (`pcid`,`oid`)
) ENGINE=MyISAM DEFAULT CHARSET=utf8;

--
-- Dumping data for table `uc_class_attribute_options`
--



--
-- Table structure for table `uc_class_attributes`
--

CREATE TABLE `uc_class_attributes` (
  `pcid` varchar(32) NOT NULL default '',
  `aid` mediumint(9) NOT NULL default '0',
  `ordering` tinyint(2) NOT NULL default '0',
  `default_option` mediumint(9) NOT NULL default '0',
  `required` tinyint(2) NOT NULL default '0',
  `display` tinyint(2) NOT NULL default '1',
  PRIMARY KEY  (`pcid`,`aid`)
) ENGINE=MyISAM DEFAULT CHARSET=utf8;

--
-- Dumping data for table `uc_class_attributes`
--



--
-- Table structure for table `uc_countries`
--

CREATE TABLE `uc_countries` (
  `country_id` mediumint(11) NOT NULL default '0',
  `country_name` varchar(255) NOT NULL default '',
  `country_iso_code_2` varchar(2) NOT NULL default '',
  `country_iso_code_3` varchar(3) NOT NULL default '',
  `version` smallint(11) NOT NULL default '0',
  PRIMARY KEY  (`country_id`),
  KEY `country_name` (`country_name`)
) ENGINE=MyISAM DEFAULT CHARSET=utf8;

--
-- Dumping data for table `uc_countries`
--


INSERT INTO `uc_countries` VALUES (840,'United States','US','USA',-1),(124,'Canada','CA','CAN',-1);

--
-- Table structure for table `uc_order_admin_comments`
--

CREATE TABLE `uc_order_admin_comments` (
  `comment_id` mediumint(9) NOT NULL auto_increment,
  `order_id` mediumint(9) NOT NULL default '0',
  `uid` mediumint(9) NOT NULL default '0',
  `message` text NOT NULL,
  `created` int(11) NOT NULL default '0',
  PRIMARY KEY  (`comment_id`),
  KEY `order_id` (`order_id`)
) ENGINE=MyISAM DEFAULT CHARSET=utf8;

--
-- Dumping data for table `uc_order_admin_comments`
--


INSERT INTO `uc_order_admin_comments` VALUES (1,56,0,'Customer granted user role <em>member</em>.',1213933026),(2,56,0,'PayPal IPN reported a payment of 100.00 USD.',1213933026),(3,56,0,'Order created through website.',1213933050),(4,57,0,'PayPal IPN reported a payment of 19.97 USD.',1213934484),(5,57,0,'Order created through website.',1213934487),(6,58,0,'PayPal IPN reported a payment of 19.97 USD.',1213934833),(7,58,0,'Order created through website.',1213934842),(8,59,0,'PayPal IPN reported a payment of 19.97 USD.',1213935322),(9,59,0,'Order created through website.',1213935326),(10,60,0,'PayPal IPN reported a payment of 19.97 USD.',1213935662),(11,60,0,'Order created through website.',1213935678),(12,63,0,'PayPal IPN reported a payment of 19.97 USD.',1213970956),(13,63,0,'Order created through website.',1213970965),(14,64,0,'PayPal IPN reported a payment of 19.97 USD.',1213971220),(15,64,0,'Order created through website.',1213971221),(16,65,0,'PayPal IPN reported a payment of 19.97 USD.',1213971769),(17,65,0,'Order created through website.',1213971773),(18,66,0,'Order created through website.',1213971878),(19,66,0,'Customer granted user role <em>member</em>.',1213971890),(20,66,0,'PayPal IPN reported a payment of 19.97 USD.',1213971890),(21,67,0,'Order created through website.',1213972000),(22,67,0,'Customer granted user role <em>member</em>.',1213972004),(23,67,0,'PayPal IPN reported a payment of 19.97 USD.',1213972004),(24,68,0,'PayPal IPN reported a payment of 19.97 USD.',1213972563),(25,68,0,'Order created through website.',1213972570),(26,72,0,'PayPal IPN reported a payment of 19.97 USD.',1214430279),(27,72,0,'Order created through website.',1214430296),(28,73,0,'Order created through website.',1214430771),(29,73,0,'Customer granted user role <em>member</em>.',1214430772),(30,73,0,'PayPal IPN reported a payment of 79.88 USD.',1214430772),(31,76,0,'PayPal IPN reported a payment of 19.97 USD.',1214852201),(32,76,0,'Order created through website.',1214852211),(33,79,0,'PayPal IPN reported a payment of 19.97 USD.',1214994175),(34,79,0,'Order created through website.',1214994185),(35,79,0,'Order created through website.',1214994186),(36,82,0,'PayPal IPN reported a payment of 19.97 USD.',1215111807),(37,82,0,'Order created through website.',1215111816),(38,83,0,'PayPal IPN reported a payment of 19.97 USD.',1215113184),(39,83,0,'Order created through website.',1215113188),(40,85,0,'Order created through website.',1215114242),(41,85,0,'Customer granted user role <em>member</em>.',1215114243),(42,85,0,'PayPal IPN reported a payment of 39.94 USD.',1215114243),(43,86,0,'Customer granted user role <em>member</em>.',1215131255),(44,86,0,'PayPal IPN reported a payment of 19.97 USD.',1215131255),(45,86,0,'Order created through website.',1215131275),(46,87,0,'Customer granted user role <em>member</em>.',1215132714),(47,87,0,'PayPal IPN reported a payment of 19.97 USD.',1215132714),(48,87,0,'Order created through website.',1215132727),(49,88,0,'Order created through website.',1215133245),(50,88,0,'Customer granted user role <em>member</em>.',1215133246),(51,88,0,'PayPal IPN reported a payment of 19.97 USD.',1215133246),(52,89,0,'PayPal IPN reported a payment of 19.97 USD.',1215133484),(53,89,0,'Order created through website.',1215133487),(54,90,0,'PayPal IPN reported a payment of 19.97 USD.',1215133677),(55,90,0,'Order created through website.',1215133680),(56,92,0,'PayPal IPN reported a payment of 19.97 USD.',1215186722),(57,92,0,'Order created through website.',1215186730),(58,94,0,'Customer granted user role <em>member</em>.',1215195107),(59,94,0,'PayPal IPN reported a payment of 19.97 USD.',1215195107),(60,94,0,'Customer user role <em>member</em> renewed.',1215195113),(61,94,0,'Order created through website.',1215195113),(62,95,0,'Order created through website.',1215195349),(63,95,0,'Customer granted user role <em>member</em>.',1215195349),(64,95,0,'PayPal IPN reported a payment of 19.97 USD.',1215195349),(65,96,0,'Customer cancelled this order from the checkout form.',1215209131),(66,104,0,'Customer cancelled this order from the checkout form.',1215312434),(67,114,0,'Customer cancelled this order from the checkout form.',1215499281),(68,115,0,'Customer cancelled this order from the checkout form.',1215534009),(69,116,0,'Customer cancelled this order from the checkout form.',1215534222),(70,123,0,'Customer granted user role <em>member</em>.',1215712585),(71,123,0,'PayPal IPN reported a payment of 19.97 USD.',1215712585),(72,123,0,'Customer user role <em>member</em> renewed.',1215712591),(73,123,0,'Order created through website.',1215712591),(74,124,0,'Customer cancelled this order from the checkout form.',1215781482),(75,125,0,'Customer granted user role <em>member</em>.',1215787838),(76,125,0,'PayPal IPN reported a payment of 19.97 USD.',1215787838),(77,127,0,'PayPal IPN reported a payment of 19.97 USD.',1215844763),(78,127,0,'Order created through website.',1215844781),(79,131,0,'Customer granted user role <em>member</em>.',1215900656),(80,131,0,'PayPal IPN reported a payment of 19.97 USD.',1215900656),(81,131,0,'Customer user role <em>member</em> renewed.',1215900664),(82,131,0,'Order created through website.',1215900664),(83,134,0,'Customer granted user role <em>member</em>.',1216060231),(84,134,0,'PayPal IPN reported a payment of 19.97 USD.',1216060231),(85,134,0,'Customer user role <em>member</em> renewed.',1216060241),(86,134,0,'Order created through website.',1216060241),(87,135,0,'Customer granted user role <em>member</em>.',1216232782),(88,135,0,'PayPal IPN reported a payment of 19.97 USD.',1216232782),(89,140,0,'Customer granted user role <em>member</em>.',1216306254),(90,140,0,'PayPal IPN reported a payment of 19.97 USD.',1216306254),(91,140,0,'Customer user role <em>member</em> renewed.',1216306261),(92,140,0,'Order created through website.',1216306261),(93,141,0,'Customer cancelled this order from the checkout form.',1216312315),(94,142,0,'Customer granted user role <em>member</em>.',1216371476),(95,142,0,'PayPal IPN reported a payment of 19.97 USD.',1216371476),(96,145,0,'Customer cancelled this order from the checkout form.',1216477741),(97,148,0,'Customer cancelled this order from the checkout form.',1216481694),(98,152,0,'Customer granted user role <em>member</em>.',1216498303),(99,152,0,'PayPal IPN reported a payment of 19.97 USD.',1216498303),(100,152,0,'Customer user role <em>member</em> renewed.',1216498307),(101,152,0,'Order created through website.',1216498307),(102,153,0,'PayPal IPN reported a payment of 19.97 USD.',1216554910),(103,153,0,'Order created through website.',1216554920),(104,153,196,'Customer user role <em>member</em> renewed.',1216555523),(105,153,0,'Order created through website.',1216555523),(106,156,0,'Customer granted user role <em>member</em>.',1216603937),(107,156,0,'PayPal IPN reported a payment of 19.97 USD.',1216603937),(108,156,0,'Customer user role <em>member</em> renewed.',1216603949),(109,156,0,'Order created through website.',1216603949),(110,162,0,'Customer granted user role <em>member</em>.',1216636229),(111,162,0,'PayPal IPN reported a payment of 19.97 USD.',1216636229),(112,162,0,'Customer user role <em>member</em> renewed.',1216636245),(113,162,0,'Order created through website.',1216636245),(114,163,0,'Customer granted user role <em>member</em>.',1216639880),(115,163,0,'PayPal IPN reported a payment of 19.97 USD.',1216639880),(116,163,0,'Customer user role <em>member</em> renewed.',1216639894),(117,163,0,'Order created through website.',1216639894),(118,166,0,'Customer granted user role <em>member</em>.',1216659122),(119,166,0,'PayPal IPN reported a payment of 19.97 USD.',1216659122),(120,166,0,'Customer user role <em>member</em> renewed.',1216659134),(121,166,0,'Order created through website.',1216659134),(122,168,0,'Customer granted user role <em>member</em>.',1216677269),(123,168,0,'PayPal IPN reported a payment of 19.97 USD.',1216677269),(124,168,0,'Customer user role <em>member</em> renewed.',1216677278),(125,168,0,'Order created through website.',1216677278),(126,170,0,'Customer granted user role <em>member</em>.',1216692301),(127,170,0,'PayPal IPN reported a payment of 19.97 USD.',1216692301),(128,171,0,'Customer granted user role <em>member</em>.',1216698341),(129,171,0,'PayPal IPN reported a payment of 19.97 USD.',1216698341),(130,171,0,'Customer user role <em>member</em> renewed.',1216698348),(131,171,0,'Order created through website.',1216698348),(132,172,0,'PayPal IPN reported a payment of 19.97 USD.',1216698398),(133,172,0,'Order created through website.',1216698406),(134,175,0,'Customer granted user role <em>member</em>.',1216726446),(135,175,0,'PayPal IPN reported a payment of 19.97 USD.',1216726446),(136,175,0,'Customer user role <em>member</em> renewed.',1216726669),(137,175,0,'Order created through website.',1216726669),(138,176,0,'Customer granted user role <em>member</em>.',1216749299),(139,176,0,'PayPal IPN reported a payment of 19.97 USD.',1216749299),(140,176,0,'Customer user role <em>member</em> renewed.',1216749328),(141,176,0,'Order created through website.',1216749328),(142,182,0,'Customer granted user role <em>member</em>.',1216779406),(143,182,0,'PayPal IPN reported a payment of 19.97 USD.',1216779406),(144,182,0,'Customer user role <em>member</em> renewed.',1216779420),(145,182,0,'Order created through website.',1216779420),(146,183,0,'Customer granted user role <em>member</em>.',1216780760),(147,183,0,'PayPal IPN reported a payment of 19.97 USD.',1216780760),(148,183,0,'Customer user role <em>member</em> renewed.',1216780770),(149,183,0,'Order created through website.',1216780770),(150,188,0,'Customer granted user role <em>member</em>.',1216882968),(151,188,0,'PayPal IPN reported a payment of 19.97 USD.',1216882968),(152,188,0,'Customer user role <em>member</em> renewed.',1216883024),(153,188,0,'Order created through website.',1216883024),(154,190,0,'Customer granted user role <em>member</em>.',1216954028),(155,190,0,'PayPal IPN reported a payment of 19.97 USD.',1216954028),(156,190,0,'Customer user role <em>member</em> renewed.',1216954040),(157,190,0,'Order created through website.',1216954040),(158,192,0,'Customer granted user role <em>member</em>.',1216965581),(159,192,0,'PayPal IPN reported a payment of 19.97 USD.',1216965581),(160,192,0,'Customer user role <em>member</em> renewed.',1216965611),(161,192,0,'Order created through website.',1216965611),(162,193,0,'Customer granted user role <em>member</em>.',1216993626),(163,193,0,'PayPal IPN reported a payment of 19.97 USD.',1216993626),(164,194,0,'Customer granted user role <em>member</em>.',1216994923),(165,194,0,'PayPal IPN reported a payment of 19.97 USD.',1216994923),(166,195,0,'Customer cancelled this order from the checkout form.',1216996061),(167,199,0,'Customer granted user role <em>member</em>.',1217069931),(168,199,0,'PayPal IPN reported a payment of 19.97 USD.',1217069931),(169,200,0,'Customer cancelled this order from the checkout form.',1217076124),(170,202,0,'Customer granted user role <em>member</em>.',1217077633),(171,202,0,'PayPal IPN reported a payment of 19.97 USD.',1217077633),(172,202,0,'Customer user role <em>member</em> renewed.',1217077640),(173,202,0,'Order created through website.',1217077640),(174,203,0,'Customer granted user role <em>member</em>.',1217085809),(175,203,0,'PayPal IPN reported a payment of 19.97 USD.',1217085809),(176,203,0,'Customer user role <em>member</em> renewed.',1217085820),(177,203,0,'Order created through website.',1217085820),(178,204,0,'Customer granted user role <em>member</em>.',1217178892),(179,204,0,'PayPal IPN reported a payment of 19.97 USD.',1217178892),(180,207,0,'Order created by PayPal Buttons module.',1217201031),(181,207,0,'Customer granted user role <em>member</em>.',1217201174),(182,207,0,'PayPal IPN reported a payment of 19.97 USD.',1217201174),(183,208,0,'Order created by PayPal Buttons module.',1217201612),(184,209,0,'Order created by PayPal Buttons module.',1217278892),(185,210,0,'Order created by PayPal Buttons module.',1217288628),(186,211,0,'Order created by PayPal Buttons module.',1217353430),(187,212,0,'Order created by PayPal Buttons module.',1217356914),(188,213,0,'Order created by PayPal Buttons module.',1217364456),(189,214,0,'Order created by PayPal Buttons module.',1217390327),(190,215,0,'Order created by PayPal Buttons module.',1217390560),(191,215,0,'Customer granted user role <em>member</em>.',1217391184),(192,215,0,'PayPal IPN reported a payment of 19.97 USD.',1217391184),(193,216,0,'Order created by PayPal Buttons module.',1217391209),(194,217,0,'Order created by PayPal Buttons module.',1217393337),(195,218,0,'Order created by PayPal Buttons module.',1217431164),(196,219,0,'Order created by PayPal Buttons module.',1217477563),(197,220,0,'Order created by PayPal Buttons module.',1217521918),(198,221,0,'Order created by PayPal Buttons module.',1217584490),(199,222,0,'Order created by PayPal Buttons module.',1217591050),(200,223,0,'Order created by PayPal Buttons module.',1217607415),(201,224,0,'Order created by PayPal Buttons module.',1217620727),(202,225,0,'Order created by PayPal Buttons module.',1217668939),(203,226,0,'Order created by PayPal Buttons module.',1217781420),(204,227,0,'Order created by PayPal Buttons module.',1217935931),(205,228,0,'Order created by PayPal Buttons module.',1218011099),(206,229,0,'Order created by PayPal Buttons module.',1218041965);

--
-- Table structure for table `uc_order_comments`
--

CREATE TABLE `uc_order_comments` (
  `comment_id` mediumint(9) NOT NULL auto_increment,
  `order_id` mediumint(9) NOT NULL default '0',
  `uid` mediumint(9) NOT NULL default '0',
  `order_status` varchar(32) NOT NULL default '',
  `notified` tinyint(4) NOT NULL default '0',
  `message` text NOT NULL,
  `created` int(11) NOT NULL default '0',
  PRIMARY KEY  (`comment_id`),
  KEY `order_id` (`order_id`)
) ENGINE=MyISAM DEFAULT CHARSET=utf8;

--
-- Dumping data for table `uc_order_comments`
--


INSERT INTO `uc_order_comments` VALUES (1,56,0,'payment_received',0,'Payment of 100.00 USD submitted through PayPal.',1213933026),(2,57,0,'payment_received',0,'Payment of 19.97 USD submitted through PayPal.',1213934484),(3,58,0,'payment_received',0,'Payment of 19.97 USD submitted through PayPal.',1213934833),(4,59,0,'payment_received',0,'Payment of 19.97 USD submitted through PayPal.',1213935322),(5,60,0,'payment_received',0,'Payment of 19.97 USD submitted through PayPal.',1213935662),(6,63,0,'payment_received',0,'Payment of 19.97 USD submitted through PayPal.',1213970956),(7,64,0,'payment_received',0,'Payment of 19.97 USD submitted through PayPal.',1213971220),(8,65,0,'payment_received',0,'Payment of 19.97 USD submitted through PayPal.',1213971769),(9,66,0,'payment_received',0,'Payment of 19.97 USD submitted through PayPal.',1213971890),(10,67,0,'payment_received',0,'Payment of 19.97 USD submitted through PayPal.',1213972004),(11,68,0,'payment_received',0,'Payment of 19.97 USD submitted through PayPal.',1213972563),(12,72,0,'payment_received',0,'Payment of 19.97 USD submitted through PayPal.',1214430279),(13,73,0,'payment_received',0,'Payment of 79.88 USD submitted through PayPal.',1214430772),(14,76,0,'payment_received',0,'Payment of 19.97 USD submitted through PayPal.',1214852201),(15,79,0,'payment_received',0,'Payment of 19.97 USD submitted through PayPal.',1214994175),(16,82,0,'payment_received',0,'Payment of 19.97 USD submitted through PayPal.',1215111807),(17,83,0,'payment_received',0,'Payment of 19.97 USD submitted through PayPal.',1215113184),(18,85,0,'payment_received',0,'Payment of 39.94 USD submitted through PayPal.',1215114243),(19,86,0,'payment_received',0,'Payment of 19.97 USD submitted through PayPal.',1215131255),(20,87,0,'payment_received',0,'Payment of 19.97 USD submitted through PayPal.',1215132714),(21,88,0,'payment_received',0,'Payment of 19.97 USD submitted through PayPal.',1215133246),(22,89,0,'payment_received',0,'Payment of 19.97 USD submitted through PayPal.',1215133484),(23,90,0,'payment_received',0,'Payment of 19.97 USD submitted through PayPal.',1215133677),(24,92,0,'payment_received',0,'Payment of 19.97 USD submitted through PayPal.',1215186722),(25,94,0,'payment_received',0,'Payment of 19.97 USD submitted through PayPal.',1215195107),(26,95,0,'payment_received',0,'Payment of 19.97 USD submitted through PayPal.',1215195349),(27,123,0,'payment_received',0,'Payment of 19.97 USD submitted through PayPal.',1215712585),(28,125,0,'payment_received',0,'Payment of 19.97 USD submitted through PayPal.',1215787838),(29,127,0,'payment_received',0,'Payment of 19.97 USD submitted through PayPal.',1215844763),(30,131,0,'payment_received',0,'Payment of 19.97 USD submitted through PayPal.',1215900656),(31,134,0,'payment_received',0,'Payment of 19.97 USD submitted through PayPal.',1216060231),(32,135,0,'payment_received',0,'Payment of 19.97 USD submitted through PayPal.',1216232782),(33,140,0,'payment_received',0,'Payment of 19.97 USD submitted through PayPal.',1216306254),(34,142,0,'payment_received',0,'Payment of 19.97 USD submitted through PayPal.',1216371476),(35,152,0,'payment_received',0,'Payment of 19.97 USD submitted through PayPal.',1216498303),(36,153,0,'payment_received',0,'Payment of 19.97 USD submitted through PayPal.',1216554910),(37,156,0,'payment_received',0,'Payment of 19.97 USD submitted through PayPal.',1216603937),(38,162,0,'payment_received',0,'Payment of 19.97 USD submitted through PayPal.',1216636229),(39,163,0,'payment_received',0,'Payment of 19.97 USD submitted through PayPal.',1216639880),(40,166,0,'payment_received',0,'Payment of 19.97 USD submitted through PayPal.',1216659122),(41,168,0,'payment_received',0,'Payment of 19.97 USD submitted through PayPal.',1216677269),(42,170,0,'payment_received',0,'Payment of 19.97 USD submitted through PayPal.',1216692301),(43,171,0,'payment_received',0,'Payment of 19.97 USD submitted through PayPal.',1216698341),(44,172,0,'payment_received',0,'Payment of 19.97 USD submitted through PayPal.',1216698398),(45,175,0,'payment_received',0,'Payment of 19.97 USD submitted through PayPal.',1216726446),(46,176,0,'payment_received',0,'Payment of 19.97 USD submitted through PayPal.',1216749299),(47,182,0,'payment_received',0,'Payment of 19.97 USD submitted through PayPal.',1216779406),(48,183,0,'payment_received',0,'Payment of 19.97 USD submitted through PayPal.',1216780760),(49,188,0,'payment_received',0,'Payment of 19.97 USD submitted through PayPal.',1216882968),(50,190,0,'payment_received',0,'Payment of 19.97 USD submitted through PayPal.',1216954028),(51,192,0,'payment_received',0,'Payment of 19.97 USD submitted through PayPal.',1216965581),(52,193,0,'payment_received',0,'Payment of 19.97 USD submitted through PayPal.',1216993626),(53,194,0,'payment_received',0,'Payment of 19.97 USD submitted through PayPal.',1216994923),(54,199,0,'payment_received',0,'Payment of 19.97 USD submitted through PayPal.',1217069931),(55,202,0,'payment_received',0,'Payment of 19.97 USD submitted through PayPal.',1217077633),(56,203,0,'payment_received',0,'Payment of 19.97 USD submitted through PayPal.',1217085809),(57,204,0,'payment_received',0,'Payment of 19.97 USD submitted through PayPal.',1217178892);

--
-- Table structure for table `uc_order_line_items`
--

CREATE TABLE `uc_order_line_items` (
  `line_item_id` mediumint(9) NOT NULL auto_increment,
  `order_id` mediumint(9) NOT NULL default '0',
  `type` varchar(32) NOT NULL default '',
  `title` varchar(128) NOT NULL default '',
  `amount` decimal(10,2) NOT NULL default '0.00',
  `weight` smallint(6) NOT NULL default '0',
  PRIMARY KEY  (`line_item_id`),
  KEY `order_id` (`order_id`)
) ENGINE=MyISAM DEFAULT CHARSET=utf8;

--
-- Dumping data for table `uc_order_line_items`
--



--
-- Table structure for table `uc_order_log`
--

CREATE TABLE `uc_order_log` (
  `order_log_id` mediumint(9) NOT NULL auto_increment,
  `order_id` mediumint(9) NOT NULL default '0',
  `uid` mediumint(9) NOT NULL default '0',
  `changes` text NOT NULL,
  `created` int(11) NOT NULL default '0',
  PRIMARY KEY  (`order_log_id`),
  KEY `order_id` (`order_id`)
) ENGINE=MyISAM DEFAULT CHARSET=utf8;

--
-- Dumping data for table `uc_order_log`
--


INSERT INTO `uc_order_log` VALUES (1,56,0,'<div class=\"item-list\"><ul><li>PayPal payment for $100.00 entered by -.</li></ul></div>',1213933026),(2,56,0,'<div class=\"item-list\"><ul><li>Order status changed from <em>in_checkout</em> to <em>completed</em>.</li></ul></div>',1213933026),(3,57,0,'<div class=\"item-list\"><ul><li>PayPal payment for $19.97 entered by -.</li></ul></div>',1213934484),(4,57,0,'<div class=\"item-list\"><ul><li>Order status changed from <em>in_checkout</em> to <em>completed</em>.</li></ul></div>',1213934484),(5,58,0,'<div class=\"item-list\"><ul><li>PayPal payment for $19.97 entered by -.</li></ul></div>',1213934832),(6,58,0,'<div class=\"item-list\"><ul><li>Order status changed from <em>in_checkout</em> to <em>completed</em>.</li></ul></div>',1213934832),(7,59,0,'<div class=\"item-list\"><ul><li>PayPal payment for $19.97 entered by -.</li></ul></div>',1213935321),(8,59,0,'<div class=\"item-list\"><ul><li>Order status changed from <em>in_checkout</em> to <em>completed</em>.</li></ul></div>',1213935321),(9,60,0,'<div class=\"item-list\"><ul><li>PayPal payment for $19.97 entered by -.</li></ul></div>',1213935661),(10,60,0,'<div class=\"item-list\"><ul><li>Order status changed from <em>in_checkout</em> to <em>completed</em>.</li></ul></div>',1213935661),(11,63,0,'<div class=\"item-list\"><ul><li>PayPal payment for $19.97 entered by -.</li></ul></div>',1213970955),(12,63,0,'<div class=\"item-list\"><ul><li>Order status changed from <em>in_checkout</em> to <em>completed</em>.</li></ul></div>',1213970955),(13,64,0,'<div class=\"item-list\"><ul><li>PayPal payment for $19.97 entered by -.</li></ul></div>',1213971220),(14,64,0,'<div class=\"item-list\"><ul><li>Order status changed from <em>in_checkout</em> to <em>completed</em>.</li></ul></div>',1213971220),(15,65,0,'<div class=\"item-list\"><ul><li>PayPal payment for $19.97 entered by -.</li></ul></div>',1213971769),(16,65,0,'<div class=\"item-list\"><ul><li>Order status changed from <em>in_checkout</em> to <em>completed</em>.</li></ul></div>',1213971769),(17,66,159,'<div class=\"item-list\"><ul><li>Order status changed from <em>in_checkout</em> to <em>pending</em>.</li></ul></div>',1213971878),(18,66,0,'<div class=\"item-list\"><ul><li>PayPal payment for $19.97 entered by -.</li></ul></div>',1213971890),(19,66,0,'<div class=\"item-list\"><ul><li>Order status changed from <em>pending</em> to <em>completed</em>.</li></ul></div>',1213971890),(20,67,160,'<div class=\"item-list\"><ul><li>Order status changed from <em>in_checkout</em> to <em>pending</em>.</li></ul></div>',1213972000),(21,67,0,'<div class=\"item-list\"><ul><li>PayPal payment for $19.97 entered by -.</li></ul></div>',1213972004),(22,67,0,'<div class=\"item-list\"><ul><li>Order status changed from <em>pending</em> to <em>completed</em>.</li></ul></div>',1213972004),(23,68,0,'<div class=\"item-list\"><ul><li>PayPal payment for $19.97 entered by -.</li></ul></div>',1213972562),(24,68,0,'<div class=\"item-list\"><ul><li>Order status changed from <em>in_checkout</em> to <em>completed</em>.</li></ul></div>',1213972562),(25,72,0,'<div class=\"item-list\"><ul><li>PayPal payment for $19.97 entered by -.</li></ul></div>',1214430279),(26,72,0,'<div class=\"item-list\"><ul><li>Order status changed from <em>in_checkout</em> to <em>completed</em>.</li></ul></div>',1214430279),(27,73,1,'<div class=\"item-list\"><ul><li>Order status changed from <em>in_checkout</em> to <em>pending</em>.</li></ul></div>',1214430771),(28,73,0,'<div class=\"item-list\"><ul><li>PayPal payment for $79.88 entered by -.</li></ul></div>',1214430772),(29,73,0,'<div class=\"item-list\"><ul><li>Order status changed from <em>pending</em> to <em>completed</em>.</li></ul></div>',1214430772),(30,76,0,'<div class=\"item-list\"><ul><li>PayPal payment for $19.97 entered by -.</li></ul></div>',1214852201),(31,76,0,'<div class=\"item-list\"><ul><li>Order status changed from <em>in_checkout</em> to <em>completed</em>.</li></ul></div>',1214852201),(32,79,0,'<div class=\"item-list\"><ul><li>PayPal payment for $19.97 entered by -.</li></ul></div>',1214994175),(33,79,0,'<div class=\"item-list\"><ul><li>Order status changed from <em>in_checkout</em> to <em>completed</em>.</li></ul></div>',1214994175),(34,82,0,'<div class=\"item-list\"><ul><li>PayPal payment for $19.97 entered by -.</li></ul></div>',1215111806),(35,82,0,'<div class=\"item-list\"><ul><li>Order status changed from <em>in_checkout</em> to <em>completed</em>.</li></ul></div>',1215111807),(36,83,0,'<div class=\"item-list\"><ul><li>PayPal payment for $19.97 entered by -.</li></ul></div>',1215113184),(37,83,0,'<div class=\"item-list\"><ul><li>Order status changed from <em>in_checkout</em> to <em>completed</em>.</li></ul></div>',1215113184),(38,85,168,'<div class=\"item-list\"><ul><li>Order status changed from <em>in_checkout</em> to <em>pending</em>.</li></ul></div>',1215114242),(39,85,0,'<div class=\"item-list\"><ul><li>PayPal payment for $39.94 entered by -.</li></ul></div>',1215114243),(40,85,0,'<div class=\"item-list\"><ul><li>Order status changed from <em>pending</em> to <em>completed</em>.</li></ul></div>',1215114243),(41,86,0,'<div class=\"item-list\"><ul><li>PayPal payment for $19.97 entered by -.</li></ul></div>',1215131254),(42,86,0,'<div class=\"item-list\"><ul><li>Order status changed from <em>in_checkout</em> to <em>completed</em>.</li></ul></div>',1215131255),(43,87,0,'<div class=\"item-list\"><ul><li>PayPal payment for $19.97 entered by -.</li></ul></div>',1215132714),(44,87,0,'<div class=\"item-list\"><ul><li>Order status changed from <em>in_checkout</em> to <em>completed</em>.</li></ul></div>',1215132714),(45,88,172,'<div class=\"item-list\"><ul><li>Order status changed from <em>in_checkout</em> to <em>pending</em>.</li></ul></div>',1215133245),(46,88,0,'<div class=\"item-list\"><ul><li>PayPal payment for $19.97 entered by -.</li></ul></div>',1215133246),(47,88,0,'<div class=\"item-list\"><ul><li>Order status changed from <em>pending</em> to <em>completed</em>.</li></ul></div>',1215133246),(48,89,0,'<div class=\"item-list\"><ul><li>PayPal payment for $19.97 entered by -.</li></ul></div>',1215133484),(49,89,0,'<div class=\"item-list\"><ul><li>Order status changed from <em>in_checkout</em> to <em>completed</em>.</li></ul></div>',1215133484),(50,90,0,'<div class=\"item-list\"><ul><li>PayPal payment for $19.97 entered by -.</li></ul></div>',1215133677),(51,90,0,'<div class=\"item-list\"><ul><li>Order status changed from <em>in_checkout</em> to <em>completed</em>.</li></ul></div>',1215133677),(52,92,0,'<div class=\"item-list\"><ul><li>PayPal payment for $19.97 entered by -.</li></ul></div>',1215186722),(53,92,0,'<div class=\"item-list\"><ul><li>Order status changed from <em>in_checkout</em> to <em>completed</em>.</li></ul></div>',1215186722),(54,94,0,'<div class=\"item-list\"><ul><li>PayPal payment for $19.97 entered by -.</li></ul></div>',1215195107),(55,94,0,'<div class=\"item-list\"><ul><li>Order status changed from <em>in_checkout</em> to <em>completed</em>.</li></ul></div>',1215195107),(56,94,0,'<div class=\"item-list\"><ul><li>Order status changed from <em>completed</em> to <em>completed</em>.</li></ul></div>',1215195107),(57,94,0,'<div class=\"item-list\"><ul><li>Order status changed from <em>completed</em> to <em>completed</em>.</li></ul></div>',1215195113),(58,95,177,'<div class=\"item-list\"><ul><li>Order status changed from <em>in_checkout</em> to <em>pending</em>.</li></ul></div>',1215195349),(59,95,0,'<div class=\"item-list\"><ul><li>PayPal payment for $19.97 entered by -.</li></ul></div>',1215195349),(60,95,0,'<div class=\"item-list\"><ul><li>Order status changed from <em>pending</em> to <em>completed</em>.</li></ul></div>',1215195349),(61,95,0,'<div class=\"item-list\"><ul><li>Order status changed from <em>completed</em> to <em>completed</em>.</li></ul></div>',1215195349),(62,123,0,'<div class=\"item-list\"><ul><li>PayPal payment for $19.97 entered by -.</li></ul></div>',1215712584),(63,123,0,'<div class=\"item-list\"><ul><li>Order status changed from <em>in_checkout</em> to <em>completed</em>.</li></ul></div>',1215712584),(64,123,0,'<div class=\"item-list\"><ul><li>Order status changed from <em>completed</em> to <em>completed</em>.</li></ul></div>',1215712585),(65,123,0,'<div class=\"item-list\"><ul><li>Order status changed from <em>completed</em> to <em>completed</em>.</li></ul></div>',1215712591),(66,125,0,'<div class=\"item-list\"><ul><li>PayPal payment for $19.97 entered by -.</li></ul></div>',1215787838),(67,125,0,'<div class=\"item-list\"><ul><li>Order status changed from <em>in_checkout</em> to <em>completed</em>.</li></ul></div>',1215787838),(68,125,0,'<div class=\"item-list\"><ul><li>Order status changed from <em>completed</em> to <em>completed</em>.</li></ul></div>',1215787838),(69,127,0,'<div class=\"item-list\"><ul><li>PayPal payment for $19.97 entered by -.</li></ul></div>',1215844763),(70,127,0,'<div class=\"item-list\"><ul><li>Order status changed from <em>in_checkout</em> to <em>completed</em>.</li></ul></div>',1215844763),(71,127,0,'<div class=\"item-list\"><ul><li>Order status changed from <em>completed</em> to <em>completed</em>.</li></ul></div>',1215844763),(72,127,0,'<div class=\"item-list\"><ul><li>Order status changed from <em>completed</em> to <em>completed</em>.</li></ul></div>',1215844781),(73,131,0,'<div class=\"item-list\"><ul><li>PayPal payment for $19.97 entered by -.</li></ul></div>',1215900655),(74,131,0,'<div class=\"item-list\"><ul><li>Order status changed from <em>in_checkout</em> to <em>completed</em>.</li></ul></div>',1215900655),(75,131,0,'<div class=\"item-list\"><ul><li>Order status changed from <em>completed</em> to <em>completed</em>.</li></ul></div>',1215900656),(76,131,0,'<div class=\"item-list\"><ul><li>Order status changed from <em>completed</em> to <em>completed</em>.</li></ul></div>',1215900664),(77,134,0,'<div class=\"item-list\"><ul><li>PayPal payment for $19.97 entered by -.</li></ul></div>',1216060230),(78,134,0,'<div class=\"item-list\"><ul><li>Order status changed from <em>in_checkout</em> to <em>completed</em>.</li></ul></div>',1216060230),(79,134,0,'<div class=\"item-list\"><ul><li>Order status changed from <em>completed</em> to <em>completed</em>.</li></ul></div>',1216060231),(80,134,0,'<div class=\"item-list\"><ul><li>Order status changed from <em>completed</em> to <em>completed</em>.</li></ul></div>',1216060241),(81,135,0,'<div class=\"item-list\"><ul><li>PayPal payment for $19.97 entered by -.</li></ul></div>',1216232781),(82,135,0,'<div class=\"item-list\"><ul><li>Order status changed from <em>in_checkout</em> to <em>completed</em>.</li></ul></div>',1216232781),(83,135,0,'<div class=\"item-list\"><ul><li>Order status changed from <em>completed</em> to <em>completed</em>.</li></ul></div>',1216232782),(84,140,0,'<div class=\"item-list\"><ul><li>PayPal payment for $19.97 entered by -.</li></ul></div>',1216306253),(85,140,0,'<div class=\"item-list\"><ul><li>Order status changed from <em>in_checkout</em> to <em>completed</em>.</li></ul></div>',1216306253),(86,140,0,'<div class=\"item-list\"><ul><li>Order status changed from <em>completed</em> to <em>completed</em>.</li></ul></div>',1216306254),(87,140,0,'<div class=\"item-list\"><ul><li>Order status changed from <em>completed</em> to <em>completed</em>.</li></ul></div>',1216306261),(88,142,0,'<div class=\"item-list\"><ul><li>PayPal payment for $19.97 entered by -.</li></ul></div>',1216371476),(89,142,0,'<div class=\"item-list\"><ul><li>Order status changed from <em>in_checkout</em> to <em>completed</em>.</li></ul></div>',1216371476),(90,142,0,'<div class=\"item-list\"><ul><li>Order status changed from <em>completed</em> to <em>completed</em>.</li></ul></div>',1216371476),(91,152,0,'<div class=\"item-list\"><ul><li>PayPal payment for $19.97 entered by -.</li></ul></div>',1216498302),(92,152,0,'<div class=\"item-list\"><ul><li>Order status changed from <em>in_checkout</em> to <em>completed</em>.</li></ul></div>',1216498302),(93,152,0,'<div class=\"item-list\"><ul><li>Order status changed from <em>completed</em> to <em>completed</em>.</li></ul></div>',1216498303),(94,152,0,'<div class=\"item-list\"><ul><li>Order status changed from <em>completed</em> to <em>completed</em>.</li></ul></div>',1216498307),(95,153,0,'<div class=\"item-list\"><ul><li>PayPal payment for $19.97 entered by -.</li></ul></div>',1216554910),(96,153,0,'<div class=\"item-list\"><ul><li>Order status changed from <em>in_checkout</em> to <em>completed</em>.</li></ul></div>',1216554910),(97,153,0,'<div class=\"item-list\"><ul><li>Order status changed from <em>completed</em> to <em>completed</em>.</li></ul></div>',1216554910),(98,153,0,'<div class=\"item-list\"><ul><li>Order status changed from <em>completed</em> to <em>completed</em>.</li></ul></div>',1216554920),(99,153,196,'<div class=\"item-list\"><ul><li>Order status changed from <em>completed</em> to <em>completed</em>.</li></ul></div>',1216555523),(100,156,0,'<div class=\"item-list\"><ul><li>PayPal payment for $19.97 entered by -.</li></ul></div>',1216603936),(101,156,0,'<div class=\"item-list\"><ul><li>Order status changed from <em>in_checkout</em> to <em>completed</em>.</li></ul></div>',1216603936),(102,156,0,'<div class=\"item-list\"><ul><li>Order status changed from <em>completed</em> to <em>completed</em>.</li></ul></div>',1216603937),(103,156,0,'<div class=\"item-list\"><ul><li>Order status changed from <em>completed</em> to <em>completed</em>.</li></ul></div>',1216603949),(104,162,0,'<div class=\"item-list\"><ul><li>PayPal payment for $19.97 entered by -.</li></ul></div>',1216636228),(105,162,0,'<div class=\"item-list\"><ul><li>Order status changed from <em>in_checkout</em> to <em>completed</em>.</li></ul></div>',1216636228),(106,162,0,'<div class=\"item-list\"><ul><li>Order status changed from <em>completed</em> to <em>completed</em>.</li></ul></div>',1216636229),(107,162,0,'<div class=\"item-list\"><ul><li>Order status changed from <em>completed</em> to <em>completed</em>.</li></ul></div>',1216636245),(108,163,0,'<div class=\"item-list\"><ul><li>PayPal payment for $19.97 entered by -.</li></ul></div>',1216639880),(109,163,0,'<div class=\"item-list\"><ul><li>Order status changed from <em>in_checkout</em> to <em>completed</em>.</li></ul></div>',1216639880),(110,163,0,'<div class=\"item-list\"><ul><li>Order status changed from <em>completed</em> to <em>completed</em>.</li></ul></div>',1216639880),(111,163,0,'<div class=\"item-list\"><ul><li>Order status changed from <em>completed</em> to <em>completed</em>.</li></ul></div>',1216639894),(112,166,0,'<div class=\"item-list\"><ul><li>PayPal payment for $19.97 entered by -.</li></ul></div>',1216659122),(113,166,0,'<div class=\"item-list\"><ul><li>Order status changed from <em>in_checkout</em> to <em>completed</em>.</li></ul></div>',1216659122),(114,166,0,'<div class=\"item-list\"><ul><li>Order status changed from <em>completed</em> to <em>completed</em>.</li></ul></div>',1216659122),(115,166,0,'<div class=\"item-list\"><ul><li>Order status changed from <em>completed</em> to <em>completed</em>.</li></ul></div>',1216659134),(116,168,0,'<div class=\"item-list\"><ul><li>PayPal payment for $19.97 entered by -.</li></ul></div>',1216677268),(117,168,0,'<div class=\"item-list\"><ul><li>Order status changed from <em>in_checkout</em> to <em>completed</em>.</li></ul></div>',1216677268),(118,168,0,'<div class=\"item-list\"><ul><li>Order status changed from <em>completed</em> to <em>completed</em>.</li></ul></div>',1216677269),(119,168,0,'<div class=\"item-list\"><ul><li>Order status changed from <em>completed</em> to <em>completed</em>.</li></ul></div>',1216677278),(120,170,0,'<div class=\"item-list\"><ul><li>PayPal payment for $19.97 entered by -.</li></ul></div>',1216692301),(121,170,0,'<div class=\"item-list\"><ul><li>Order status changed from <em>in_checkout</em> to <em>completed</em>.</li></ul></div>',1216692301),(122,170,0,'<div class=\"item-list\"><ul><li>Order status changed from <em>completed</em> to <em>completed</em>.</li></ul></div>',1216692301),(123,171,0,'<div class=\"item-list\"><ul><li>PayPal payment for $19.97 entered by -.</li></ul></div>',1216698341),(124,171,0,'<div class=\"item-list\"><ul><li>Order status changed from <em>in_checkout</em> to <em>completed</em>.</li></ul></div>',1216698341),(125,171,0,'<div class=\"item-list\"><ul><li>Order status changed from <em>completed</em> to <em>completed</em>.</li></ul></div>',1216698341),(126,171,0,'<div class=\"item-list\"><ul><li>Order status changed from <em>completed</em> to <em>completed</em>.</li></ul></div>',1216698348),(127,172,0,'<div class=\"item-list\"><ul><li>PayPal payment for $19.97 entered by -.</li></ul></div>',1216698398),(128,172,0,'<div class=\"item-list\"><ul><li>Order status changed from <em>in_checkout</em> to <em>completed</em>.</li></ul></div>',1216698398),(129,172,0,'<div class=\"item-list\"><ul><li>Order status changed from <em>completed</em> to <em>completed</em>.</li></ul></div>',1216698398),(130,172,0,'<div class=\"item-list\"><ul><li>Order status changed from <em>completed</em> to <em>completed</em>.</li></ul></div>',1216698406),(131,175,0,'<div class=\"item-list\"><ul><li>PayPal payment for $19.97 entered by -.</li></ul></div>',1216726446),(132,175,0,'<div class=\"item-list\"><ul><li>Order status changed from <em>in_checkout</em> to <em>completed</em>.</li></ul></div>',1216726446),(133,175,0,'<div class=\"item-list\"><ul><li>Order status changed from <em>completed</em> to <em>completed</em>.</li></ul></div>',1216726446),(134,175,0,'<div class=\"item-list\"><ul><li>Order status changed from <em>completed</em> to <em>completed</em>.</li></ul></div>',1216726669),(135,176,0,'<div class=\"item-list\"><ul><li>PayPal payment for $19.97 entered by -.</li></ul></div>',1216749298),(136,176,0,'<div class=\"item-list\"><ul><li>Order status changed from <em>in_checkout</em> to <em>completed</em>.</li></ul></div>',1216749298),(137,176,0,'<div class=\"item-list\"><ul><li>Order status changed from <em>completed</em> to <em>completed</em>.</li></ul></div>',1216749299),(138,176,0,'<div class=\"item-list\"><ul><li>Order status changed from <em>completed</em> to <em>completed</em>.</li></ul></div>',1216749328),(139,182,0,'<div class=\"item-list\"><ul><li>PayPal payment for $19.97 entered by -.</li></ul></div>',1216779406),(140,182,0,'<div class=\"item-list\"><ul><li>Order status changed from <em>in_checkout</em> to <em>completed</em>.</li></ul></div>',1216779406),(141,182,0,'<div class=\"item-list\"><ul><li>Order status changed from <em>completed</em> to <em>completed</em>.</li></ul></div>',1216779406),(142,182,0,'<div class=\"item-list\"><ul><li>Order status changed from <em>completed</em> to <em>completed</em>.</li></ul></div>',1216779420),(143,183,0,'<div class=\"item-list\"><ul><li>PayPal payment for $19.97 entered by -.</li></ul></div>',1216780759),(144,183,0,'<div class=\"item-list\"><ul><li>Order status changed from <em>in_checkout</em> to <em>completed</em>.</li></ul></div>',1216780759),(145,183,0,'<div class=\"item-list\"><ul><li>Order status changed from <em>completed</em> to <em>completed</em>.</li></ul></div>',1216780760),(146,183,0,'<div class=\"item-list\"><ul><li>Order status changed from <em>completed</em> to <em>completed</em>.</li></ul></div>',1216780770),(147,188,0,'<div class=\"item-list\"><ul><li>PayPal payment for $19.97 entered by -.</li></ul></div>',1216882967),(148,188,0,'<div class=\"item-list\"><ul><li>Order status changed from <em>in_checkout</em> to <em>completed</em>.</li></ul></div>',1216882967),(149,188,0,'<div class=\"item-list\"><ul><li>Order status changed from <em>completed</em> to <em>completed</em>.</li></ul></div>',1216882968),(150,188,0,'<div class=\"item-list\"><ul><li>Order status changed from <em>completed</em> to <em>completed</em>.</li></ul></div>',1216883024),(151,190,0,'<div class=\"item-list\"><ul><li>PayPal payment for $19.97 entered by -.</li></ul></div>',1216954027),(152,190,0,'<div class=\"item-list\"><ul><li>Order status changed from <em>in_checkout</em> to <em>completed</em>.</li></ul></div>',1216954027),(153,190,0,'<div class=\"item-list\"><ul><li>Order status changed from <em>completed</em> to <em>completed</em>.</li></ul></div>',1216954028),(154,190,0,'<div class=\"item-list\"><ul><li>Order status changed from <em>completed</em> to <em>completed</em>.</li></ul></div>',1216954040),(155,192,0,'<div class=\"item-list\"><ul><li>PayPal payment for $19.97 entered by -.</li></ul></div>',1216965580),(156,192,0,'<div class=\"item-list\"><ul><li>Order status changed from <em>in_checkout</em> to <em>completed</em>.</li></ul></div>',1216965580),(157,192,0,'<div class=\"item-list\"><ul><li>Order status changed from <em>completed</em> to <em>completed</em>.</li></ul></div>',1216965581),(158,192,0,'<div class=\"item-list\"><ul><li>Order status changed from <em>completed</em> to <em>completed</em>.</li></ul></div>',1216965611),(159,193,0,'<div class=\"item-list\"><ul><li>PayPal payment for $19.97 entered by -.</li></ul></div>',1216993626),(160,193,0,'<div class=\"item-list\"><ul><li>Order status changed from <em>in_checkout</em> to <em>completed</em>.</li></ul></div>',1216993626),(161,193,0,'<div class=\"item-list\"><ul><li>Order status changed from <em>completed</em> to <em>completed</em>.</li></ul></div>',1216993626),(162,194,0,'<div class=\"item-list\"><ul><li>PayPal payment for $19.97 entered by -.</li></ul></div>',1216994922),(163,194,0,'<div class=\"item-list\"><ul><li>Order status changed from <em>in_checkout</em> to <em>completed</em>.</li></ul></div>',1216994922),(164,194,0,'<div class=\"item-list\"><ul><li>Order status changed from <em>completed</em> to <em>completed</em>.</li></ul></div>',1216994923),(165,199,0,'<div class=\"item-list\"><ul><li>PayPal payment for $19.97 entered by -.</li></ul></div>',1217069931),(166,199,0,'<div class=\"item-list\"><ul><li>Order status changed from <em>in_checkout</em> to <em>completed</em>.</li></ul></div>',1217069931),(167,199,0,'<div class=\"item-list\"><ul><li>Order status changed from <em>completed</em> to <em>completed</em>.</li></ul></div>',1217069931),(168,202,0,'<div class=\"item-list\"><ul><li>PayPal payment for $19.97 entered by -.</li></ul></div>',1217077633),(169,202,0,'<div class=\"item-list\"><ul><li>Order status changed from <em>in_checkout</em> to <em>completed</em>.</li></ul></div>',1217077633),(170,202,0,'<div class=\"item-list\"><ul><li>Order status changed from <em>completed</em> to <em>completed</em>.</li></ul></div>',1217077633),(171,202,0,'<div class=\"item-list\"><ul><li>Order status changed from <em>completed</em> to <em>completed</em>.</li></ul></div>',1217077640),(172,203,0,'<div class=\"item-list\"><ul><li>PayPal payment for $19.97 entered by -.</li></ul></div>',1217085808),(173,203,0,'<div class=\"item-list\"><ul><li>Order status changed from <em>in_checkout</em> to <em>completed</em>.</li></ul></div>',1217085808),(174,203,0,'<div class=\"item-list\"><ul><li>Order status changed from <em>completed</em> to <em>completed</em>.</li></ul></div>',1217085809),(175,203,0,'<div class=\"item-list\"><ul><li>Order status changed from <em>completed</em> to <em>completed</em>.</li></ul></div>',1217085820),(176,204,0,'<div class=\"item-list\"><ul><li>PayPal payment for $19.97 entered by -.</li></ul></div>',1217178892),(177,204,0,'<div class=\"item-list\"><ul><li>Order status changed from <em>in_checkout</em> to <em>completed</em>.</li></ul></div>',1217178892),(178,204,0,'<div class=\"item-list\"><ul><li>Order status changed from <em>completed</em> to <em>completed</em>.</li></ul></div>',1217178892),(179,207,0,'<div class=\"item-list\"><ul><li>PayPal payment for $19.97 entered by -.</li></ul></div>',1217201174),(180,207,0,'<div class=\"item-list\"><ul><li>Order status changed from <em>in_checkout</em> to <em>completed</em>.</li></ul></div>',1217201174),(181,207,0,'<div class=\"item-list\"><ul><li>Order status changed from <em>completed</em> to <em>completed</em>.</li></ul></div>',1217201174),(182,215,0,'<div class=\"item-list\"><ul><li>PayPal payment for $19.97 entered by -.</li></ul></div>',1217391183),(183,215,0,'<div class=\"item-list\"><ul><li>Order status changed from <em>in_checkout</em> to <em>completed</em>.</li></ul></div>',1217391183),(184,215,0,'<div class=\"item-list\"><ul><li>Order status changed from <em>completed</em> to <em>completed</em>.</li></ul></div>',1217391184);

--
-- Table structure for table `uc_order_products`
--

CREATE TABLE `uc_order_products` (
  `order_product_id` int(9) NOT NULL auto_increment,
  `order_id` mediumint(9) NOT NULL default '0',
  `nid` mediumint(9) NOT NULL default '0',
  `title` varchar(128) NOT NULL default '',
  `manufacturer` varchar(32) NOT NULL default '',
  `model` varchar(255) NOT NULL default '',
  `qty` smallint(6) NOT NULL default '0',
  `cost` decimal(10,2) NOT NULL default '0.00',
  `price` decimal(10,2) NOT NULL default '0.00',
  `weight` float NOT NULL default '0',
  `data` text NOT NULL,
  PRIMARY KEY  (`order_product_id`),
  KEY `order_id` (`order_id`)
) ENGINE=MyISAM DEFAULT CHARSET=utf8;

--
-- Dumping data for table `uc_order_products`
--


INSERT INTO `uc_order_products` VALUES (1,1,178,'Premium Subscription','','Premium Subscription',1,'9.99','9.99',0,'a:2:{s:9:\"shippable\";s:1:\"1\";s:6:\"module\";s:10:\"uc_product\";}'),(2,2,178,'Premium Subscription','','Premium Subscription',1,'9.99','9.99',0,'a:2:{s:9:\"shippable\";s:1:\"1\";s:6:\"module\";s:10:\"uc_product\";}'),(3,3,178,'Premium Subscription','','Premium Subscription',1,'9.99','9.99',0,'a:2:{s:9:\"shippable\";s:1:\"1\";s:6:\"module\";s:10:\"uc_product\";}'),(4,4,178,'Premium Subscription','','Premium Subscription',1,'9.99','9.99',0,'a:2:{s:9:\"shippable\";s:1:\"1\";s:6:\"module\";s:10:\"uc_product\";}'),(5,5,178,'Premium Subscription','','Premium Subscription',1,'9.99','9.99',0,'a:2:{s:9:\"shippable\";s:1:\"1\";s:6:\"module\";s:10:\"uc_product\";}'),(6,6,178,'Premium Subscription','','Premium Subscription',1,'9.99','9.99',0,'a:2:{s:9:\"shippable\";s:1:\"1\";s:6:\"module\";s:10:\"uc_product\";}'),(7,7,178,'Premium Subscription','','Premium Subscription',1,'9.99','9.99',0,'a:2:{s:9:\"shippable\";s:1:\"1\";s:6:\"module\";s:10:\"uc_product\";}'),(8,8,178,'Premium Subscription','','Premium Subscription',1,'9.99','9.99',0,'a:2:{s:9:\"shippable\";s:1:\"1\";s:6:\"module\";s:10:\"uc_product\";}'),(9,9,181,'123','','123',1,'0.00','123.00',1,'a:2:{s:9:\"shippable\";s:1:\"1\";s:6:\"module\";s:10:\"uc_product\";}'),(10,10,181,'123','','123',1,'0.00','123.00',1,'a:2:{s:9:\"shippable\";s:1:\"1\";s:6:\"module\";s:10:\"uc_product\";}'),(11,11,178,'Premium Subscription','','Premium Subscription',1,'9.99','9.99',0,'a:2:{s:9:\"shippable\";s:1:\"1\";s:6:\"module\";s:10:\"uc_product\";}'),(12,12,178,'Premium Subscription','','Premium Subscription',1,'9.99','9.99',0,'a:2:{s:9:\"shippable\";s:1:\"1\";s:6:\"module\";s:10:\"uc_product\";}'),(13,13,178,'Premium Subscription','','Premium Subscription',1,'9.99','9.99',0,'a:2:{s:9:\"shippable\";s:1:\"1\";s:6:\"module\";s:10:\"uc_product\";}'),(14,14,178,'Premium Subscription','','Premium Subscription',2,'9.99','9.99',0,'a:2:{s:9:\"shippable\";s:1:\"1\";s:6:\"module\";s:10:\"uc_product\";}'),(15,14,181,'123','','123',3,'0.00','123.00',1,'a:2:{s:9:\"shippable\";s:1:\"1\";s:6:\"module\";s:10:\"uc_product\";}'),(16,15,178,'Premium Subscription','','Premium Subscription',1,'9.99','9.99',0,'a:2:{s:9:\"shippable\";s:1:\"1\";s:6:\"module\";s:10:\"uc_product\";}'),(17,16,178,'Premium Subscription','','Premium Subscription',1,'9.99','9.99',0,'a:2:{s:9:\"shippable\";s:1:\"1\";s:6:\"module\";s:10:\"uc_product\";}'),(18,17,178,'Premium Subscription','','Premium Subscription',1,'9.99','9.99',0,'a:2:{s:9:\"shippable\";s:1:\"1\";s:6:\"module\";s:10:\"uc_product\";}'),(19,18,178,'Premium Subscription','','Premium Subscription',1,'9.99','9.99',0,'a:2:{s:9:\"shippable\";s:1:\"1\";s:6:\"module\";s:10:\"uc_product\";}'),(20,19,178,'Premium Subscription','','Premium Subscription',2,'9.99','9.99',0,'a:2:{s:9:\"shippable\";s:1:\"1\";s:6:\"module\";s:10:\"uc_product\";}'),(21,20,178,'Premium Subscription','','Premium Subscription',1,'9.99','9.99',0,'a:2:{s:9:\"shippable\";s:1:\"1\";s:6:\"module\";s:10:\"uc_product\";}'),(22,21,178,'Premium Subscription','','Premium Subscription',1,'9.99','9.99',0,'a:2:{s:9:\"shippable\";s:1:\"1\";s:6:\"module\";s:10:\"uc_product\";}'),(23,22,178,'Premium Subscription','','Premium Subscription',1,'9.99','9.99',0,'a:2:{s:9:\"shippable\";s:1:\"1\";s:6:\"module\";s:10:\"uc_product\";}'),(24,23,178,'Premium Subscription','','Premium Subscription',1,'9.99','9.99',0,'a:2:{s:9:\"shippable\";s:1:\"1\";s:6:\"module\";s:10:\"uc_product\";}'),(25,24,181,'123','','123',3,'0.00','123.00',1,'a:2:{s:9:\"shippable\";s:1:\"1\";s:6:\"module\";s:10:\"uc_product\";}'),(26,24,178,'Premium Subscription','','Premium Subscription',6,'9.99','9.99',0,'a:2:{s:9:\"shippable\";s:1:\"1\";s:6:\"module\";s:10:\"uc_product\";}'),(27,25,178,'Premium Subscription','','Premium Subscription',1,'9.99','9.99',0,'a:2:{s:9:\"shippable\";s:1:\"1\";s:6:\"module\";s:10:\"uc_product\";}'),(28,26,178,'Premium Subscription','','Premium Subscription',1,'9.99','9.99',0,'a:2:{s:9:\"shippable\";s:1:\"1\";s:6:\"module\";s:10:\"uc_product\";}'),(29,27,178,'Premium Subscription','','Premium Subscription',1,'9.99','9.99',0,'a:2:{s:9:\"shippable\";s:1:\"1\";s:6:\"module\";s:10:\"uc_product\";}'),(30,28,178,'Premium Subscription','','Premium Subscription',1,'9.99','9.99',0,'a:2:{s:9:\"shippable\";s:1:\"1\";s:6:\"module\";s:10:\"uc_product\";}'),(31,29,178,'Premium Subscription','','Premium Subscription',1,'9.99','9.99',0,'a:2:{s:9:\"shippable\";s:1:\"1\";s:6:\"module\";s:10:\"uc_product\";}'),(32,30,178,'Premium Subscription','','Premium Subscription',1,'9.99','9.99',0,'a:2:{s:9:\"shippable\";s:1:\"1\";s:6:\"module\";s:10:\"uc_product\";}'),(33,31,178,'Premium Subscription','','Premium Subscription',2,'9.99','9.99',0,'a:2:{s:9:\"shippable\";s:1:\"1\";s:6:\"module\";s:10:\"uc_product\";}'),(34,32,178,'Premium Subscription','','Premium Subscription',2,'9.99','9.99',0,'a:2:{s:9:\"shippable\";s:1:\"1\";s:6:\"module\";s:10:\"uc_product\";}'),(35,33,178,'Premium Subscription','','Premium Subscription',1,'9.99','9.99',0,'a:2:{s:9:\"shippable\";s:1:\"1\";s:6:\"module\";s:10:\"uc_product\";}'),(36,34,178,'Premium Subscription','','Premium Subscription',1,'9.99','9.99',0,'a:2:{s:9:\"shippable\";s:1:\"1\";s:6:\"module\";s:10:\"uc_product\";}'),(37,35,178,'Premium Subscription','','Premium Subscription',1,'9.99','9.99',0,'a:2:{s:9:\"shippable\";s:1:\"1\";s:6:\"module\";s:10:\"uc_product\";}'),(38,36,178,'Premium Subscription','','Premium Subscription',1,'9.99','9.99',0,'a:2:{s:9:\"shippable\";s:1:\"1\";s:6:\"module\";s:10:\"uc_product\";}'),(39,37,178,'Premium Subscription','','Premium Subscription',1,'9.99','9.99',0,'a:2:{s:9:\"shippable\";s:1:\"1\";s:6:\"module\";s:10:\"uc_product\";}'),(40,38,178,'Premium Subscription','','Premium Subscription',1,'9.99','9.99',0,'a:2:{s:9:\"shippable\";s:1:\"1\";s:6:\"module\";s:10:\"uc_product\";}'),(41,39,178,'Premium Subscription','','Premium Subscription',1,'9.99','9.99',0,'a:2:{s:9:\"shippable\";s:1:\"1\";s:6:\"module\";s:10:\"uc_product\";}'),(42,40,178,'Premium Subscription','','Premium Subscription',1,'9.99','9.99',0,'a:2:{s:9:\"shippable\";s:1:\"1\";s:6:\"module\";s:10:\"uc_product\";}'),(43,41,178,'Premium Subscription','','Premium Subscription',1,'9.99','9.99',0,'a:2:{s:9:\"shippable\";s:1:\"1\";s:6:\"module\";s:10:\"uc_product\";}'),(44,42,178,'Premium Subscription','','Premium Subscription',2,'9.99','9.99',0,'a:2:{s:9:\"shippable\";s:1:\"1\";s:6:\"module\";s:10:\"uc_product\";}'),(45,43,178,'Premium Subscription','','Premium Subscription',1,'9.99','9.99',0,'a:2:{s:9:\"shippable\";s:1:\"1\";s:6:\"module\";s:10:\"uc_product\";}'),(46,44,178,'Premium Subscription','','Premium Subscription',1,'9.99','9.99',0,'a:2:{s:9:\"shippable\";s:1:\"1\";s:6:\"module\";s:10:\"uc_product\";}'),(47,45,178,'Premium Subscription','','Premium Subscription',2,'9.99','9.99',0,'a:2:{s:9:\"shippable\";s:1:\"1\";s:6:\"module\";s:10:\"uc_product\";}'),(48,46,178,'Premium Subscription','','Premium Subscription',2,'9.99','9.99',0,'a:2:{s:9:\"shippable\";s:1:\"1\";s:6:\"module\";s:10:\"uc_product\";}'),(49,47,178,'Premium Subscription','','Premium Subscription',2,'9.99','9.99',0,'a:2:{s:9:\"shippable\";s:1:\"1\";s:6:\"module\";s:10:\"uc_product\";}'),(50,48,178,'Premium Subscription','','Premium Subscription',2,'9.99','9.99',0,'a:2:{s:9:\"shippable\";s:1:\"1\";s:6:\"module\";s:10:\"uc_product\";}'),(51,50,178,'Premium Subscription','','Premium Subscription',1,'9.99','9.99',0,'a:2:{s:9:\"shippable\";s:1:\"1\";s:6:\"module\";s:10:\"uc_product\";}'),(52,52,178,'Premium Subscription','','Premium Subscription',2,'9.99','9.99',0,'a:2:{s:9:\"shippable\";s:1:\"1\";s:6:\"module\";s:10:\"uc_product\";}'),(53,53,178,'Premium Subscription','','Premium Subscription',2,'9.99','9.99',0,'a:2:{s:9:\"shippable\";s:1:\"1\";s:6:\"module\";s:10:\"uc_product\";}'),(54,54,176,'Joint Pain Comfort Membership','','JPM',1,'0.00','100.00',0,'a:2:{s:9:\"shippable\";s:1:\"0\";s:6:\"module\";s:10:\"uc_product\";}'),(55,55,176,'Joint Pain Comfort Membership','','JPM',3,'0.00','100.00',0,'a:2:{s:9:\"shippable\";s:1:\"0\";s:6:\"module\";s:10:\"uc_product\";}'),(56,56,176,'Joint Pain Comfort Membership','','JPM',1,'0.00','100.00',0,'a:2:{s:9:\"shippable\";s:1:\"0\";s:6:\"module\";s:10:\"uc_product\";}'),(57,57,176,'Joint Pain Comfort Membership','','JPM',1,'0.00','19.97',0,'a:2:{s:9:\"shippable\";s:1:\"0\";s:6:\"module\";s:10:\"uc_product\";}'),(58,58,176,'Joint Pain Comfort Membership','','JPM',1,'0.00','19.97',0,'a:2:{s:9:\"shippable\";s:1:\"0\";s:6:\"module\";s:10:\"uc_product\";}'),(59,59,182,'Joint Pain Comfort Membership','','JPM',1,'0.00','19.97',0,'a:2:{s:9:\"shippable\";s:1:\"0\";s:6:\"module\";s:10:\"uc_product\";}'),(60,60,182,'Joint Pain Comfort Membership','','JPM',1,'0.00','19.97',0,'a:2:{s:9:\"shippable\";s:1:\"0\";s:6:\"module\";s:10:\"uc_product\";}'),(61,61,182,'Joint Pain Comfort Membership','','JPM',1,'0.00','19.97',0,'a:2:{s:9:\"shippable\";s:1:\"0\";s:6:\"module\";s:10:\"uc_product\";}'),(62,62,183,'Joint Pain Comfort Membership','','JPM',1,'19.97','19.97',0,'a:2:{s:9:\"shippable\";s:1:\"0\";s:6:\"module\";s:10:\"uc_product\";}'),(63,63,183,'Joint Pain Comfort Membership','','JPM',1,'19.97','19.97',0,'a:2:{s:9:\"shippable\";s:1:\"0\";s:6:\"module\";s:10:\"uc_product\";}'),(64,64,183,'Joint Pain Comfort Membership','','JPM',1,'19.97','19.97',0,'a:2:{s:9:\"shippable\";s:1:\"0\";s:6:\"module\";s:10:\"uc_product\";}'),(65,65,183,'Joint Pain Comfort Membership','','JPM',1,'19.97','19.97',0,'a:2:{s:9:\"shippable\";s:1:\"0\";s:6:\"module\";s:10:\"uc_product\";}'),(66,66,183,'Joint Pain Comfort Membership','','JPM',1,'19.97','19.97',0,'a:2:{s:9:\"shippable\";s:1:\"0\";s:6:\"module\";s:10:\"uc_product\";}'),(68,67,183,'Joint Pain Comfort Membership','','JPM',1,'19.97','19.97',0,'a:2:{s:9:\"shippable\";s:1:\"0\";s:6:\"module\";s:10:\"uc_product\";}'),(69,68,183,'Joint Pain Comfort Membership','','JPM',1,'19.97','19.97',0,'a:2:{s:9:\"shippable\";s:1:\"0\";s:6:\"module\";s:10:\"uc_product\";}'),(70,69,183,'Joint Pain Comfort Membership','','JPM',1,'19.97','19.97',0,'a:2:{s:9:\"shippable\";s:1:\"0\";s:6:\"module\";s:10:\"uc_product\";}'),(71,70,183,'Joint Pain Comfort Membership','','JPM',7,'19.97','19.97',0,'a:2:{s:9:\"shippable\";s:1:\"0\";s:6:\"module\";s:10:\"uc_product\";}'),(72,71,183,'Joint Pain Comfort Membership','','JPM',1,'19.97','19.97',0,'a:2:{s:9:\"shippable\";s:1:\"0\";s:6:\"module\";s:10:\"uc_product\";}'),(73,72,183,'Joint Pain Comfort Membership','','JPM',1,'19.97','19.97',0,'a:2:{s:9:\"shippable\";s:1:\"0\";s:6:\"module\";s:10:\"uc_product\";}'),(74,73,183,'Joint Pain Comfort Membership','','JPM',4,'19.97','19.97',0,'a:2:{s:9:\"shippable\";s:1:\"0\";s:6:\"module\";s:10:\"uc_product\";}'),(75,74,183,'Joint Pain Comfort Membership','','JPM',1,'19.97','19.97',0,'a:2:{s:9:\"shippable\";s:1:\"0\";s:6:\"module\";s:10:\"uc_product\";}'),(76,75,183,'Joint Pain Comfort Membership','','JPM',1,'19.97','19.97',0,'a:2:{s:9:\"shippable\";s:1:\"0\";s:6:\"module\";s:10:\"uc_product\";}'),(77,76,183,'Joint Pain Comfort Membership','','JPM',1,'19.97','19.97',0,'a:2:{s:9:\"shippable\";s:1:\"0\";s:6:\"module\";s:10:\"uc_product\";}'),(79,77,183,'Joint Pain Comfort Membership','','JPM',5,'19.97','19.97',0,'a:2:{s:9:\"shippable\";s:1:\"0\";s:6:\"module\";s:10:\"uc_product\";}'),(80,78,183,'Joint Pain Comfort Membership','','JPM',1,'19.97','19.97',0,'a:2:{s:9:\"shippable\";s:1:\"0\";s:6:\"module\";s:10:\"uc_product\";}'),(81,79,183,'Joint Pain Comfort Membership','','JPM',1,'19.97','19.97',0,'a:2:{s:9:\"shippable\";s:1:\"0\";s:6:\"module\";s:10:\"uc_product\";}'),(82,80,183,'Joint Pain Comfort Membership','','JPM',2,'19.97','19.97',0,'a:2:{s:9:\"shippable\";s:1:\"0\";s:6:\"module\";s:10:\"uc_product\";}'),(83,81,183,'Joint Pain Comfort Membership','','JPM',1,'19.97','19.97',0,'a:2:{s:9:\"shippable\";s:1:\"0\";s:6:\"module\";s:10:\"uc_product\";}'),(84,82,183,'Joint Pain Comfort Membership','','JPM',1,'19.97','19.97',0,'a:2:{s:9:\"shippable\";s:1:\"0\";s:6:\"module\";s:10:\"uc_product\";}'),(85,83,183,'Joint Pain Comfort Membership','','JPM',1,'19.97','19.97',0,'a:2:{s:9:\"shippable\";s:1:\"0\";s:6:\"module\";s:10:\"uc_product\";}'),(86,84,183,'Joint Pain Comfort Membership','','JPM',1,'19.97','19.97',0,'a:2:{s:9:\"shippable\";s:1:\"0\";s:6:\"module\";s:10:\"uc_product\";}'),(87,85,183,'Joint Pain Comfort Membership','','JPM',2,'19.97','19.97',0,'a:2:{s:9:\"shippable\";s:1:\"0\";s:6:\"module\";s:10:\"uc_product\";}'),(88,86,183,'Joint Pain Comfort Membership','','JPM',1,'19.97','19.97',0,'a:2:{s:9:\"shippable\";s:1:\"0\";s:6:\"module\";s:10:\"uc_product\";}'),(89,87,183,'Joint Pain Comfort Membership','','JPM',1,'19.97','19.97',0,'a:2:{s:9:\"shippable\";s:1:\"0\";s:6:\"module\";s:10:\"uc_product\";}'),(90,88,183,'Joint Pain Comfort Membership','','JPM',1,'19.97','19.97',0,'a:2:{s:9:\"shippable\";s:1:\"0\";s:6:\"module\";s:10:\"uc_product\";}'),(91,89,183,'Joint Pain Comfort Membership','','JPM',1,'19.97','19.97',0,'a:2:{s:9:\"shippable\";s:1:\"0\";s:6:\"module\";s:10:\"uc_product\";}'),(92,90,183,'Joint Pain Comfort Membership','','JPM',1,'19.97','19.97',0,'a:2:{s:9:\"shippable\";s:1:\"0\";s:6:\"module\";s:10:\"uc_product\";}'),(93,91,183,'Joint Pain Comfort Membership','','JPM',1,'19.97','19.97',0,'a:2:{s:9:\"shippable\";s:1:\"0\";s:6:\"module\";s:10:\"uc_product\";}'),(94,92,183,'Joint Pain Comfort Membership','','JPM',1,'19.97','19.97',0,'a:2:{s:9:\"shippable\";s:1:\"0\";s:6:\"module\";s:10:\"uc_product\";}'),(96,93,183,'Joint Pain Comfort Membership','','JPM',1,'19.97','19.97',0,'a:2:{s:9:\"shippable\";s:1:\"0\";s:6:\"module\";s:10:\"uc_product\";}'),(97,94,183,'Joint Pain Comfort Membership','','JPM',1,'19.97','19.97',0,'a:2:{s:9:\"shippable\";s:1:\"0\";s:6:\"module\";s:10:\"uc_product\";}'),(98,95,183,'Joint Pain Comfort Membership','','JPM',1,'19.97','19.97',0,'a:2:{s:9:\"shippable\";s:1:\"0\";s:6:\"module\";s:10:\"uc_product\";}'),(102,96,183,'Joint Pain Comfort Membership','','JPM',1,'19.97','19.97',0,'a:2:{s:9:\"shippable\";s:1:\"0\";s:6:\"module\";s:10:\"uc_product\";}'),(103,97,183,'Joint Pain Comfort Membership','','JPM',1,'19.97','19.97',0,'a:2:{s:9:\"shippable\";s:1:\"0\";s:6:\"module\";s:10:\"uc_product\";}'),(104,98,183,'Joint Pain Comfort Membership','','JPM',1,'19.97','19.97',0,'a:2:{s:9:\"shippable\";s:1:\"0\";s:6:\"module\";s:10:\"uc_product\";}'),(105,99,183,'Joint Pain Comfort Membership','','JPM',1,'19.97','19.97',0,'a:2:{s:9:\"shippable\";s:1:\"0\";s:6:\"module\";s:10:\"uc_product\";}'),(106,100,183,'Joint Pain Comfort Membership','','JPM',1,'19.97','19.97',0,'a:2:{s:9:\"shippable\";s:1:\"0\";s:6:\"module\";s:10:\"uc_product\";}'),(107,101,183,'Joint Pain Comfort Membership','','JPM',1,'19.97','19.97',0,'a:2:{s:9:\"shippable\";s:1:\"0\";s:6:\"module\";s:10:\"uc_product\";}'),(108,102,183,'Joint Pain Comfort Membership','','JPM',1,'19.97','19.97',0,'a:2:{s:9:\"shippable\";s:1:\"0\";s:6:\"module\";s:10:\"uc_product\";}'),(109,103,183,'Joint Pain Comfort Membership','','JPM',1,'19.97','19.97',0,'a:2:{s:9:\"shippable\";s:1:\"0\";s:6:\"module\";s:10:\"uc_product\";}'),(110,104,183,'Joint Pain Comfort Membership','','JPM',1,'19.97','19.97',0,'a:2:{s:9:\"shippable\";s:1:\"0\";s:6:\"module\";s:10:\"uc_product\";}'),(113,105,183,'Joint Pain Comfort Membership','','JPM',1,'19.97','19.97',0,'a:2:{s:9:\"shippable\";s:1:\"0\";s:6:\"module\";s:10:\"uc_product\";}'),(115,106,183,'Joint Pain Comfort Membership','','JPM',1,'19.97','19.97',0,'a:2:{s:9:\"shippable\";s:1:\"0\";s:6:\"module\";s:10:\"uc_product\";}'),(116,107,183,'Joint Pain Comfort Membership','','JPM',1,'19.97','19.97',0,'a:2:{s:9:\"shippable\";s:1:\"0\";s:6:\"module\";s:10:\"uc_product\";}'),(117,108,183,'Joint Pain Comfort Membership','','JPM',1,'19.97','19.97',0,'a:2:{s:9:\"shippable\";s:1:\"0\";s:6:\"module\";s:10:\"uc_product\";}'),(118,109,183,'Joint Pain Comfort Membership','','JPM',1,'19.97','19.97',0,'a:2:{s:9:\"shippable\";s:1:\"0\";s:6:\"module\";s:10:\"uc_product\";}'),(119,110,183,'Joint Pain Comfort Membership','','JPM',1,'19.97','19.97',0,'a:2:{s:9:\"shippable\";s:1:\"0\";s:6:\"module\";s:10:\"uc_product\";}'),(120,111,183,'Joint Pain Comfort Membership','','JPM',1,'19.97','19.97',0,'a:2:{s:9:\"shippable\";s:1:\"0\";s:6:\"module\";s:10:\"uc_product\";}'),(121,112,183,'Joint Pain Comfort Membership','','JPM',1,'19.97','19.97',0,'a:2:{s:9:\"shippable\";s:1:\"0\";s:6:\"module\";s:10:\"uc_product\";}'),(122,113,183,'Joint Pain Comfort Membership','','JPM',1,'19.97','19.97',0,'a:2:{s:9:\"shippable\";s:1:\"0\";s:6:\"module\";s:10:\"uc_product\";}'),(123,114,183,'Joint Pain Comfort Membership','','JPM',1,'19.97','19.97',0,'a:2:{s:9:\"shippable\";s:1:\"0\";s:6:\"module\";s:10:\"uc_product\";}'),(124,115,183,'Joint Pain Comfort Membership','','JPM',1,'19.97','19.97',0,'a:2:{s:9:\"shippable\";s:1:\"0\";s:6:\"module\";s:10:\"uc_product\";}'),(126,116,183,'Joint Pain Comfort Membership','','JPM',1,'19.97','19.97',0,'a:2:{s:9:\"shippable\";s:1:\"0\";s:6:\"module\";s:10:\"uc_product\";}'),(127,117,183,'Joint Pain Comfort Membership','','JPM',1,'19.97','19.97',0,'a:2:{s:9:\"shippable\";s:1:\"0\";s:6:\"module\";s:10:\"uc_product\";}'),(128,118,183,'Joint Pain Comfort Membership','','JPM',1,'19.97','19.97',0,'a:2:{s:9:\"shippable\";s:1:\"0\";s:6:\"module\";s:10:\"uc_product\";}'),(129,119,183,'Joint Pain Comfort Membership','','JPM',1,'19.97','19.97',0,'a:2:{s:9:\"shippable\";s:1:\"0\";s:6:\"module\";s:10:\"uc_product\";}'),(130,120,183,'Joint Pain Comfort Membership','','JPM',1,'19.97','19.97',0,'a:2:{s:9:\"shippable\";s:1:\"0\";s:6:\"module\";s:10:\"uc_product\";}'),(131,121,183,'Joint Pain Comfort Membership','','JPM',1,'19.97','19.97',0,'a:2:{s:9:\"shippable\";s:1:\"0\";s:6:\"module\";s:10:\"uc_product\";}'),(132,122,183,'Joint Pain Comfort Membership','','JPM',1,'19.97','19.97',0,'a:2:{s:9:\"shippable\";s:1:\"0\";s:6:\"module\";s:10:\"uc_product\";}'),(133,123,183,'Joint Pain Comfort Membership','','JPM',1,'19.97','19.97',0,'a:2:{s:9:\"shippable\";s:1:\"0\";s:6:\"module\";s:10:\"uc_product\";}'),(135,124,183,'Joint Pain Comfort Membership','','JPM',1,'19.97','19.97',0,'a:2:{s:9:\"shippable\";s:1:\"0\";s:6:\"module\";s:10:\"uc_product\";}'),(136,125,183,'Joint Pain Comfort Membership','','JPM',1,'19.97','19.97',0,'a:2:{s:9:\"shippable\";s:1:\"0\";s:6:\"module\";s:10:\"uc_product\";}'),(137,126,183,'Joint Pain Comfort Membership','','JPM',1,'19.97','19.97',0,'a:2:{s:9:\"shippable\";s:1:\"0\";s:6:\"module\";s:10:\"uc_product\";}'),(138,127,183,'Joint Pain Comfort Membership','','JPM',1,'19.97','19.97',0,'a:2:{s:9:\"shippable\";s:1:\"0\";s:6:\"module\";s:10:\"uc_product\";}'),(139,128,183,'Joint Pain Comfort Membership','','JPM',1,'19.97','19.97',0,'a:2:{s:9:\"shippable\";s:1:\"0\";s:6:\"module\";s:10:\"uc_product\";}'),(141,129,183,'Joint Pain Comfort Membership','','JPM',1,'19.97','19.97',0,'a:2:{s:9:\"shippable\";s:1:\"0\";s:6:\"module\";s:10:\"uc_product\";}'),(142,130,183,'Joint Pain Comfort Membership','','JPM',1,'19.97','19.97',0,'a:2:{s:9:\"shippable\";s:1:\"0\";s:6:\"module\";s:10:\"uc_product\";}'),(143,131,183,'Joint Pain Comfort Membership','','JPM',1,'19.97','19.97',0,'a:2:{s:9:\"shippable\";s:1:\"0\";s:6:\"module\";s:10:\"uc_product\";}'),(144,132,183,'Joint Pain Comfort Membership','','JPM',1,'19.97','19.97',0,'a:2:{s:9:\"shippable\";s:1:\"0\";s:6:\"module\";s:10:\"uc_product\";}'),(145,133,183,'Joint Pain Comfort Membership','','JPM',1,'19.97','19.97',0,'a:2:{s:9:\"shippable\";s:1:\"0\";s:6:\"module\";s:10:\"uc_product\";}'),(146,134,183,'Joint Pain Comfort Membership','','JPM',1,'19.97','19.97',0,'a:2:{s:9:\"shippable\";s:1:\"0\";s:6:\"module\";s:10:\"uc_product\";}'),(148,135,183,'Joint Pain Comfort Membership','','JPM',1,'19.97','19.97',0,'a:2:{s:9:\"shippable\";s:1:\"0\";s:6:\"module\";s:10:\"uc_product\";}'),(149,136,183,'Joint Pain Comfort Membership','','JPM',1,'19.97','19.97',0,'a:2:{s:9:\"shippable\";s:1:\"0\";s:6:\"module\";s:10:\"uc_product\";}'),(150,137,183,'Joint Pain Comfort Membership','','JPM',1,'19.97','19.97',0,'a:2:{s:9:\"shippable\";s:1:\"0\";s:6:\"module\";s:10:\"uc_product\";}'),(152,138,183,'Joint Pain Comfort Membership','','JPM',1,'19.97','19.97',0,'a:2:{s:9:\"shippable\";s:1:\"0\";s:6:\"module\";s:10:\"uc_product\";}'),(153,139,183,'Joint Pain Comfort Membership','','JPM',1,'19.97','19.97',0,'a:2:{s:9:\"shippable\";s:1:\"0\";s:6:\"module\";s:10:\"uc_product\";}'),(154,140,183,'Joint Pain Comfort Membership','','JPM',1,'19.97','19.97',0,'a:2:{s:9:\"shippable\";s:1:\"0\";s:6:\"module\";s:10:\"uc_product\";}'),(155,141,183,'Joint Pain Comfort Membership','','JPM',1,'19.97','19.97',0,'a:2:{s:9:\"shippable\";s:1:\"0\";s:6:\"module\";s:10:\"uc_product\";}'),(156,142,183,'Joint Pain Comfort Membership','','JPM',1,'19.97','19.97',0,'a:2:{s:9:\"shippable\";s:1:\"0\";s:6:\"module\";s:10:\"uc_product\";}'),(158,143,183,'Joint Pain Comfort Membership','','JPM',1,'19.97','19.97',0,'a:2:{s:9:\"shippable\";s:1:\"0\";s:6:\"module\";s:10:\"uc_product\";}'),(159,144,183,'Joint Pain Comfort Membership','','JPM',1,'19.97','19.97',0,'a:2:{s:9:\"shippable\";s:1:\"0\";s:6:\"module\";s:10:\"uc_product\";}'),(161,145,183,'Joint Pain Comfort Membership','','JPM',1,'19.97','19.97',0,'a:2:{s:9:\"shippable\";s:1:\"0\";s:6:\"module\";s:10:\"uc_product\";}'),(162,146,183,'Joint Pain Comfort Membership','','JPM',1,'19.97','19.97',0,'a:2:{s:9:\"shippable\";s:1:\"0\";s:6:\"module\";s:10:\"uc_product\";}'),(163,147,183,'Joint Pain Comfort Membership','','JPM',1,'19.97','19.97',0,'a:2:{s:9:\"shippable\";s:1:\"0\";s:6:\"module\";s:10:\"uc_product\";}'),(164,148,183,'Joint Pain Comfort Membership','','JPM',1,'19.97','19.97',0,'a:2:{s:9:\"shippable\";s:1:\"0\";s:6:\"module\";s:10:\"uc_product\";}'),(165,149,183,'Joint Pain Comfort Membership','','JPM',1,'19.97','19.97',0,'a:2:{s:9:\"shippable\";s:1:\"0\";s:6:\"module\";s:10:\"uc_product\";}'),(166,150,183,'Joint Pain Comfort Membership','','JPM',1,'19.97','19.97',0,'a:2:{s:9:\"shippable\";s:1:\"0\";s:6:\"module\";s:10:\"uc_product\";}'),(167,151,183,'Joint Pain Comfort Membership','','JPM',1,'19.97','19.97',0,'a:2:{s:9:\"shippable\";s:1:\"0\";s:6:\"module\";s:10:\"uc_product\";}'),(168,152,183,'Joint Pain Comfort Membership','','JPM',1,'19.97','19.97',0,'a:2:{s:9:\"shippable\";s:1:\"0\";s:6:\"module\";s:10:\"uc_product\";}'),(169,153,183,'Joint Pain Comfort Membership','','JPM',1,'19.97','19.97',0,'a:2:{s:9:\"shippable\";s:1:\"0\";s:6:\"module\";s:10:\"uc_product\";}'),(171,154,183,'Joint Pain Comfort Membership','','JPM',1,'19.97','19.97',0,'a:2:{s:9:\"shippable\";s:1:\"0\";s:6:\"module\";s:10:\"uc_product\";}'),(173,155,183,'Joint Pain Comfort Membership','','JPM',1,'19.97','19.97',0,'a:2:{s:9:\"shippable\";s:1:\"0\";s:6:\"module\";s:10:\"uc_product\";}'),(174,156,183,'Joint Pain Comfort Membership','','JPM',1,'19.97','19.97',0,'a:2:{s:9:\"shippable\";s:1:\"0\";s:6:\"module\";s:10:\"uc_product\";}'),(176,157,183,'Joint Pain Comfort Membership','','JPM',1,'19.97','19.97',0,'a:2:{s:9:\"shippable\";s:1:\"0\";s:6:\"module\";s:10:\"uc_product\";}'),(178,158,183,'Joint Pain Comfort Membership','','JPM',1,'19.97','19.97',0,'a:2:{s:9:\"shippable\";s:1:\"0\";s:6:\"module\";s:10:\"uc_product\";}'),(179,159,183,'Joint Pain Comfort Membership','','JPM',1,'19.97','19.97',0,'a:2:{s:9:\"shippable\";s:1:\"0\";s:6:\"module\";s:10:\"uc_product\";}'),(180,160,183,'Joint Pain Comfort Membership','','JPM',1,'19.97','19.97',0,'a:2:{s:9:\"shippable\";s:1:\"0\";s:6:\"module\";s:10:\"uc_product\";}'),(181,161,183,'Joint Pain Comfort Membership','','JPM',1,'19.97','19.97',0,'a:2:{s:9:\"shippable\";s:1:\"0\";s:6:\"module\";s:10:\"uc_product\";}'),(182,162,183,'Joint Pain Comfort Membership','','JPM',1,'19.97','19.97',0,'a:2:{s:9:\"shippable\";s:1:\"0\";s:6:\"module\";s:10:\"uc_product\";}'),(183,163,183,'Joint Pain Comfort Membership','','JPM',1,'19.97','19.97',0,'a:2:{s:9:\"shippable\";s:1:\"0\";s:6:\"module\";s:10:\"uc_product\";}'),(185,164,183,'Joint Pain Comfort Membership','','JPM',1,'19.97','19.97',0,'a:2:{s:9:\"shippable\";s:1:\"0\";s:6:\"module\";s:10:\"uc_product\";}'),(187,165,183,'Joint Pain Comfort Membership','','JPM',1,'19.97','19.97',0,'a:2:{s:9:\"shippable\";s:1:\"0\";s:6:\"module\";s:10:\"uc_product\";}'),(188,166,183,'Joint Pain Comfort Membership','','JPM',1,'19.97','19.97',0,'a:2:{s:9:\"shippable\";s:1:\"0\";s:6:\"module\";s:10:\"uc_product\";}'),(191,167,183,'Joint Pain Comfort Membership','','JPM',1,'19.97','19.97',0,'a:2:{s:9:\"shippable\";s:1:\"0\";s:6:\"module\";s:10:\"uc_product\";}'),(192,168,183,'Joint Pain Comfort Membership','','JPM',1,'19.97','19.97',0,'a:2:{s:9:\"shippable\";s:1:\"0\";s:6:\"module\";s:10:\"uc_product\";}'),(194,169,183,'Joint Pain Comfort Membership','','JPM',1,'19.97','19.97',0,'a:2:{s:9:\"shippable\";s:1:\"0\";s:6:\"module\";s:10:\"uc_product\";}'),(196,170,183,'Joint Pain Comfort Membership','','JPM',1,'19.97','19.97',0,'a:2:{s:9:\"shippable\";s:1:\"0\";s:6:\"module\";s:10:\"uc_product\";}'),(197,171,183,'Joint Pain Comfort Membership','','JPM',1,'19.97','19.97',0,'a:2:{s:9:\"shippable\";s:1:\"0\";s:6:\"module\";s:10:\"uc_product\";}'),(198,172,183,'Joint Pain Comfort Membership','','JPM',1,'19.97','19.97',0,'a:2:{s:9:\"shippable\";s:1:\"0\";s:6:\"module\";s:10:\"uc_product\";}'),(199,173,183,'Joint Pain Comfort Membership','','JPM',1,'19.97','19.97',0,'a:2:{s:9:\"shippable\";s:1:\"0\";s:6:\"module\";s:10:\"uc_product\";}'),(200,174,183,'Joint Pain Comfort Membership','','JPM',1,'19.97','19.97',0,'a:2:{s:9:\"shippable\";s:1:\"0\";s:6:\"module\";s:10:\"uc_product\";}'),(201,175,183,'Joint Pain Comfort Membership','','JPM',1,'19.97','19.97',0,'a:2:{s:9:\"shippable\";s:1:\"0\";s:6:\"module\";s:10:\"uc_product\";}'),(202,176,183,'Joint Pain Comfort Membership','','JPM',1,'19.97','19.97',0,'a:2:{s:9:\"shippable\";s:1:\"0\";s:6:\"module\";s:10:\"uc_product\";}'),(203,177,183,'Joint Pain Comfort Membership','','JPM',1,'19.97','19.97',0,'a:2:{s:9:\"shippable\";s:1:\"0\";s:6:\"module\";s:10:\"uc_product\";}'),(204,178,183,'Joint Pain Comfort Membership','','JPM',1,'19.97','19.97',0,'a:2:{s:9:\"shippable\";s:1:\"0\";s:6:\"module\";s:10:\"uc_product\";}'),(205,179,183,'Joint Pain Comfort Membership','','JPM',1,'19.97','19.97',0,'a:2:{s:9:\"shippable\";s:1:\"0\";s:6:\"module\";s:10:\"uc_product\";}'),(206,180,183,'Joint Pain Comfort Membership','','JPM',1,'19.97','19.97',0,'a:2:{s:9:\"shippable\";s:1:\"0\";s:6:\"module\";s:10:\"uc_product\";}'),(207,181,183,'Joint Pain Comfort Membership','','JPM',1,'19.97','19.97',0,'a:2:{s:9:\"shippable\";s:1:\"0\";s:6:\"module\";s:10:\"uc_product\";}'),(208,182,183,'Joint Pain Comfort Membership','','JPM',1,'19.97','19.97',0,'a:2:{s:9:\"shippable\";s:1:\"0\";s:6:\"module\";s:10:\"uc_product\";}'),(209,183,183,'Joint Pain Comfort Membership','','JPM',1,'19.97','19.97',0,'a:2:{s:9:\"shippable\";s:1:\"0\";s:6:\"module\";s:10:\"uc_product\";}'),(213,184,183,'Joint Pain Comfort Membership','','JPM',1,'19.97','19.97',0,'a:2:{s:9:\"shippable\";s:1:\"0\";s:6:\"module\";s:10:\"uc_product\";}'),(214,185,183,'Joint Pain Comfort Membership','','JPM',1,'19.97','19.97',0,'a:2:{s:9:\"shippable\";s:1:\"0\";s:6:\"module\";s:10:\"uc_product\";}'),(216,186,183,'Joint Pain Comfort Membership','','JPM',1,'19.97','19.97',0,'a:2:{s:9:\"shippable\";s:1:\"0\";s:6:\"module\";s:10:\"uc_product\";}'),(221,187,183,'Joint Pain Comfort Membership','','JPM',1,'19.97','19.97',0,'a:2:{s:9:\"shippable\";s:1:\"0\";s:6:\"module\";s:10:\"uc_product\";}'),(222,188,183,'Joint Pain Comfort Membership','','JPM',1,'19.97','19.97',0,'a:2:{s:9:\"shippable\";s:1:\"0\";s:6:\"module\";s:10:\"uc_product\";}'),(223,189,183,'Joint Pain Comfort Membership','','JPM',1,'19.97','19.97',0,'a:2:{s:9:\"shippable\";s:1:\"0\";s:6:\"module\";s:10:\"uc_product\";}'),(224,190,183,'Joint Pain Comfort Membership','','JPM',1,'19.97','19.97',0,'a:2:{s:9:\"shippable\";s:1:\"0\";s:6:\"module\";s:10:\"uc_product\";}'),(225,191,183,'Joint Pain Comfort Membership','','JPM',1,'19.97','19.97',0,'a:2:{s:9:\"shippable\";s:1:\"0\";s:6:\"module\";s:10:\"uc_product\";}'),(226,192,183,'Joint Pain Comfort Membership','','JPM',1,'19.97','19.97',0,'a:2:{s:9:\"shippable\";s:1:\"0\";s:6:\"module\";s:10:\"uc_product\";}'),(228,193,183,'Joint Pain Comfort Membership','','JPM',1,'19.97','19.97',0,'a:2:{s:9:\"shippable\";s:1:\"0\";s:6:\"module\";s:10:\"uc_product\";}'),(230,194,183,'Joint Pain Comfort Membership','','JPM',1,'19.97','19.97',0,'a:2:{s:9:\"shippable\";s:1:\"0\";s:6:\"module\";s:10:\"uc_product\";}'),(231,195,183,'Joint Pain Comfort Membership','','JPM',1,'19.97','19.97',0,'a:2:{s:9:\"shippable\";s:1:\"0\";s:6:\"module\";s:10:\"uc_product\";}'),(233,196,183,'Joint Pain Comfort Membership','','JPM',1,'19.97','19.97',0,'a:2:{s:9:\"shippable\";s:1:\"0\";s:6:\"module\";s:10:\"uc_product\";}'),(235,197,183,'Joint Pain Comfort Membership','','JPM',1,'19.97','19.97',0,'a:2:{s:9:\"shippable\";s:1:\"0\";s:6:\"module\";s:10:\"uc_product\";}'),(236,198,183,'Joint Pain Comfort Membership','','JPM',1,'19.97','19.97',0,'a:2:{s:9:\"shippable\";s:1:\"0\";s:6:\"module\";s:10:\"uc_product\";}'),(237,199,183,'Joint Pain Comfort Membership','','JPM',1,'19.97','19.97',0,'a:2:{s:9:\"shippable\";s:1:\"0\";s:6:\"module\";s:10:\"uc_product\";}'),(238,200,183,'Joint Pain Comfort Membership','','JPM',1,'19.97','19.97',0,'a:2:{s:9:\"shippable\";s:1:\"0\";s:6:\"module\";s:10:\"uc_product\";}'),(240,201,183,'Joint Pain Comfort Membership','','JPM',1,'19.97','19.97',0,'a:2:{s:9:\"shippable\";s:1:\"0\";s:6:\"module\";s:10:\"uc_product\";}'),(241,202,183,'Joint Pain Comfort Membership','','JPM',1,'19.97','19.97',0,'a:2:{s:9:\"shippable\";s:1:\"0\";s:6:\"module\";s:10:\"uc_product\";}'),(243,203,183,'Joint Pain Comfort Membership','','JPM',1,'19.97','19.97',0,'a:2:{s:9:\"shippable\";s:1:\"0\";s:6:\"module\";s:10:\"uc_product\";}'),(245,204,183,'Joint Pain Comfort Membership','','JPM',1,'19.97','19.97',0,'a:2:{s:9:\"shippable\";s:1:\"0\";s:6:\"module\";s:10:\"uc_product\";}'),(246,205,183,'Joint Pain Comfort Membership','','JPM',1,'19.97','19.97',0,'a:2:{s:9:\"shippable\";s:1:\"0\";s:6:\"module\";s:10:\"uc_product\";}'),(248,206,183,'Joint Pain Comfort Membership','','JPM',1,'19.97','19.97',0,'a:2:{s:9:\"shippable\";s:1:\"0\";s:6:\"module\";s:10:\"uc_product\";}'),(249,207,183,'Joint Pain Comfort Membership','','JPM',1,'19.97','19.97',0,'a:2:{s:10:\"attributes\";a:0:{}s:6:\"module\";s:10:\"uc_product\";}'),(250,208,183,'Joint Pain Comfort Membership','','JPM',1,'19.97','19.97',0,'a:2:{s:10:\"attributes\";a:0:{}s:6:\"module\";s:10:\"uc_product\";}'),(251,209,183,'Joint Pain Comfort Membership','','JPM',1,'19.97','19.97',0,'a:2:{s:10:\"attributes\";a:0:{}s:6:\"module\";s:10:\"uc_product\";}'),(252,210,183,'Joint Pain Comfort Membership','','JPM',1,'19.97','19.97',0,'a:2:{s:10:\"attributes\";a:0:{}s:6:\"module\";s:10:\"uc_product\";}'),(253,211,183,'Joint Pain Comfort Membership','','JPM',1,'19.97','19.97',0,'a:2:{s:10:\"attributes\";a:0:{}s:6:\"module\";s:10:\"uc_product\";}'),(254,212,183,'Joint Pain Comfort Membership','','JPM',1,'19.97','19.97',0,'a:2:{s:10:\"attributes\";a:0:{}s:6:\"module\";s:10:\"uc_product\";}'),(255,213,183,'Joint Pain Comfort Membership','','JPM',1,'19.97','19.97',0,'a:2:{s:10:\"attributes\";a:0:{}s:6:\"module\";s:10:\"uc_product\";}'),(256,214,183,'Joint Pain Comfort Membership','','JPM',1,'19.97','19.97',0,'a:2:{s:10:\"attributes\";a:0:{}s:6:\"module\";s:10:\"uc_product\";}'),(257,215,183,'Joint Pain Comfort Membership','','JPM',1,'19.97','19.97',0,'a:2:{s:10:\"attributes\";a:0:{}s:6:\"module\";s:10:\"uc_product\";}'),(258,216,183,'Joint Pain Comfort Membership','','JPM',1,'19.97','19.97',0,'a:2:{s:10:\"attributes\";a:0:{}s:6:\"module\";s:10:\"uc_product\";}'),(259,217,183,'Joint Pain Comfort Membership','','JPM',1,'19.97','19.97',0,'a:2:{s:10:\"attributes\";a:0:{}s:6:\"module\";s:10:\"uc_product\";}'),(260,218,183,'Joint Pain Comfort Membership','','JPM',1,'19.97','19.97',0,'a:2:{s:10:\"attributes\";a:0:{}s:6:\"module\";s:10:\"uc_product\";}'),(261,219,183,'Joint Pain Comfort Membership','','JPM',1,'19.97','19.97',0,'a:2:{s:10:\"attributes\";a:0:{}s:6:\"module\";s:10:\"uc_product\";}'),(262,220,183,'Joint Pain Comfort Membership','','JPM',1,'19.97','19.97',0,'a:2:{s:10:\"attributes\";a:0:{}s:6:\"module\";s:10:\"uc_product\";}'),(263,221,183,'Joint Pain Comfort Membership','','JPM',1,'19.97','19.97',0,'a:2:{s:10:\"attributes\";a:0:{}s:6:\"module\";s:10:\"uc_product\";}'),(264,222,183,'Joint Pain Comfort Membership','','JPM',1,'19.97','19.97',0,'a:2:{s:10:\"attributes\";a:0:{}s:6:\"module\";s:10:\"uc_product\";}'),(265,223,183,'Joint Pain Comfort Membership','','JPM',1,'19.97','19.97',0,'a:2:{s:10:\"attributes\";a:0:{}s:6:\"module\";s:10:\"uc_product\";}'),(266,224,183,'Joint Pain Comfort Membership','','JPM',1,'19.97','19.97',0,'a:2:{s:10:\"attributes\";a:0:{}s:6:\"module\";s:10:\"uc_product\";}'),(267,225,183,'Joint Pain Comfort Membership','','JPM',1,'19.97','19.97',0,'a:2:{s:10:\"attributes\";a:0:{}s:6:\"module\";s:10:\"uc_product\";}'),(268,226,183,'Joint Pain Comfort Membership','','JPM',1,'19.97','19.97',0,'a:2:{s:10:\"attributes\";a:0:{}s:6:\"module\";s:10:\"uc_product\";}'),(269,227,183,'Joint Pain Comfort Membership','','JPM',1,'19.97','19.97',0,'a:2:{s:10:\"attributes\";a:0:{}s:6:\"module\";s:10:\"uc_product\";}'),(270,228,183,'Joint Pain Comfort Membership','','JPM',1,'19.97','19.97',0,'a:2:{s:10:\"attributes\";a:0:{}s:6:\"module\";s:10:\"uc_product\";}'),(271,229,183,'Joint Pain Comfort Membership','','JPM',1,'19.97','19.97',0,'a:2:{s:10:\"attributes\";a:0:{}s:6:\"module\";s:10:\"uc_product\";}');

--
-- Table structure for table `uc_order_statuses`
--

CREATE TABLE `uc_order_statuses` (
  `order_status_id` varchar(32) NOT NULL default '',
  `title` varchar(48) NOT NULL default '',
  `state` varchar(32) NOT NULL default '',
  `weight` smallint(9) NOT NULL default '0',
  `locked` tinyint(4) NOT NULL default '0',
  PRIMARY KEY  (`order_status_id`)
) ENGINE=MyISAM DEFAULT CHARSET=utf8;

--
-- Dumping data for table `uc_order_statuses`
--


INSERT INTO `uc_order_statuses` VALUES ('canceled','Canceled','canceled',-20,1),('in_checkout','In checkout','in_checkout',-10,1),('pending','Pending','post_checkout',0,1),('processing','Processing','post_checkout',10,1),('completed','Completed','completed',20,1);

--
-- Table structure for table `uc_orders`
--

CREATE TABLE `uc_orders` (
  `order_id` mediumint(9) NOT NULL default '0',
  `uid` mediumint(9) NOT NULL default '0',
  `order_status` varchar(32) NOT NULL default '',
  `order_total` decimal(10,2) NOT NULL default '0.00',
  `primary_email` varchar(96) NOT NULL default '',
  `delivery_first_name` varchar(32) NOT NULL default '',
  `delivery_last_name` varchar(32) NOT NULL default '',
  `delivery_phone` varchar(32) NOT NULL default '',
  `delivery_company` varchar(64) NOT NULL default '',
  `delivery_street1` varchar(64) NOT NULL default '',
  `delivery_street2` varchar(64) NOT NULL default '',
  `delivery_city` varchar(32) NOT NULL default '',
  `delivery_zone` mediumint(9) NOT NULL default '0',
  `delivery_postal_code` varchar(10) NOT NULL default '',
  `delivery_country` mediumint(9) NOT NULL default '0',
  `billing_first_name` varchar(32) NOT NULL default '',
  `billing_last_name` varchar(32) NOT NULL default '',
  `billing_phone` varchar(32) NOT NULL default '',
  `billing_company` varchar(64) NOT NULL default '',
  `billing_street1` varchar(64) NOT NULL default '',
  `billing_street2` varchar(64) NOT NULL default '',
  `billing_city` varchar(32) NOT NULL default '',
  `billing_zone` mediumint(9) NOT NULL default '0',
  `billing_postal_code` varchar(10) NOT NULL default '',
  `billing_country` mediumint(9) NOT NULL default '0',
  `payment_method` varchar(32) NOT NULL default '',
  `data` text,
  `created` int(11) NOT NULL default '0',
  `modified` int(11) NOT NULL default '0',
  PRIMARY KEY  (`order_id`),
  KEY `uid` (`uid`),
  KEY `order_status` (`order_status`)
) ENGINE=MyISAM DEFAULT CHARSET=utf8;

--
-- Dumping data for table `uc_orders`
--


INSERT INTO `uc_orders` VALUES (65,159,'completed','19.97','r23@hotmail.com','','','','','','','',0,'',0,'','','','','','','',0,'',0,'paypal_wps','a:1:{s:8:\"new_user\";a:2:{s:4:\"name\";s:3:\"r23\";s:4:\"pass\";s:4:\"1234\";}}',1213971725,1213971725),(66,159,'completed','19.97','r23@hotmail.com','','','','','','','',0,'',0,'','','','','','','',0,'',0,'paypal_wps','N;',1213971828,1213971828),(67,160,'completed','19.97','warche_1213935342_per@gmail.com','','','','','','','',0,'',0,'','','','','','','',0,'',0,'paypal_wps','a:1:{s:8:\"new_user\";a:2:{s:4:\"name\";s:7:\"r123456\";s:4:\"pass\";s:3:\"123\";}}',1213971945,1213971961),(68,161,'completed','19.97','3456@gmail.com','','','','','','','',0,'',0,'','','','','','','',0,'',0,'paypal_wps','a:1:{s:8:\"new_user\";a:2:{s:4:\"name\";s:4:\"3456\";s:4:\"pass\";s:4:\"3456\";}}',1213972529,1213972529),(69,0,'in_checkout','19.97','asdasd@hotmail.com','','','','','','','',0,'',0,'','','','','','','',0,'',0,'paypal_wps','a:1:{s:8:\"new_user\";a:2:{s:4:\"name\";s:5:\"asasd\";s:4:\"pass\";s:6:\"asdasd\";}}',1214427520,1214427520),(70,0,'in_checkout','139.79','jpage01@mac.com','','','','','','','',0,'',0,'','','','','','','',0,'',0,'paypal_wps','a:1:{s:8:\"new_user\";a:2:{s:4:\"name\";s:3:\"Jon\";s:4:\"pass\";s:8:\"peeppeep\";}}',1214427632,1214427632),(71,0,'in_checkout','19.97','warche_1213935342_per@gmail.com','','','','','','','',0,'',0,'','','','','','','',0,'',0,'paypal_wps','a:1:{s:8:\"new_user\";a:2:{s:4:\"name\";s:31:\"warche_1213935342_per@gmail.com\";s:4:\"pass\";s:31:\"warche_1213935342_per@gmail.com\";}}',1214430044,1214430044),(72,162,'completed','19.97','warche_1213935342_per@gmail.com','','','','','','','',0,'',0,'','','','','','','',0,'',0,'paypal_wps','a:1:{s:8:\"new_user\";a:2:{s:4:\"name\";s:31:\"warche_1213935342_per@gmail.com\";s:4:\"pass\";s:31:\"warche_1213935342_per@gmail.com\";}}',1214430206,1214430206),(73,1,'completed','79.88','warchestbuilder@gmail.com','','','','','','','',0,'',0,'','','','','','','',0,'',0,'paypal_wps','N;',1214430729,1214430729),(74,0,'in_checkout','19.97','aaa2@hot.com','','','','','','','',0,'',0,'','','','','','','',0,'',0,'paypal_wps','a:1:{s:8:\"new_user\";a:2:{s:4:\"name\";s:3:\"asd\";s:4:\"pass\";s:3:\"asd\";}}',1214492550,1214492550),(75,0,'in_checkout','19.97','','','','','','','','',0,'',0,'','','','','','','',0,'',0,'paypal_wps','N;',1214809020,1214809020),(76,163,'completed','19.97','Gaynor.jm@Blueyonder.co.uk','','','','','','','',0,'',0,'','','','','','','',0,'',0,'paypal_wps','a:1:{s:8:\"new_user\";a:1:{s:4:\"pass\";s:0:\"\";}}',1214851951,1214851951),(77,0,'in_checkout','99.85','gabrielk01@aapt.net.au','','','','','','','',0,'',0,'','','','','','','',0,'',0,'paypal_wps','a:1:{s:8:\"new_user\";a:2:{s:4:\"name\";s:8:\"dessikan\";s:4:\"pass\";s:6:\"astria\";}}',1214915113,1214915139),(78,0,'in_checkout','19.97','','','','','','','','',0,'',0,'','','','','','','',0,'',0,'paypal_wps','N;',1214955757,1214955757),(79,164,'completed','19.97','finnacorelli@yahoo.com.au','','','','','','','',0,'',0,'','','','','','','',0,'',0,'paypal_wps','a:1:{s:8:\"new_user\";a:2:{s:4:\"name\";s:12:\"finnacorelli\";s:4:\"pass\";s:8:\"emilia11\";}}',1214994091,1214994091),(80,0,'in_checkout','39.94','','','','','','','','',0,'',0,'','','','','','','',0,'',0,'paypal_wps','N;',1215054226,1215054226),(81,0,'in_checkout','19.97','bmwalexandra@yahoo.com','','','','','','','',0,'',0,'','','','','','','',0,'',0,'paypal_wps','N;',1215097994,1215097994),(82,166,'completed','19.97','ls0007@hotmail.com','','','','','','','',0,'',0,'','','','','','','',0,'',0,'paypal_wps','a:1:{s:8:\"new_user\";a:2:{s:4:\"name\";s:5:\"slick\";s:4:\"pass\";s:8:\"jackaroo\";}}',1215111107,1215111107),(83,167,'completed','19.97','warche_1213932323_per@gmail.com','','','','','','','',0,'',0,'','','','','','','',0,'',0,'paypal_wps','a:1:{s:8:\"new_user\";a:2:{s:4:\"name\";s:7:\"user123\";s:4:\"pass\";s:3:\"123\";}}',1215113063,1215113063),(84,0,'in_checkout','19.97','jpage01@mac.com','','','','','','','',0,'',0,'','','','','','','',0,'',0,'paypal_wps','a:1:{s:8:\"new_user\";a:2:{s:4:\"name\";s:4:\"jonp\";s:4:\"pass\";s:6:\"test01\";}}',1215113971,1215113971),(85,168,'completed','39.94','jpage01@mac.com','','','','','','','',0,'',0,'','','','','','','',0,'',0,'paypal_wps','a:1:{s:8:\"new_user\";a:2:{s:4:\"name\";s:4:\"Jonp\";s:4:\"pass\";s:6:\"test01\";}}',1215114162,1215114162),(86,170,'completed','19.97','estebansalsano@gmail.com','','','','','','','',0,'',0,'','','','','','','',0,'',0,'paypal_wps','N;',1215131057,1215131057),(87,171,'completed','19.97','estebansalsano2@gmail.com','','','','','','','',0,'',0,'','','','','','','',0,'',0,'paypal_wps','N;',1215132677,1215132677),(88,172,'completed','19.97','aaa@hot.com','','','','','','','',0,'',0,'','','','','','','',0,'',0,'paypal_wps','a:1:{s:8:\"new_user\";a:2:{s:4:\"name\";s:3:\"123\";s:4:\"pass\";s:3:\"123\";}}',1215133198,1215133198),(89,173,'completed','19.97','aaa@hotmail.com','','','','','','','',0,'',0,'','','','','','','',0,'',0,'paypal_wps','a:1:{s:8:\"new_user\";a:2:{s:4:\"name\";s:6:\"test67\";s:4:\"pass\";s:6:\"test67\";}}',1215133306,1215133306),(90,174,'completed','19.97','estebansalsano@gmail.com','','','','','','','',0,'',0,'','','','','','','',0,'',0,'paypal_wps','a:1:{s:8:\"new_user\";a:2:{s:4:\"name\";s:4:\"rafa\";s:4:\"pass\";s:4:\"rafa\";}}',1215133647,1215133647),(91,0,'in_checkout','19.97','estebansalsano@gmail.com','','','','','','','',0,'',0,'','','','','','','',0,'',0,'paypal_wps','N;',1215186516,1215186516),(92,175,'completed','19.97','estebansalsano@gmail.com','','','','','','','',0,'',0,'','','','','','','',0,'',0,'paypal_wps','a:1:{s:8:\"new_user\";a:1:{s:4:\"pass\";s:0:\"\";}}',1215186612,1215186612),(93,0,'in_checkout','19.97','12@hotmail.com','','','','','','','',0,'',0,'','','','','','','',0,'',0,'paypal_wps','a:1:{s:8:\"new_user\";a:2:{s:4:\"name\";s:3:\"123\";s:4:\"pass\";s:3:\"123\";}}',1215187147,1215187175),(94,176,'completed','19.97','aaa@hot.com','','','','','','','',0,'',0,'','','','','','','',0,'',0,'paypal_wps','a:1:{s:8:\"new_user\";a:2:{s:4:\"name\";s:4:\"test\";s:4:\"pass\";s:4:\"test\";}}',1215194988,1215194988),(95,0,'completed','19.97','estebansalsano@gmail.com','','','','','','','',0,'',0,'','','','','','','',0,'',0,'paypal_wps','a:1:{s:8:\"new_user\";a:2:{s:4:\"name\";s:7:\"esteban\";s:4:\"pass\";s:7:\"esteban\";}}',1215195319,1215195319),(96,0,'in_checkout','19.97','ohenry13@yahoo.com','','','','','','','',0,'',0,'','','','','','','',0,'',0,'paypal_wps','a:1:{s:8:\"new_user\";a:2:{s:4:\"name\";s:8:\"ohenry13\";s:4:\"pass\";s:6:\"davidc\";}}',1215208488,1215209083),(97,0,'in_checkout','19.97','','','','','','','','',0,'',0,'','','','','','','',0,'',0,'paypal_wps','N;',1215281861,1215281861),(98,0,'in_checkout','19.97','','','','','','','','',0,'',0,'','','','','','','',0,'',0,'paypal_wps','N;',1215294705,1215294705),(99,0,'in_checkout','19.97','pafeigl62@yahoo.com','','','','','','','',0,'',0,'','','','','','','',0,'',0,'paypal_wps','a:1:{s:8:\"new_user\";a:2:{s:4:\"name\";s:6:\"carina\";s:4:\"pass\";s:8:\"nicholas\";}}',1215308954,1215308954),(100,0,'in_checkout','19.97','pafeigl62@yahoo.com','','','','','','','',0,'',0,'','','','','','','',0,'',0,'paypal_wps','a:1:{s:8:\"new_user\";a:2:{s:4:\"name\";s:6:\"carina\";s:4:\"pass\";s:0:\"\";}}',1215309300,1215309300),(101,0,'in_checkout','19.97','pafeigl62@yahoo.com','','','','','','','',0,'',0,'','','','','','','',0,'',0,'paypal_wps','a:1:{s:8:\"new_user\";a:2:{s:4:\"name\";s:6:\"carina\";s:4:\"pass\";s:0:\"\";}}',1215309462,1215309462),(102,0,'in_checkout','19.97','pafeigl62@yahoo.com','','','','','','','',0,'',0,'','','','','','','',0,'',0,'paypal_wps','a:1:{s:8:\"new_user\";a:2:{s:4:\"name\";s:6:\"carina\";s:4:\"pass\";s:8:\"nicholas\";}}',1215310017,1215310017),(103,0,'in_checkout','19.97','pafeigl62@yahoo.com','','','','','','','',0,'',0,'','','','','','','',0,'',0,'paypal_wps','a:1:{s:8:\"new_user\";a:2:{s:4:\"name\";s:6:\"carina\";s:4:\"pass\";s:0:\"\";}}',1215310234,1215310234),(104,0,'in_checkout','19.97','mickeyortiz@msn.com','','','','','','','',0,'',0,'','','','','','','',0,'',0,'paypal_wps','a:1:{s:8:\"new_user\";a:1:{s:4:\"pass\";s:0:\"\";}}',1215312398,1215312398),(105,0,'in_checkout','19.97','mickeyortiz@msn.com','','','','','','','',0,'',0,'','','','','','','',0,'',0,'paypal_wps','a:1:{s:8:\"new_user\";a:1:{s:4:\"pass\";s:0:\"\";}}',1215312507,1215312620),(106,0,'in_checkout','19.97','ardellaw1941@gmail.com','','','','','','','',0,'',0,'','','','','','','',0,'',0,'paypal_wps','a:1:{s:8:\"new_user\";a:2:{s:4:\"name\";s:12:\"ardellaw1941\";s:4:\"pass\";s:0:\"\";}}',1215372338,1215372397),(107,0,'in_checkout','19.97','','','','','','','','',0,'',0,'','','','','','','',0,'',0,'paypal_wps','N;',1215372772,1215372772),(108,0,'in_checkout','19.97','katie-stewart@hotmail.com','','','','','','','',0,'',0,'','','','','','','',0,'',0,'paypal_wps','a:1:{s:8:\"new_user\";a:2:{s:4:\"name\";s:9:\"katiebear\";s:4:\"pass\";s:8:\"phillip1\";}}',1215382289,1215382289),(109,0,'in_checkout','19.97','','','','','','','','',0,'',0,'','','','','','','',0,'',0,'paypal_wps','N;',1215396129,1215396129),(110,0,'in_checkout','19.97','dottieinlv@cox.net','','','','','','','',0,'',0,'','','','','','','',0,'',0,'paypal_wps','a:1:{s:8:\"new_user\";a:2:{s:4:\"name\";s:11:\"dottieimage\";s:4:\"pass\";s:6:\"d3425d\";}}',1215396477,1215396477),(111,0,'in_checkout','19.97','','','','','','','','',0,'',0,'','','','','','','',0,'',0,'paypal_wps','N;',1215453035,1215453035),(112,0,'in_checkout','19.97','','','','','','','','',0,'',0,'','','','','','','',0,'',0,'paypal_wps','N;',1215465102,1215465102),(113,0,'in_checkout','19.97','','','','','','','','',0,'',0,'','','','','','','',0,'',0,'paypal_wps','N;',1215486026,1215486026),(114,0,'in_checkout','19.97','gm@gassers.com','','','','','','','',0,'',0,'','','','','','','',0,'',0,'paypal_wps','a:1:{s:8:\"new_user\";a:2:{s:4:\"name\";s:11:\"john gasser\";s:4:\"pass\";s:9:\"mustang66\";}}',1215499042,1215499042),(115,181,'in_checkout','19.97','claireauxd@aol.com','','','','','','','',0,'',0,'','','','','','','',0,'',0,'paypal_wps','N;',1215533850,1215533850),(116,181,'in_checkout','19.97','claireauxd@aol.com','','','','','','','',0,'',0,'','','','','','','',0,'',0,'paypal_wps','N;',1215534068,1215534156),(117,181,'in_checkout','19.97','claireauxd@aol.com','','','','','','','',0,'',0,'','','','','','','',0,'',0,'paypal_wps','N;',1215534603,1215534603),(118,0,'in_checkout','19.97','gonewest@usa.com','','','','','','','',0,'',0,'','','','','','','',0,'',0,'paypal_wps','a:1:{s:8:\"new_user\";a:2:{s:4:\"name\";s:8:\"gonewest\";s:4:\"pass\";s:7:\"directx\";}}',1215572475,1215572475),(119,0,'in_checkout','19.97','','','','','','','','',0,'',0,'','','','','','','',0,'',0,'paypal_wps','N;',1215624311,1215624311),(120,0,'in_checkout','19.97','','','','','','','','',0,'',0,'','','','','','','',0,'',0,'paypal_wps','N;',1215633351,1215633351),(121,0,'in_checkout','19.97','','','','','','','','',0,'',0,'','','','','','','',0,'',0,'paypal_wps','N;',1215680205,1215680205),(122,0,'in_checkout','19.97','dudley_jones@fsmail.net','','','','','','','',0,'',0,'','','','','','','',0,'',0,'paypal_wps','a:1:{s:8:\"new_user\";a:2:{s:4:\"name\";s:5:\"Ethan\";s:4:\"pass\";s:8:\"Millwood\";}}',1215706851,1215706851),(123,185,'completed','19.97','fast2last@aol.com','','','','','','','',0,'',0,'','','','','','','',0,'',0,'paypal_wps','a:1:{s:8:\"new_user\";a:2:{s:4:\"name\";s:7:\"j brown\";s:4:\"pass\";s:7:\"tobyboy\";}}',1215712507,1215712507),(124,0,'in_checkout','19.97','sweetums2008@hotmail.com','','','','','','','',0,'',0,'','','','','','','',0,'',0,'paypal_wps','a:1:{s:8:\"new_user\";a:1:{s:4:\"pass\";s:8:\"sunshine\";}}',1215781300,1215781441),(125,186,'completed','19.97','pterry@gmail.com','','','','','','','',0,'',0,'','','','','','','',0,'',0,'paypal_wps','a:1:{s:8:\"new_user\";a:2:{s:4:\"name\";s:10:\"chechessee\";s:4:\"pass\";s:6:\"guitar\";}}',1215787768,1215787768),(126,0,'in_checkout','19.97','','','','','','','','',0,'',0,'','','','','','','',0,'',0,'paypal_wps','N;',1215816633,1215816633),(127,0,'completed','19.97','thiodine@bigpond.net.au','','','','','','','',0,'',0,'','','','','','','',0,'',0,'paypal_wps','N;',1215844672,1215844672),(128,0,'in_checkout','19.97','gpsidhu@msn.com','','','','','','','',0,'',0,'','','','','','','',0,'',0,'paypal_wps','a:1:{s:8:\"new_user\";a:2:{s:4:\"name\";s:8:\"Gurpreet\";s:4:\"pass\";s:6:\"vandna\";}}',1215888168,1215888169),(129,0,'in_checkout','19.97','gpsidhu@msn.com','','','','','','','',0,'',0,'','','','','','','',0,'',0,'paypal_wps','a:1:{s:8:\"new_user\";a:1:{s:4:\"pass\";s:0:\"\";}}',1215888491,1215888509),(130,0,'in_checkout','19.97','jeffriesinfo@cox.net','','','','','','','',0,'',0,'','','','','','','',0,'',0,'paypal_wps','a:1:{s:8:\"new_user\";a:1:{s:4:\"pass\";s:0:\"\";}}',1215899656,1215899656),(131,188,'completed','19.97','jeffriesinfo@cox.net','','','','','','','',0,'',0,'','','','','','','',0,'',0,'paypal_wps','a:1:{s:8:\"new_user\";a:2:{s:4:\"name\";s:11:\"jimjeffries\";s:4:\"pass\";s:6:\"praise\";}}',1215899758,1215899758),(132,0,'in_checkout','19.97','','','','','','','','',0,'',0,'','','','','','','',0,'',0,'paypal_wps','N;',1215968868,1215968868),(133,0,'in_checkout','19.97','bill.bangs4@ntlworld.com','','','','','','','',0,'',0,'','','','','','','',0,'',0,'paypal_wps','a:1:{s:8:\"new_user\";a:2:{s:4:\"name\";s:7:\"Oakland\";s:4:\"pass\";s:8:\"allison1\";}}',1216043678,1216043679),(134,190,'completed','19.97','kj.hall@ukonline.co.uk','','','','','','','',0,'',0,'','','','','','','',0,'',0,'paypal_wps','a:1:{s:8:\"new_user\";a:2:{s:4:\"name\";s:7:\"katyjoy\";s:4:\"pass\";s:8:\"mutuhati\";}}',1216060169,1216060169),(135,193,'completed','19.97','joanie220@bellsouth.net','','','','','','','',0,'',0,'','','','','','','',0,'',0,'paypal_wps','a:1:{s:8:\"new_user\";a:2:{s:4:\"name\";s:9:\"joanie220\";s:4:\"pass\";s:8:\"j022048k\";}}',1216232339,1216232466),(136,0,'in_checkout','19.97','','','','','','','','',0,'',0,'','','','','','','',0,'',0,'paypal_wps','N;',1216237574,1216237574),(137,0,'in_checkout','19.97','gardosh@hotmail.com','','','','','','','',0,'',0,'','','','','','','',0,'',0,'paypal_wps','N;',1216273143,1216273143),(138,0,'in_checkout','19.97','deborah@deborahmoran.co.uk','','','','','','','',0,'',0,'','','','','','','',0,'',0,'paypal_wps','a:1:{s:8:\"new_user\";a:2:{s:4:\"name\";s:12:\"DeborahMoran\";s:4:\"pass\";s:10:\"jorjasarah\";}}',1216289212,1216289347),(139,0,'in_checkout','19.97','deborah@deborahmoran.co.uk','','','','','','','',0,'',0,'','','','','','','',0,'',0,'paypal_wps','a:1:{s:8:\"new_user\";a:2:{s:4:\"name\";s:13:\"Deborah Moran\";s:4:\"pass\";s:10:\"jorjasarah\";}}',1216291367,1216291367),(140,195,'completed','19.97','thrive@candiscoffee.com','','','','','','','',0,'',0,'','','','','','','',0,'',0,'paypal_wps','a:1:{s:8:\"new_user\";a:2:{s:4:\"name\";s:8:\"CCCoffee\";s:4:\"pass\";s:9:\"TrustLife\";}}',1216306203,1216306203),(141,0,'in_checkout','19.97','gbelcourt@omers.com','','','','','','','',0,'',0,'','','','','','','',0,'',0,'paypal_wps','N;',1216312268,1216312268),(142,196,'completed','19.97','town_countrytowing@hotmail.com','','','','','','','',0,'',0,'','','','','','','',0,'',0,'paypal_wps','a:1:{s:8:\"new_user\";a:2:{s:4:\"name\";s:6:\"oldtex\";s:4:\"pass\";s:8:\"towtruck\";}}',1216371032,1216371032),(143,0,'in_checkout','19.97','m_mitikulena@hotmail.com','','','','','','','',0,'',0,'','','','','','','',0,'',0,'paypal_wps','a:1:{s:8:\"new_user\";a:2:{s:4:\"name\";s:4:\"mefi\";s:4:\"pass\";s:5:\"sonny\";}}',1216438857,1216438927),(144,0,'in_checkout','19.97','jghallam7@bigpond.com','','','','','','','',0,'',0,'','','','','','','',0,'',0,'paypal_wps','a:1:{s:8:\"new_user\";a:2:{s:4:\"name\";s:8:\"jghallam\";s:4:\"pass\";s:9:\"jgh130843\";}}',1216450727,1216450727),(145,0,'in_checkout','19.97','SALMUSA@LIVE.CO.UK','','','','','','','',0,'',0,'','','','','','','',0,'',0,'paypal_wps','a:1:{s:8:\"new_user\";a:2:{s:4:\"name\";s:7:\"SALMUSA\";s:4:\"pass\";s:9:\"acadapter\";}}',1216477534,1216477536),(146,0,'in_checkout','19.97','','','','','','','','',0,'',0,'','','','','','','',0,'',0,'paypal_wps','N;',1216478143,1216478143),(147,0,'in_checkout','19.97','salmusa@live.co.uk','','','','','','','',0,'',0,'','','','','','','',0,'',0,'paypal_wps','a:1:{s:8:\"new_user\";a:2:{s:4:\"name\";s:7:\"salmusa\";s:4:\"pass\";s:9:\"ACADAPTER\";}}',1216478746,1216478746),(148,0,'in_checkout','19.97','','','','','','','','',0,'',0,'','','','','','','',0,'',0,'paypal_wps','N;',1216481657,1216481657),(149,0,'in_checkout','19.97','geema52@yahoo.com','','','','','','','',0,'',0,'','','','','','','',0,'',0,'paypal_wps','a:1:{s:8:\"new_user\";a:2:{s:4:\"name\";s:5:\"Trish\";s:4:\"pass\";s:6:\"puzzle\";}}',1216494466,1216494466),(150,197,'in_checkout','19.97','selee@arrow.com','','','','','','','',0,'',0,'','','','','','','',0,'',0,'paypal_wps','N;',1216497529,1216497529),(151,0,'in_checkout','19.97','salmusa@live.co.uk','','','','','','','',0,'',0,'','','','','','','',0,'',0,'paypal_wps','a:1:{s:8:\"new_user\";a:2:{s:4:\"name\";s:8:\"sal musa\";s:4:\"pass\";s:7:\"mrmaguu\";}}',1216497894,1216497894),(152,198,'completed','19.97','salmusa@live.co.uk','','','','','','','',0,'',0,'','','','','','','',0,'',0,'paypal_wps','a:1:{s:8:\"new_user\";a:2:{s:4:\"name\";s:8:\"sal musa\";s:4:\"pass\";s:0:\"\";}}',1216497902,1216497902),(153,196,'completed','19.97','town_countrytowing@hotmail.com','','','','','','','',0,'',0,'','','','','','','',0,'',0,'paypal_wps','N;',1216554824,1216554824),(154,0,'in_checkout','19.97','','','','','','','','',0,'',0,'','','','','','','',0,'',0,'paypal_wps','N;',1216592036,1216592045),(155,0,'in_checkout','19.97','Rgaumont@megalink.net','','','','','','','',0,'',0,'','','','','','','',0,'',0,'paypal_wps','a:1:{s:8:\"new_user\";a:1:{s:4:\"pass\";s:0:\"\";}}',1216596191,1216596247),(156,199,'completed','19.97','tnewton4@cogeco.ca','','','','','','','',0,'',0,'','','','','','','',0,'',0,'paypal_wps','a:1:{s:8:\"new_user\";a:1:{s:4:\"pass\";s:0:\"\";}}',1216603847,1216603847),(157,0,'in_checkout','19.97','mavis187@msn.com','','','','','','','',0,'',0,'','','','','','','',0,'',0,'paypal_wps','a:1:{s:8:\"new_user\";a:2:{s:4:\"name\";s:5:\"oznuk\";s:4:\"pass\";s:7:\"rowdy72\";}}',1216624373,1216624499),(158,0,'in_checkout','19.97','lquinola@yahoo.com','','','','','','','',0,'',0,'','','','','','','',0,'',0,'paypal_wps','a:1:{s:8:\"new_user\";a:2:{s:4:\"name\";s:19:\"leonides a. quinola\";s:4:\"pass\";s:7:\"leandro\";}}',1216628021,1216628023),(159,0,'in_checkout','19.97','jghallam7@biogpond.com','','','','','','','',0,'',0,'','','','','','','',0,'',0,'paypal_wps','a:1:{s:8:\"new_user\";a:2:{s:4:\"name\";s:8:\"jghallam\";s:4:\"pass\";s:6:\"130843\";}}',1216635599,1216635599),(160,0,'in_checkout','19.97','jghallam7@bigpond.com','','','','','','','',0,'',0,'','','','','','','',0,'',0,'paypal_wps','a:1:{s:8:\"new_user\";a:2:{s:4:\"name\";s:8:\"jghallam\";s:4:\"pass\";s:0:\"\";}}',1216635625,1216635625),(161,0,'in_checkout','19.97','jghallam7@bigpond.com','','','','','','','',0,'',0,'','','','','','','',0,'',0,'paypal_wps','a:1:{s:8:\"new_user\";a:2:{s:4:\"name\";s:8:\"jghallam\";s:4:\"pass\";s:6:\"130843\";}}',1216635709,1216635709),(162,200,'completed','19.97','jghallam7@bigpond.com','','','','','','','',0,'',0,'','','','','','','',0,'',0,'paypal_wps','a:1:{s:8:\"new_user\";a:2:{s:4:\"name\";s:8:\"jghallam\";s:4:\"pass\";s:6:\"130843\";}}',1216636164,1216636164),(163,201,'completed','19.97','dbillstein@hotmail.com','','','','','','','',0,'',0,'','','','','','','',0,'',0,'paypal_wps','a:1:{s:8:\"new_user\";a:2:{s:4:\"name\";s:10:\"dbillstein\";s:4:\"pass\";s:8:\"clarence\";}}',1216639719,1216639719),(164,0,'in_checkout','19.97','mrinb30@yahoo.com','','','','','','','',0,'',0,'','','','','','','',0,'',0,'paypal_wps','a:1:{s:8:\"new_user\";a:1:{s:4:\"pass\";s:0:\"\";}}',1216645026,1216645076),(165,0,'in_checkout','19.97','cpmatharu@gmail.com','','','','','','','',0,'',0,'','','','','','','',0,'',0,'paypal_wps','a:1:{s:8:\"new_user\";a:1:{s:4:\"pass\";s:0:\"\";}}',1216645446,1216645477),(166,202,'completed','19.97','jackreb2000@yahoo.com','','','','','','','',0,'',0,'','','','','','','',0,'',0,'paypal_wps','a:1:{s:8:\"new_user\";a:2:{s:4:\"name\";s:11:\"jackreb2000\";s:4:\"pass\";s:9:\"bluerain2\";}}',1216659017,1216659017),(167,0,'in_checkout','19.97','papeters50@hotmail.com','','','','','','','',0,'',0,'','','','','','','',0,'',0,'paypal_wps','a:1:{s:8:\"new_user\";a:2:{s:4:\"name\";s:10:\"papeters50\";s:4:\"pass\";s:12:\"Copperbird63\";}}',1216676246,1216676356),(168,203,'completed','19.97','papeters50@hotmail.com','','','','','','','',0,'',0,'','','','','','','',0,'',0,'paypal_wps','a:1:{s:8:\"new_user\";a:2:{s:4:\"name\";s:10:\"papeters50\";s:4:\"pass\";s:12:\"Copperbird63\";}}',1216676961,1216676961),(169,0,'in_checkout','19.97','m_mitikulena@hotmail.com','','','','','','','',0,'',0,'','','','','','','',0,'',0,'paypal_wps','a:1:{s:8:\"new_user\";a:2:{s:4:\"name\";s:6:\"orlene\";s:4:\"pass\";s:0:\"\";}}',1216679507,1216679586),(170,205,'completed','19.97','chuxder@yahoo.com','','','','','','','',0,'',0,'','','','','','','',0,'',0,'paypal_wps','a:1:{s:8:\"new_user\";a:2:{s:4:\"name\";s:7:\"chuxder\";s:4:\"pass\";s:0:\"\";}}',1216691926,1216691973),(171,207,'completed','19.97','jensnewmail@yahoo.com','','','','','','','',0,'',0,'','','','','','','',0,'',0,'paypal_wps','a:1:{s:8:\"new_user\";a:2:{s:4:\"name\";s:7:\"jenr316\";s:4:\"pass\";s:8:\"rjroth98\";}}',1216698303,1216698303),(172,0,'completed','19.97','edrennon@sbcglobal.net','','','','','','','',0,'',0,'','','','','','','',0,'',0,'paypal_wps','N;',1216698346,1216698346),(173,0,'in_checkout','19.97','','','','','','','','',0,'',0,'','','','','','','',0,'',0,'paypal_wps','N;',1216706488,1216706488),(174,0,'in_checkout','19.97','abell1@rcn.com','','','','','','','',0,'',0,'','','','','','','',0,'',0,'paypal_wps','a:1:{s:8:\"new_user\";a:1:{s:4:\"pass\";s:0:\"\";}}',1216725587,1216725587),(175,208,'completed','19.97','abell1@rcn.com','','','','','','','',0,'',0,'','','','','','','',0,'',0,'paypal_wps','a:1:{s:8:\"new_user\";a:1:{s:4:\"pass\";s:0:\"\";}}',1216725988,1216725988),(176,209,'completed','19.97','mai@lonhowell.wanadoo.co.uk','','','','','','','',0,'',0,'','','','','','','',0,'',0,'paypal_wps','a:1:{s:8:\"new_user\";a:2:{s:4:\"name\";s:11:\"Mai Howells\";s:4:\"pass\";s:6:\"Corris\";}}',1216748336,1216748336),(177,0,'in_checkout','19.97','gpusher@wusd.us','','','','','','','',0,'',0,'','','','','','','',0,'',0,'paypal_wps','a:1:{s:8:\"new_user\";a:2:{s:4:\"name\";s:7:\"gpusher\";s:4:\"pass\";s:10:\"alchesay15\";}}',1216751097,1216751097),(178,0,'in_checkout','19.97','eternityfranks@hotmail.com','','','','','','','',0,'',0,'','','','','','','',0,'',0,'paypal_wps','a:1:{s:8:\"new_user\";a:2:{s:4:\"name\";s:6:\"debbie\";s:4:\"pass\";s:6:\"debbie\";}}',1216758355,1216758355),(179,0,'in_checkout','19.97','eternityfranks@hotmail.com','','','','','','','',0,'',0,'','','','','','','',0,'',0,'paypal_wps','a:1:{s:8:\"new_user\";a:2:{s:4:\"name\";s:6:\"debbie\";s:4:\"pass\";s:0:\"\";}}',1216758389,1216758389),(180,0,'in_checkout','19.97','ishbel@turnalt.wanadoo.co.uk','','','','','','','',0,'',0,'','','','','','','',0,'',0,'paypal_wps','a:1:{s:8:\"new_user\";a:2:{s:4:\"name\";s:15:\"Ishbel MacNicol\";s:4:\"pass\";s:4:\"Dawn\";}}',1216759252,1216759252),(181,0,'in_checkout','19.97','cdcole2@aol.com','','','','','','','',0,'',0,'','','','','','','',0,'',0,'paypal_wps','a:1:{s:8:\"new_user\";a:2:{s:4:\"name\";s:9:\"cindycole\";s:4:\"pass\";s:7:\"bible98\";}}',1216778700,1216778700),(182,211,'completed','19.97','nelson07@shaw.ca','','','','','','','',0,'',0,'','','','','','','',0,'',0,'paypal_wps','a:1:{s:8:\"new_user\";a:1:{s:4:\"pass\";s:0:\"\";}}',1216779189,1216779189),(183,212,'completed','19.97','dad4u47@yahoo.com','','','','','','','',0,'',0,'','','','','','','',0,'',0,'paypal_wps','a:1:{s:8:\"new_user\";a:2:{s:4:\"name\";s:17:\"dad4u47@yahoo.com\";s:4:\"pass\";s:6:\"rubber\";}}',1216780691,1216780691),(184,0,'in_checkout','19.97','bobbrian@comcast.net','','','','','','','',0,'',0,'','','','','','','',0,'',0,'paypal_wps','a:1:{s:8:\"new_user\";a:2:{s:4:\"name\";s:9:\"Bob Brian\";s:4:\"pass\";s:7:\"Homerun\";}}',1216829455,1216829851),(185,0,'in_checkout','19.97','HENJA@ROGERS.COM','','','','','','','',0,'',0,'','','','','','','',0,'',0,'paypal_wps','a:1:{s:8:\"new_user\";a:2:{s:4:\"name\";s:12:\"HENRY ARNALD\";s:4:\"pass\";s:6:\"MAGGIE\";}}',1216843791,1216843791),(186,0,'in_checkout','19.97','HENJA@ROGERS.COM','','','','','','','',0,'',0,'','','','','','','',0,'',0,'paypal_wps','a:1:{s:8:\"new_user\";a:2:{s:4:\"name\";s:12:\"HENRY ARNALD\";s:4:\"pass\";s:0:\"\";}}',1216843853,1216843854),(187,0,'in_checkout','19.97','bobbrian@comcast.net','','','','','','','',0,'',0,'','','','','','','',0,'',0,'paypal_wps','a:1:{s:8:\"new_user\";a:2:{s:4:\"name\";s:12:\"Williams 406\";s:4:\"pass\";s:7:\"homerun\";}}',1216853955,1216854543),(188,213,'completed','19.97','cpmatharu@gmail.com','','','','','','','',0,'',0,'','','','','','','',0,'',0,'paypal_wps','a:1:{s:8:\"new_user\";a:1:{s:4:\"pass\";s:0:\"\";}}',1216882750,1216882750),(189,0,'in_checkout','19.97','','','','','','','','',0,'',0,'','','','','','','',0,'',0,'paypal_wps','N;',1216922743,1216922743),(190,214,'completed','19.97','oceanlady@comcast.net','','','','','','','',0,'',0,'','','','','','','',0,'',0,'paypal_wps','a:1:{s:8:\"new_user\";a:2:{s:4:\"name\";s:12:\"oceanlady999\";s:4:\"pass\";s:9:\"silver999\";}}',1216953904,1216953904),(191,0,'in_checkout','19.97','placrews34268@yahoo.com','','','','','','','',0,'',0,'','','','','','','',0,'',0,'paypal_wps','a:1:{s:8:\"new_user\";a:2:{s:4:\"name\";s:9:\"1chipper1\";s:4:\"pass\";s:7:\"giraffe\";}}',1216963846,1216963846),(192,215,'completed','19.97','tepeck@tpg.com.au','','','','','','','',0,'',0,'','','','','','','',0,'',0,'paypal_wps','a:1:{s:8:\"new_user\";a:1:{s:4:\"pass\";s:4:\"Pain\";}}',1216965078,1216965078),(193,216,'completed','19.97','rlsmith@xplornet.com','','','','','','','',0,'',0,'','','','','','','',0,'',0,'paypal_wps','a:1:{s:8:\"new_user\";a:2:{s:4:\"name\";s:7:\"rlsmith\";s:4:\"pass\";s:6:\"quincy\";}}',1216992532,1216992652),(194,217,'completed','19.97','stanjudymarks@yahoo.com','','','','','','','',0,'',0,'','','','','','','',0,'',0,'paypal_wps','a:1:{s:8:\"new_user\";a:2:{s:4:\"name\";s:13:\"stanjudymarks\";s:4:\"pass\";s:10:\"tradewinds\";}}',1216994577,1216994660),(195,0,'in_checkout','19.97','oliver.a@telus.net','','','','','','','',0,'',0,'','','','','','','',0,'',0,'paypal_wps','a:1:{s:8:\"new_user\";a:2:{s:4:\"name\";s:8:\"oliver.a\";s:4:\"pass\";s:5:\"april\";}}',1216995983,1216995983),(196,0,'in_checkout','19.97','bobbrian@comcast.net','','','','','','','',0,'',0,'','','','','','','',0,'',0,'paypal_wps','a:1:{s:8:\"new_user\";a:2:{s:4:\"name\";s:9:\"Bob Brian\";s:4:\"pass\";s:7:\"homerun\";}}',1217001252,1217001324),(197,0,'in_checkout','19.97','gbelcourt@omers.com','','','','','','','',0,'',0,'','','','','','','',0,'',0,'paypal_wps','a:1:{s:8:\"new_user\";a:1:{s:4:\"pass\";s:0:\"\";}}',1217010573,1217010584),(198,0,'in_checkout','19.97','kismeth1955@yahoo.com','','','','','','','',0,'',0,'','','','','','','',0,'',0,'paypal_wps','a:1:{s:8:\"new_user\";a:2:{s:4:\"name\";s:7:\"charito\";s:4:\"pass\";s:7:\"kismeth\";}}',1217044441,1217044441),(199,218,'completed','19.97','j.simon@menfa.org.uk','','','','','','','',0,'',0,'','','','','','','',0,'',0,'paypal_wps','a:1:{s:8:\"new_user\";a:2:{s:4:\"name\";s:10:\"Joan Simon\";s:4:\"pass\";s:8:\"frances2\";}}',1217069235,1217069235),(200,0,'in_checkout','19.97','','','','','','','','',0,'',0,'','','','','','','',0,'',0,'paypal_wps','N;',1217076110,1217076110),(201,0,'in_checkout','19.97','rondastclare@yahoo.com','','','','','','','',0,'',0,'','','','','','','',0,'',0,'paypal_wps','a:1:{s:8:\"new_user\";a:2:{s:4:\"name\";s:22:\"rondastclare@yahoo.com\";s:4:\"pass\";s:11:\"cunningham1\";}}',1217077303,1217077334),(202,220,'completed','19.97','rondastclare@yahoo.com','','','','','','','',0,'',0,'','','','','','','',0,'',0,'paypal_wps','a:1:{s:8:\"new_user\";a:1:{s:4:\"pass\";s:0:\"\";}}',1217077554,1217077554),(203,221,'completed','19.97','jlgoode@earthlink.net','','','','','','','',0,'',0,'','','','','','','',0,'',0,'paypal_wps','a:1:{s:8:\"new_user\";a:2:{s:4:\"name\";s:21:\"jlgoode@earthlink.net\";s:4:\"pass\";s:6:\"rusty1\";}}',1217085647,1217085763),(204,222,'completed','19.97','kathysiebers@comcast.net','','','','','','','',0,'',0,'','','','','','','',0,'',0,'paypal_wps','a:1:{s:8:\"new_user\";a:1:{s:4:\"pass\";s:0:\"\";}}',1217178697,1217178721),(205,0,'in_checkout','19.97','molly.parkin@ntlworld.com','','','','','','','',0,'',0,'','','','','','','',0,'',0,'paypal_wps','a:1:{s:8:\"new_user\";a:2:{s:4:\"name\";s:18:\"molly Noyle Parkin\";s:4:\"pass\";s:18:\"forgotten password\";}}',1217193598,1217193598),(206,0,'in_checkout','19.97','molly.parkin@ntlworld.com','','','','','','','',0,'',0,'','','','','','','',0,'',0,'paypal_wps','a:1:{s:8:\"new_user\";a:1:{s:4:\"name\";s:18:\"molly Noyle Parkin\";}}',1217193598,1217193738),(207,224,'completed','19.97','rafael101980@hotmail.com','rafa','sasa','','','','','',0,'',0,'rafa','sasa','','','','','',0,'',0,'paypal_wps','N;',1217201031,1217201174),(208,0,'in_checkout','19.97','','','','','','','','',0,'',0,'','','','','','','',0,'',0,'paypal_wps','N;',1217201612,1217201612),(209,0,'in_checkout','19.97','','','','','','','','',0,'',0,'','','','','','','',0,'',0,'paypal_wps','N;',1217278892,1217278892),(210,0,'in_checkout','19.97','','','','','','','','',0,'',0,'','','','','','','',0,'',0,'paypal_wps','N;',1217288628,1217288628),(211,0,'in_checkout','19.97','','','','','','','','',0,'',0,'','','','','','','',0,'',0,'paypal_wps','N;',1217353430,1217353430),(212,0,'in_checkout','19.97','','','','','','','','',0,'',0,'','','','','','','',0,'',0,'paypal_wps','N;',1217356914,1217356914),(213,0,'in_checkout','19.97','','','','','','','','',0,'',0,'','','','','','','',0,'',0,'paypal_wps','N;',1217364456,1217364456),(214,0,'in_checkout','19.97','','','','','','','','',0,'',0,'','','','','','','',0,'',0,'paypal_wps','N;',1217390327,1217390327),(215,227,'completed','19.97','dsldude51@yahoo.com','Greg','Evans','','','','','',0,'',0,'Greg','Evans','','','','','',0,'',0,'paypal_wps','N;',1217390560,1217391183),(216,0,'in_checkout','19.97','','','','','','','','',0,'',0,'','','','','','','',0,'',0,'paypal_wps','N;',1217391209,1217391209),(217,0,'in_checkout','19.97','','','','','','','','',0,'',0,'','','','','','','',0,'',0,'paypal_wps','N;',1217393337,1217393337),(218,0,'in_checkout','19.97','','','','','','','','',0,'',0,'','','','','','','',0,'',0,'paypal_wps','N;',1217431164,1217431164),(219,0,'in_checkout','19.97','','','','','','','','',0,'',0,'','','','','','','',0,'',0,'paypal_wps','N;',1217477563,1217477563),(220,0,'in_checkout','19.97','','','','','','','','',0,'',0,'','','','','','','',0,'',0,'paypal_wps','N;',1217521917,1217521917),(221,0,'in_checkout','19.97','','','','','','','','',0,'',0,'','','','','','','',0,'',0,'paypal_wps','N;',1217584490,1217584490),(222,0,'in_checkout','19.97','','','','','','','','',0,'',0,'','','','','','','',0,'',0,'paypal_wps','N;',1217591050,1217591050),(223,0,'in_checkout','19.97','','','','','','','','',0,'',0,'','','','','','','',0,'',0,'paypal_wps','N;',1217607415,1217607415),(224,0,'in_checkout','19.97','','','','','','','','',0,'',0,'','','','','','','',0,'',0,'paypal_wps','N;',1217620727,1217620727),(225,0,'in_checkout','19.97','','','','','','','','',0,'',0,'','','','','','','',0,'',0,'paypal_wps','N;',1217668939,1217668939),(226,0,'in_checkout','19.97','','','','','','','','',0,'',0,'','','','','','','',0,'',0,'paypal_wps','N;',1217781420,1217781420),(227,0,'in_checkout','19.97','','','','','','','','',0,'',0,'','','','','','','',0,'',0,'paypal_wps','N;',1217935931,1217935931),(228,0,'in_checkout','19.97','','','','','','','','',0,'',0,'','','','','','','',0,'',0,'paypal_wps','N;',1218011099,1218011099),(229,0,'in_checkout','19.97','','','','','','','','',0,'',0,'','','','','','','',0,'',0,'paypal_wps','N;',1218041965,1218041965);

--
-- Table structure for table `uc_payment_check`
--

CREATE TABLE `uc_payment_check` (
  `check_id` mediumint(9) NOT NULL default '0',
  `order_id` mediumint(9) NOT NULL default '0',
  `clear_date` int(11) NOT NULL default '0',
  PRIMARY KEY  (`check_id`),
  KEY `order_id` (`order_id`)
) ENGINE=MyISAM DEFAULT CHARSET=utf8;

--
-- Dumping data for table `uc_payment_check`
--



--
-- Table structure for table `uc_payment_cod`
--

CREATE TABLE `uc_payment_cod` (
  `order_id` mediumint(9) NOT NULL default '0',
  `delivery_month` smallint(6) NOT NULL default '0',
  `delivery_day` smallint(6) NOT NULL default '0',
  `delivery_year` smallint(6) NOT NULL default '0',
  PRIMARY KEY  (`order_id`)
) ENGINE=MyISAM DEFAULT CHARSET=utf8;

--
-- Dumping data for table `uc_payment_cod`
--



--
-- Table structure for table `uc_payment_other`
--

CREATE TABLE `uc_payment_other` (
  `order_id` mediumint(9) NOT NULL default '0',
  `description` varchar(64) NOT NULL default '',
  PRIMARY KEY  (`order_id`)
) ENGINE=MyISAM DEFAULT CHARSET=utf8;

--
-- Dumping data for table `uc_payment_other`
--



--
-- Table structure for table `uc_payment_paypal_ipn`
--

CREATE TABLE `uc_payment_paypal_ipn` (
  `order_id` int(11) NOT NULL default '0',
  `txn_id` varchar(255) NOT NULL default '',
  `txn_type` varchar(255) NOT NULL default '',
  `mc_gross` varchar(255) NOT NULL default '',
  `status` varchar(255) NOT NULL default '',
  `receiver_email` varchar(255) NOT NULL default '',
  `payer_email` varchar(255) NOT NULL default '',
  `received` int(11) NOT NULL default '0',
  KEY `order_id` (`order_id`)
) ENGINE=MyISAM DEFAULT CHARSET=utf8;

--
-- Dumping data for table `uc_payment_paypal_ipn`
--


INSERT INTO `uc_payment_paypal_ipn` VALUES (56,'16W392869D903762B','cart','100.00','Completed','warche_1213932323_biz@gmail.com','warche_1213933008_per@gmail.com',1213933026),(57,'9N0659869P789361D','cart','19.97','Completed','warche_1213932323_biz@gmail.com','warche_1213934504_per@gmail.com',1213934484),(58,'17T4997184825671H','cart','19.97','Completed','warche_1213932323_biz@gmail.com','warche_1213934874_per@gmail.com',1213934832),(59,'0YV123156K267842J','cart','19.97','Completed','warche_1213932323_biz@gmail.com','warche_1213935342_per@gmail.com',1213935321),(60,'1B803341UP146093B','cart','19.97','Completed','warche_1213932323_biz@gmail.com','warche_1213935342_per@gmail.com',1213935661),(63,'1ML3167849920771B','cart','19.97','Completed','warche_1213932323_biz@gmail.com','warche_1213935342_per@gmail.com',1213970955),(64,'7P057228XJ990702U','cart','19.97','Completed','warche_1213932323_biz@gmail.com','warche_1213935342_per@gmail.com',1213971220),(65,'9B458326N8903691R','cart','19.97','Completed','warche_1213932323_biz@gmail.com','warche_1213935342_per@gmail.com',1213971769),(66,'31323765K89300913','cart','19.97','Completed','warche_1213932323_biz@gmail.com','warche_1213935342_per@gmail.com',1213971890),(67,'5AC69776X95324839','cart','19.97','Completed','warche_1213932323_biz@gmail.com','warche_1213935342_per@gmail.com',1213972004),(68,'6H549589XF844651J','cart','19.97','Completed','warche_1213932323_biz@gmail.com','warche_1213935342_per@gmail.com',1213972562),(72,'05T93231NG4686807','cart','19.97','Completed','warche_1213932323_biz@gmail.com','warche_1213935342_per@gmail.com',1214430279),(73,'0Y9717520Y0283646','cart','79.88','Completed','warche_1213932323_biz@gmail.com','warche_1213935342_per@gmail.com',1214430772),(76,'24H08335UJ098453M','cart','19.97','Completed','qualifysolutions@gmail.com','philip-spark@blueyonder.co.uk',1214852201),(79,'1ML74740PU726873G','cart','19.97','Completed','qualifysolutions@gmail.com','josephcorelli@yahoo.com.au',1214994175),(82,'4X338772DL932260K','cart','19.97','Completed','qualifysolutions@gmail.com','ls0007@hotmail.com',1215111806),(83,'9PJ36523BF442734S','cart','19.97','Completed','warche_1213932323_biz@gmail.com','warche_1213935342_per@gmail.com',1215113184),(85,'6M248104AU088524D','cart','39.94','Completed','warche_1213932323_biz@gmail.com','warche_1213935342_per@gmail.com',1215114243),(86,'6Y378210K7947473H','cart','19.97','Completed','warche_1213932323_biz@gmail.com','warche_1213935342_per@gmail.com',1215131254),(87,'3DF16611E3486890Y','cart','19.97','Completed','warche_1213932323_biz@gmail.com','warche_1213935342_per@gmail.com',1215132714),(88,'81M80901AV593484V','cart','19.97','Completed','warche_1213932323_biz@gmail.com','warche_1213935342_per@gmail.com',1215133246),(89,'8SG80243BL4493733','cart','19.97','Completed','warche_1213932323_biz@gmail.com','warche_1213935342_per@gmail.com',1215133484),(90,'4E921303041143124','cart','19.97','Completed','warche_1213932323_biz@gmail.com','warche_1213935342_per@gmail.com',1215133677),(92,'25068038C1000871E','cart','19.97','Completed','warche_1213932323_biz@gmail.com','warche_1213935342_per@gmail.com',1215186722),(94,'4UR76714PS0106847','cart','19.97','Completed','warche_1213932323_biz@gmail.com','warche_1213935342_per@gmail.com',1215195107),(95,'6M412555YL4749208','cart','19.97','Completed','warche_1213932323_biz@gmail.com','warche_1213935342_per@gmail.com',1215195349),(123,'14538610K1005632M','cart','19.97','Completed','qualifysolutions@gmail.com','fast2last@aol.com',1215712584),(125,'01377624JU858182A','cart','19.97','Completed','qualifysolutions@gmail.com','chechessee@embarqmail.com',1215787838),(127,'0L910055EL442872C','cart','19.97','Completed','qualifysolutions@gmail.com','thiodine@bigpond.net.au',1215844763),(131,'44636887R2896002W','cart','19.97','Completed','qualifysolutions@gmail.com','jeffriesinfo@cox.net',1215900655),(134,'49C165290G667320T','cart','19.97','Completed','qualifysolutions@gmail.com','kj.hall@ukonline.co.uk',1216060230),(135,'0F249038HA9528442','cart','19.97','Completed','qualifysolutions@gmail.com','joanie220@bellsouth.net',1216232781),(140,'8AS25300Y20645716','cart','19.97','Completed','qualifysolutions@gmail.com','cccoffee@myway.com',1216306253),(142,'6BV63509F7442551C','cart','19.97','Completed','qualifysolutions@gmail.com','town_countrytowing@hotmail.com',1216371476),(152,'4YW51774GY750584T','cart','19.97','Completed','qualifysolutions@gmail.com','salmusa@live.co.uk',1216498302),(153,'65V28615E9752303V','cart','19.97','Completed','qualifysolutions@gmail.com','town_countrytowing@hotmail.com',1216554910),(156,'14C94908E7810863P','cart','19.97','Completed','qualifysolutions@gmail.com','tnewton4@cogeco.ca',1216603936),(162,'24S60596WJ875105T','cart','19.97','Completed','qualifysolutions@gmail.com','jghallam7@bigpond.com',1216636228),(163,'0PF623675G529551B','cart','19.97','Completed','qualifysolutions@gmail.com','billstein36@bigpond.com',1216639880),(166,'9AC22050FK411853X','cart','19.97','Completed','qualifysolutions@gmail.com','jackreb2000@yahoo.com',1216659122),(168,'9AS11916LH566221R','cart','19.97','Completed','qualifysolutions@gmail.com','papeters50@hotmail.com',1216677268),(170,'312916517R2802012','cart','19.97','Completed','qualifysolutions@gmail.com','chuxder@yahoo.com',1216692301),(171,'7GE11989HN940682U','cart','19.97','Completed','qualifysolutions@gmail.com','jensnewmail@yahoo.com',1216698341),(172,'46M11873L32280439','cart','19.97','Completed','qualifysolutions@gmail.com','edrennon@sbcglobal.net',1216698398),(175,'1LK166396J943650L','cart','19.97','Completed','qualifysolutions@gmail.com','abell1@rcn.com',1216726446),(176,'93R29788D7835403R','cart','19.97','Completed','qualifysolutions@gmail.com','mai@lonhowell.wanadoo.co.uk',1216749298),(182,'9XL744239J700473A','cart','19.97','Completed','qualifysolutions@gmail.com','nelson07@shaw.ca',1216779406),(183,'0HV421896U291402D','cart','19.97','Completed','qualifysolutions@gmail.com','dad4u47@yahoo.com',1216780759),(188,'9XL084583B4374410','cart','19.97','Completed','qualifysolutions@gmail.com','cpmatharu@gmail.com',1216882967),(190,'1UW76638YW375432M','cart','19.97','Completed','qualifysolutions@gmail.com','oceanlady@comcast.net',1216954027),(192,'337852227F4691431','cart','19.97','Completed','qualifysolutions@gmail.com','tepeck@tpg.com.au',1216965580),(193,'73J53023AE103792W','cart','19.97','Completed','qualifysolutions@gmail.com','rlsmith@xplornet.com',1216993626),(194,'0RG267117W6070944','cart','19.97','Completed','qualifysolutions@gmail.com','stanjudymarks@yahoo.com',1216994922),(199,'82E363148T8196918','cart','19.97','Completed','qualifysolutions@gmail.com','j.simon@menfa.org.uk',1217069931),(202,'50F43266Y53459627','cart','19.97','Completed','qualifysolutions@gmail.com','rondastclare@yahoo.com',1217077633),(203,'4MX59614S4977652T','cart','19.97','Completed','qualifysolutions@gmail.com','jlgoode@earthlink.net',1217085808),(204,'61528054TF437862R','cart','19.97','Completed','qualifysolutions@gmail.com','kathysiebers@comcast.net',1217178892),(207,'3SH41255HT907153V','subscr_payment','19.97','Completed','warche_1213932323_biz@gmail.com','rafael101980@hotmail.com',1217201174),(207,'','subscr_signup','','','warche_1213932323_biz@gmail.com','rafael101980@hotmail.com',1217201176),(215,'','subscr_signup','','','qualifysolutions@gmail.com','dsldude51@yahoo.com',1217391183),(215,'8LY29041VK4877322','subscr_payment','19.97','Completed','qualifysolutions@gmail.com','dsldude51@yahoo.com',1217391183);

--
-- Table structure for table `uc_payment_receipts`
--

CREATE TABLE `uc_payment_receipts` (
  `receipt_id` mediumint(9) NOT NULL default '0',
  `order_id` mediumint(9) NOT NULL default '0',
  `method` varchar(32) NOT NULL default '',
  `amount` decimal(10,2) NOT NULL default '0.00',
  `uid` mediumint(9) NOT NULL default '0',
  `data` text NOT NULL,
  `comment` tinytext NOT NULL,
  `received` int(11) NOT NULL default '0',
  PRIMARY KEY  (`receipt_id`),
  KEY `order_id` (`order_id`)
) ENGINE=MyISAM DEFAULT CHARSET=utf8;

--
-- Dumping data for table `uc_payment_receipts`
--


INSERT INTO `uc_payment_receipts` VALUES (1,56,'PayPal','100.00',141,'','PayPal transaction ID: 16W392869D903762B',1213933026),(2,57,'PayPal','19.97',0,'','PayPal transaction ID: 9N0659869P789361D',1213934484),(3,58,'PayPal','19.97',0,'','PayPal transaction ID: 17T4997184825671H',1213934832),(4,59,'PayPal','19.97',0,'','PayPal transaction ID: 0YV123156K267842J',1213935321),(5,60,'PayPal','19.97',0,'','PayPal transaction ID: 1B803341UP146093B',1213935661),(6,63,'PayPal','19.97',0,'','PayPal transaction ID: 1ML3167849920771B',1213970955),(7,64,'PayPal','19.97',0,'','PayPal transaction ID: 7P057228XJ990702U',1213971220),(8,65,'PayPal','19.97',0,'','PayPal transaction ID: 9B458326N8903691R',1213971769),(9,66,'PayPal','19.97',159,'','PayPal transaction ID: 31323765K89300913',1213971890),(10,67,'PayPal','19.97',160,'','PayPal transaction ID: 5AC69776X95324839',1213972004),(11,68,'PayPal','19.97',0,'','PayPal transaction ID: 6H549589XF844651J',1213972562),(12,72,'PayPal','19.97',0,'','PayPal transaction ID: 05T93231NG4686807',1214430279),(13,73,'PayPal','79.88',1,'','PayPal transaction ID: 0Y9717520Y0283646',1214430772),(14,76,'PayPal','19.97',0,'','PayPal transaction ID: 24H08335UJ098453M',1214852201),(15,79,'PayPal','19.97',0,'','PayPal transaction ID: 1ML74740PU726873G',1214994175),(16,82,'PayPal','19.97',0,'','PayPal transaction ID: 4X338772DL932260K',1215111806),(17,83,'PayPal','19.97',0,'','PayPal transaction ID: 9PJ36523BF442734S',1215113184),(18,85,'PayPal','39.94',168,'','PayPal transaction ID: 6M248104AU088524D',1215114243),(19,86,'PayPal','19.97',170,'','PayPal transaction ID: 6Y378210K7947473H',1215131254),(20,87,'PayPal','19.97',171,'','PayPal transaction ID: 3DF16611E3486890Y',1215132714),(21,88,'PayPal','19.97',172,'','PayPal transaction ID: 81M80901AV593484V',1215133246),(22,89,'PayPal','19.97',0,'','PayPal transaction ID: 8SG80243BL4493733',1215133484),(23,90,'PayPal','19.97',0,'','PayPal transaction ID: 4E921303041143124',1215133677),(24,92,'PayPal','19.97',0,'','PayPal transaction ID: 25068038C1000871E',1215186722),(25,94,'PayPal','19.97',0,'','PayPal transaction ID: 4UR76714PS0106847',1215195107),(26,95,'PayPal','19.97',0,'','PayPal transaction ID: 6M412555YL4749208',1215195349),(27,123,'PayPal','19.97',0,'','PayPal transaction ID: 14538610K1005632M',1215712584),(28,125,'PayPal','19.97',0,'','PayPal transaction ID: 01377624JU858182A',1215787838),(29,127,'PayPal','19.97',0,'','PayPal transaction ID: 0L910055EL442872C',1215844763),(30,131,'PayPal','19.97',0,'','PayPal transaction ID: 44636887R2896002W',1215900655),(31,134,'PayPal','19.97',0,'','PayPal transaction ID: 49C165290G667320T',1216060230),(32,135,'PayPal','19.97',0,'','PayPal transaction ID: 0F249038HA9528442',1216232781),(33,140,'PayPal','19.97',0,'','PayPal transaction ID: 8AS25300Y20645716',1216306253),(34,142,'PayPal','19.97',0,'','PayPal transaction ID: 6BV63509F7442551C',1216371476),(35,152,'PayPal','19.97',0,'','PayPal transaction ID: 4YW51774GY750584T',1216498302),(36,153,'PayPal','19.97',0,'','PayPal transaction ID: 65V28615E9752303V',1216554910),(37,156,'PayPal','19.97',0,'','PayPal transaction ID: 14C94908E7810863P',1216603936),(38,162,'PayPal','19.97',0,'','PayPal transaction ID: 24S60596WJ875105T',1216636228),(39,163,'PayPal','19.97',0,'','PayPal transaction ID: 0PF623675G529551B',1216639880),(40,166,'PayPal','19.97',0,'','PayPal transaction ID: 9AC22050FK411853X',1216659122),(41,168,'PayPal','19.97',0,'','PayPal transaction ID: 9AS11916LH566221R',1216677268),(42,170,'PayPal','19.97',0,'','PayPal transaction ID: 312916517R2802012',1216692301),(43,171,'PayPal','19.97',0,'','PayPal transaction ID: 7GE11989HN940682U',1216698341),(44,172,'PayPal','19.97',0,'','PayPal transaction ID: 46M11873L32280439',1216698398),(45,175,'PayPal','19.97',0,'','PayPal transaction ID: 1LK166396J943650L',1216726446),(46,176,'PayPal','19.97',0,'','PayPal transaction ID: 93R29788D7835403R',1216749298),(47,182,'PayPal','19.97',0,'','PayPal transaction ID: 9XL744239J700473A',1216779406),(48,183,'PayPal','19.97',0,'','PayPal transaction ID: 0HV421896U291402D',1216780759),(49,188,'PayPal','19.97',0,'','PayPal transaction ID: 9XL084583B4374410',1216882967),(50,190,'PayPal','19.97',0,'','PayPal transaction ID: 1UW76638YW375432M',1216954027),(51,192,'PayPal','19.97',0,'','PayPal transaction ID: 337852227F4691431',1216965580),(52,193,'PayPal','19.97',0,'','PayPal transaction ID: 73J53023AE103792W',1216993626),(53,194,'PayPal','19.97',0,'','PayPal transaction ID: 0RG267117W6070944',1216994922),(54,199,'PayPal','19.97',0,'','PayPal transaction ID: 82E363148T8196918',1217069931),(55,202,'PayPal','19.97',0,'','PayPal transaction ID: 50F43266Y53459627',1217077633),(56,203,'PayPal','19.97',0,'','PayPal transaction ID: 4MX59614S4977652T',1217085808),(57,204,'PayPal','19.97',0,'','PayPal transaction ID: 61528054TF437862R',1217178892),(58,207,'PayPal','19.97',0,'','PayPal transaction ID: 3SH41255HT907153V',1217201174),(59,215,'PayPal','19.97',0,'','PayPal transaction ID: 8LY29041VK4877322',1217391183);

--
-- Table structure for table `uc_paypal_buttons`
--

CREATE TABLE `uc_paypal_buttons` (
  `invoice_id` int(11) NOT NULL default '0',
  `options` text,
  `ipn` text,
  `data` text,
  PRIMARY KEY  (`invoice_id`)
) ENGINE=MyISAM DEFAULT CHARSET=utf8;

--
-- Dumping data for table `uc_paypal_buttons`
--


INSERT INTO `uc_paypal_buttons` VALUES (207,'a:15:{s:3:\"cmd\";s:21:\"_xclick-subscriptions\";s:9:\"item_name\";s:29:\"Joint Pain Comfort Membership\";s:11:\"item_number\";s:3:\"JPM\";s:8:\"quantity\";i:1;s:7:\"invoice\";s:16:\"207-SUBSCRIPTION\";s:2:\"a3\";s:5:\"19.97\";s:2:\"p3\";i:12;s:2:\"t3\";s:1:\"M\";s:3:\"src\";i:1;s:5:\"retry\";i:1;s:6:\"return\";s:68:\"http://jointpaincomfort.com/?q=content/joint-pain-comfort-membership\";s:13:\"cancel_return\";s:68:\"http://jointpaincomfort.com/?q=content/joint-pain-comfort-membership\";s:7:\"no_note\";i:1;s:11:\"no_shipping\";s:1:\"1\";s:13:\"currency_code\";s:3:\"USD\";}','a:24:{s:8:\"txn_type\";s:13:\"subscr_signup\";s:9:\"subscr_id\";s:19:\"S-6CC07228W4163004E\";s:9:\"last_name\";s:4:\"sasa\";s:17:\"residence_country\";s:2:\"UY\";s:11:\"mc_currency\";s:3:\"USD\";s:9:\"item_name\";s:29:\"Joint Pain Comfort Membership\";s:8:\"business\";s:31:\"warche_1213932323_biz@gmail.com\";s:7:\"amount3\";s:5:\"19.97\";s:9:\"recurring\";s:1:\"1\";s:11:\"verify_sign\";s:56:\"AVUV.8nKj0dI2rdytpd..h-4aYwYAbTZCFI5CZtvOn0XacntuoOPMyEJ\";s:12:\"payer_status\";s:10:\"unverified\";s:8:\"test_ipn\";s:1:\"1\";s:11:\"payer_email\";s:24:\"rafael101980@hotmail.com\";s:10:\"first_name\";s:4:\"rafa\";s:14:\"receiver_email\";s:31:\"warche_1213932323_biz@gmail.com\";s:8:\"payer_id\";s:13:\"D29EH2EVH8RVN\";s:7:\"invoice\";s:16:\"207-SUBSCRIPTION\";s:9:\"reattempt\";s:1:\"0\";s:11:\"item_number\";s:3:\"JPM\";s:11:\"subscr_date\";s:25:\"16:26:31 Jul 27, 2008 PDT\";s:7:\"charset\";s:12:\"windows-1252\";s:14:\"notify_version\";s:3:\"2.4\";s:7:\"period3\";s:4:\"12 M\";s:10:\"mc_amount3\";s:5:\"19.97\";}','a:2:{s:7:\"payment\";i:3;s:5:\"subid\";i:1;}'),(208,'a:15:{s:3:\"cmd\";s:21:\"_xclick-subscriptions\";s:9:\"item_name\";s:29:\"Joint Pain Comfort Membership\";s:11:\"item_number\";s:3:\"JPM\";s:8:\"quantity\";i:1;s:7:\"invoice\";s:16:\"208-SUBSCRIPTION\";s:2:\"a3\";s:5:\"19.97\";s:2:\"p3\";i:12;s:2:\"t3\";s:1:\"M\";s:3:\"src\";i:1;s:5:\"retry\";i:1;s:6:\"return\";s:68:\"http://jointpaincomfort.com/?q=content/joint-pain-comfort-membership\";s:13:\"cancel_return\";s:68:\"http://jointpaincomfort.com/?q=content/joint-pain-comfort-membership\";s:7:\"no_note\";i:1;s:11:\"no_shipping\";s:1:\"1\";s:13:\"currency_code\";s:3:\"USD\";}',NULL,NULL),(209,'a:15:{s:3:\"cmd\";s:21:\"_xclick-subscriptions\";s:9:\"item_name\";s:29:\"Joint Pain Comfort Membership\";s:11:\"item_number\";s:3:\"JPM\";s:8:\"quantity\";i:1;s:7:\"invoice\";s:16:\"209-SUBSCRIPTION\";s:2:\"a3\";s:5:\"19.97\";s:2:\"p3\";i:12;s:2:\"t3\";s:1:\"M\";s:3:\"src\";i:1;s:5:\"retry\";i:1;s:6:\"return\";s:68:\"http://jointpaincomfort.com/?q=content/joint-pain-comfort-membership\";s:13:\"cancel_return\";s:68:\"http://jointpaincomfort.com/?q=content/joint-pain-comfort-membership\";s:7:\"no_note\";i:1;s:11:\"no_shipping\";s:1:\"1\";s:13:\"currency_code\";s:3:\"USD\";}',NULL,NULL),(210,'a:15:{s:3:\"cmd\";s:21:\"_xclick-subscriptions\";s:9:\"item_name\";s:29:\"Joint Pain Comfort Membership\";s:11:\"item_number\";s:3:\"JPM\";s:8:\"quantity\";i:1;s:7:\"invoice\";s:16:\"210-SUBSCRIPTION\";s:2:\"a3\";s:5:\"19.97\";s:2:\"p3\";i:12;s:2:\"t3\";s:1:\"M\";s:3:\"src\";i:1;s:5:\"retry\";i:1;s:6:\"return\";s:68:\"http://jointpaincomfort.com/?q=content/joint-pain-comfort-membership\";s:13:\"cancel_return\";s:68:\"http://jointpaincomfort.com/?q=content/joint-pain-comfort-membership\";s:7:\"no_note\";i:1;s:11:\"no_shipping\";s:1:\"1\";s:13:\"currency_code\";s:3:\"USD\";}',NULL,NULL),(211,'a:15:{s:3:\"cmd\";s:21:\"_xclick-subscriptions\";s:9:\"item_name\";s:29:\"Joint Pain Comfort Membership\";s:11:\"item_number\";s:3:\"JPM\";s:8:\"quantity\";i:1;s:7:\"invoice\";s:16:\"211-SUBSCRIPTION\";s:2:\"a3\";s:5:\"19.97\";s:2:\"p3\";i:12;s:2:\"t3\";s:1:\"M\";s:3:\"src\";i:1;s:5:\"retry\";i:1;s:6:\"return\";s:68:\"http://jointpaincomfort.com/?q=content/joint-pain-comfort-membership\";s:13:\"cancel_return\";s:68:\"http://jointpaincomfort.com/?q=content/joint-pain-comfort-membership\";s:7:\"no_note\";i:1;s:11:\"no_shipping\";s:1:\"1\";s:13:\"currency_code\";s:3:\"USD\";}',NULL,NULL),(212,'a:15:{s:3:\"cmd\";s:21:\"_xclick-subscriptions\";s:9:\"item_name\";s:29:\"Joint Pain Comfort Membership\";s:11:\"item_number\";s:3:\"JPM\";s:8:\"quantity\";i:1;s:7:\"invoice\";s:16:\"212-SUBSCRIPTION\";s:2:\"a3\";s:5:\"19.97\";s:2:\"p3\";i:12;s:2:\"t3\";s:1:\"M\";s:3:\"src\";i:1;s:5:\"retry\";i:1;s:6:\"return\";s:68:\"http://jointpaincomfort.com/?q=content/joint-pain-comfort-membership\";s:13:\"cancel_return\";s:68:\"http://jointpaincomfort.com/?q=content/joint-pain-comfort-membership\";s:7:\"no_note\";i:1;s:11:\"no_shipping\";s:1:\"1\";s:13:\"currency_code\";s:3:\"USD\";}',NULL,NULL),(213,'a:15:{s:3:\"cmd\";s:21:\"_xclick-subscriptions\";s:9:\"item_name\";s:29:\"Joint Pain Comfort Membership\";s:11:\"item_number\";s:3:\"JPM\";s:8:\"quantity\";i:1;s:7:\"invoice\";s:16:\"213-SUBSCRIPTION\";s:2:\"a3\";s:5:\"19.97\";s:2:\"p3\";i:12;s:2:\"t3\";s:1:\"M\";s:3:\"src\";i:1;s:5:\"retry\";i:1;s:6:\"return\";s:68:\"http://jointpaincomfort.com/?q=content/joint-pain-comfort-membership\";s:13:\"cancel_return\";s:68:\"http://jointpaincomfort.com/?q=content/joint-pain-comfort-membership\";s:7:\"no_note\";i:1;s:11:\"no_shipping\";s:1:\"1\";s:13:\"currency_code\";s:3:\"USD\";}',NULL,NULL),(214,'a:15:{s:3:\"cmd\";s:21:\"_xclick-subscriptions\";s:9:\"item_name\";s:29:\"Joint Pain Comfort Membership\";s:11:\"item_number\";s:3:\"JPM\";s:8:\"quantity\";i:1;s:7:\"invoice\";s:16:\"214-SUBSCRIPTION\";s:2:\"a3\";s:5:\"19.97\";s:2:\"p3\";i:12;s:2:\"t3\";s:1:\"M\";s:3:\"src\";i:1;s:5:\"retry\";i:1;s:6:\"return\";s:68:\"http://jointpaincomfort.com/?q=content/joint-pain-comfort-membership\";s:13:\"cancel_return\";s:68:\"http://jointpaincomfort.com/?q=content/joint-pain-comfort-membership\";s:7:\"no_note\";i:1;s:11:\"no_shipping\";s:1:\"1\";s:13:\"currency_code\";s:3:\"USD\";}',NULL,NULL),(215,'a:15:{s:3:\"cmd\";s:21:\"_xclick-subscriptions\";s:9:\"item_name\";s:29:\"Joint Pain Comfort Membership\";s:11:\"item_number\";s:3:\"JPM\";s:8:\"quantity\";i:1;s:7:\"invoice\";s:16:\"215-SUBSCRIPTION\";s:2:\"a3\";s:5:\"19.97\";s:2:\"p3\";i:12;s:2:\"t3\";s:1:\"M\";s:3:\"src\";i:1;s:5:\"retry\";i:1;s:6:\"return\";s:68:\"http://jointpaincomfort.com/?q=content/joint-pain-comfort-membership\";s:13:\"cancel_return\";s:68:\"http://jointpaincomfort.com/?q=content/joint-pain-comfort-membership\";s:7:\"no_note\";i:1;s:11:\"no_shipping\";s:1:\"1\";s:13:\"currency_code\";s:3:\"USD\";}','a:23:{s:8:\"txn_type\";s:13:\"subscr_signup\";s:9:\"subscr_id\";s:19:\"S-9TL284750X030611P\";s:9:\"last_name\";s:5:\"Evans\";s:17:\"residence_country\";s:2:\"US\";s:11:\"mc_currency\";s:3:\"USD\";s:9:\"item_name\";s:29:\"Joint Pain Comfort Membership\";s:8:\"business\";s:26:\"qualifysolutions@gmail.com\";s:7:\"amount3\";s:5:\"19.97\";s:9:\"recurring\";s:1:\"1\";s:11:\"verify_sign\";s:56:\"AQLGtM8fFD2avzZ.s3nPkwqyZfwIANtejEr5T8d2Ee280rb2wq8LQ.QM\";s:12:\"payer_status\";s:10:\"unverified\";s:11:\"payer_email\";s:19:\"dsldude51@yahoo.com\";s:10:\"first_name\";s:4:\"Greg\";s:14:\"receiver_email\";s:26:\"qualifysolutions@gmail.com\";s:8:\"payer_id\";s:13:\"DKMYLAEMEZ32A\";s:7:\"invoice\";s:16:\"215-SUBSCRIPTION\";s:9:\"reattempt\";s:1:\"0\";s:11:\"item_number\";s:3:\"JPM\";s:11:\"subscr_date\";s:25:\"21:13:49 Jul 29, 2008 PDT\";s:7:\"charset\";s:12:\"windows-1252\";s:14:\"notify_version\";s:3:\"2.4\";s:7:\"period3\";s:4:\"12 M\";s:10:\"mc_amount3\";s:5:\"19.97\";}','a:2:{s:7:\"payment\";i:3;s:5:\"subid\";i:2;}'),(216,'a:15:{s:3:\"cmd\";s:21:\"_xclick-subscriptions\";s:9:\"item_name\";s:29:\"Joint Pain Comfort Membership\";s:11:\"item_number\";s:3:\"JPM\";s:8:\"quantity\";i:1;s:7:\"invoice\";s:16:\"216-SUBSCRIPTION\";s:2:\"a3\";s:5:\"19.97\";s:2:\"p3\";i:12;s:2:\"t3\";s:1:\"M\";s:3:\"src\";i:1;s:5:\"retry\";i:1;s:6:\"return\";s:68:\"http://jointpaincomfort.com/?q=content/joint-pain-comfort-membership\";s:13:\"cancel_return\";s:68:\"http://jointpaincomfort.com/?q=content/joint-pain-comfort-membership\";s:7:\"no_note\";i:1;s:11:\"no_shipping\";s:1:\"1\";s:13:\"currency_code\";s:3:\"USD\";}',NULL,NULL),(217,'a:15:{s:3:\"cmd\";s:21:\"_xclick-subscriptions\";s:9:\"item_name\";s:29:\"Joint Pain Comfort Membership\";s:11:\"item_number\";s:3:\"JPM\";s:8:\"quantity\";i:1;s:7:\"invoice\";s:16:\"217-SUBSCRIPTION\";s:2:\"a3\";s:5:\"19.97\";s:2:\"p3\";i:12;s:2:\"t3\";s:1:\"M\";s:3:\"src\";i:1;s:5:\"retry\";i:1;s:6:\"return\";s:68:\"http://jointpaincomfort.com/?q=content/joint-pain-comfort-membership\";s:13:\"cancel_return\";s:68:\"http://jointpaincomfort.com/?q=content/joint-pain-comfort-membership\";s:7:\"no_note\";i:1;s:11:\"no_shipping\";s:1:\"1\";s:13:\"currency_code\";s:3:\"USD\";}',NULL,NULL),(218,'a:15:{s:3:\"cmd\";s:21:\"_xclick-subscriptions\";s:9:\"item_name\";s:29:\"Joint Pain Comfort Membership\";s:11:\"item_number\";s:3:\"JPM\";s:8:\"quantity\";i:1;s:7:\"invoice\";s:16:\"218-SUBSCRIPTION\";s:2:\"a3\";s:5:\"19.97\";s:2:\"p3\";i:12;s:2:\"t3\";s:1:\"M\";s:3:\"src\";i:1;s:5:\"retry\";i:1;s:6:\"return\";s:68:\"http://jointpaincomfort.com/?q=content/joint-pain-comfort-membership\";s:13:\"cancel_return\";s:68:\"http://jointpaincomfort.com/?q=content/joint-pain-comfort-membership\";s:7:\"no_note\";i:1;s:11:\"no_shipping\";s:1:\"1\";s:13:\"currency_code\";s:3:\"USD\";}',NULL,NULL),(219,'a:15:{s:3:\"cmd\";s:21:\"_xclick-subscriptions\";s:9:\"item_name\";s:29:\"Joint Pain Comfort Membership\";s:11:\"item_number\";s:3:\"JPM\";s:8:\"quantity\";i:1;s:7:\"invoice\";s:16:\"219-SUBSCRIPTION\";s:2:\"a3\";s:5:\"19.97\";s:2:\"p3\";i:12;s:2:\"t3\";s:1:\"M\";s:3:\"src\";i:1;s:5:\"retry\";i:1;s:6:\"return\";s:68:\"http://jointpaincomfort.com/?q=content/joint-pain-comfort-membership\";s:13:\"cancel_return\";s:68:\"http://jointpaincomfort.com/?q=content/joint-pain-comfort-membership\";s:7:\"no_note\";i:1;s:11:\"no_shipping\";s:1:\"1\";s:13:\"currency_code\";s:3:\"USD\";}',NULL,NULL),(220,'a:15:{s:3:\"cmd\";s:21:\"_xclick-subscriptions\";s:9:\"item_name\";s:29:\"Joint Pain Comfort Membership\";s:11:\"item_number\";s:3:\"JPM\";s:8:\"quantity\";i:1;s:7:\"invoice\";s:16:\"220-SUBSCRIPTION\";s:2:\"a3\";s:5:\"19.97\";s:2:\"p3\";i:12;s:2:\"t3\";s:1:\"M\";s:3:\"src\";i:1;s:5:\"retry\";i:1;s:6:\"return\";s:68:\"http://jointpaincomfort.com/?q=content/joint-pain-comfort-membership\";s:13:\"cancel_return\";s:68:\"http://jointpaincomfort.com/?q=content/joint-pain-comfort-membership\";s:7:\"no_note\";i:1;s:11:\"no_shipping\";s:1:\"1\";s:13:\"currency_code\";s:3:\"USD\";}',NULL,NULL),(221,'a:15:{s:3:\"cmd\";s:21:\"_xclick-subscriptions\";s:9:\"item_name\";s:29:\"Joint Pain Comfort Membership\";s:11:\"item_number\";s:3:\"JPM\";s:8:\"quantity\";i:1;s:7:\"invoice\";s:16:\"221-SUBSCRIPTION\";s:2:\"a3\";s:5:\"19.97\";s:2:\"p3\";i:12;s:2:\"t3\";s:1:\"M\";s:3:\"src\";i:1;s:5:\"retry\";i:1;s:6:\"return\";s:68:\"http://jointpaincomfort.com/?q=content/joint-pain-comfort-membership\";s:13:\"cancel_return\";s:68:\"http://jointpaincomfort.com/?q=content/joint-pain-comfort-membership\";s:7:\"no_note\";i:1;s:11:\"no_shipping\";s:1:\"1\";s:13:\"currency_code\";s:3:\"USD\";}',NULL,NULL),(222,'a:15:{s:3:\"cmd\";s:21:\"_xclick-subscriptions\";s:9:\"item_name\";s:29:\"Joint Pain Comfort Membership\";s:11:\"item_number\";s:3:\"JPM\";s:8:\"quantity\";i:1;s:7:\"invoice\";s:16:\"222-SUBSCRIPTION\";s:2:\"a3\";s:5:\"19.97\";s:2:\"p3\";i:12;s:2:\"t3\";s:1:\"M\";s:3:\"src\";i:1;s:5:\"retry\";i:1;s:6:\"return\";s:68:\"http://jointpaincomfort.com/?q=content/joint-pain-comfort-membership\";s:13:\"cancel_return\";s:68:\"http://jointpaincomfort.com/?q=content/joint-pain-comfort-membership\";s:7:\"no_note\";i:1;s:11:\"no_shipping\";s:1:\"1\";s:13:\"currency_code\";s:3:\"USD\";}',NULL,NULL),(223,'a:15:{s:3:\"cmd\";s:21:\"_xclick-subscriptions\";s:9:\"item_name\";s:29:\"Joint Pain Comfort Membership\";s:11:\"item_number\";s:3:\"JPM\";s:8:\"quantity\";i:1;s:7:\"invoice\";s:16:\"223-SUBSCRIPTION\";s:2:\"a3\";s:5:\"19.97\";s:2:\"p3\";i:12;s:2:\"t3\";s:1:\"M\";s:3:\"src\";i:1;s:5:\"retry\";i:1;s:6:\"return\";s:68:\"http://jointpaincomfort.com/?q=content/joint-pain-comfort-membership\";s:13:\"cancel_return\";s:68:\"http://jointpaincomfort.com/?q=content/joint-pain-comfort-membership\";s:7:\"no_note\";i:1;s:11:\"no_shipping\";s:1:\"1\";s:13:\"currency_code\";s:3:\"USD\";}',NULL,NULL),(224,'a:15:{s:3:\"cmd\";s:21:\"_xclick-subscriptions\";s:9:\"item_name\";s:29:\"Joint Pain Comfort Membership\";s:11:\"item_number\";s:3:\"JPM\";s:8:\"quantity\";i:1;s:7:\"invoice\";s:16:\"224-SUBSCRIPTION\";s:2:\"a3\";s:5:\"19.97\";s:2:\"p3\";i:12;s:2:\"t3\";s:1:\"M\";s:3:\"src\";i:1;s:5:\"retry\";i:1;s:6:\"return\";s:68:\"http://jointpaincomfort.com/?q=content/joint-pain-comfort-membership\";s:13:\"cancel_return\";s:68:\"http://jointpaincomfort.com/?q=content/joint-pain-comfort-membership\";s:7:\"no_note\";i:1;s:11:\"no_shipping\";s:1:\"1\";s:13:\"currency_code\";s:3:\"USD\";}',NULL,NULL),(225,'a:15:{s:3:\"cmd\";s:21:\"_xclick-subscriptions\";s:9:\"item_name\";s:29:\"Joint Pain Comfort Membership\";s:11:\"item_number\";s:3:\"JPM\";s:8:\"quantity\";i:1;s:7:\"invoice\";s:16:\"225-SUBSCRIPTION\";s:2:\"a3\";s:5:\"19.97\";s:2:\"p3\";i:12;s:2:\"t3\";s:1:\"M\";s:3:\"src\";i:1;s:5:\"retry\";i:1;s:6:\"return\";s:68:\"http://jointpaincomfort.com/?q=content/joint-pain-comfort-membership\";s:13:\"cancel_return\";s:68:\"http://jointpaincomfort.com/?q=content/joint-pain-comfort-membership\";s:7:\"no_note\";i:1;s:11:\"no_shipping\";s:1:\"1\";s:13:\"currency_code\";s:3:\"USD\";}',NULL,NULL),(226,'a:15:{s:3:\"cmd\";s:21:\"_xclick-subscriptions\";s:9:\"item_name\";s:29:\"Joint Pain Comfort Membership\";s:11:\"item_number\";s:3:\"JPM\";s:8:\"quantity\";i:1;s:7:\"invoice\";s:16:\"226-SUBSCRIPTION\";s:2:\"a3\";s:5:\"19.97\";s:2:\"p3\";i:12;s:2:\"t3\";s:1:\"M\";s:3:\"src\";i:1;s:5:\"retry\";i:1;s:6:\"return\";s:68:\"http://jointpaincomfort.com/?q=content/joint-pain-comfort-membership\";s:13:\"cancel_return\";s:68:\"http://jointpaincomfort.com/?q=content/joint-pain-comfort-membership\";s:7:\"no_note\";i:1;s:11:\"no_shipping\";s:1:\"1\";s:13:\"currency_code\";s:3:\"USD\";}',NULL,NULL),(227,'a:15:{s:3:\"cmd\";s:21:\"_xclick-subscriptions\";s:9:\"item_name\";s:29:\"Joint Pain Comfort Membership\";s:11:\"item_number\";s:3:\"JPM\";s:8:\"quantity\";i:1;s:7:\"invoice\";s:16:\"227-SUBSCRIPTION\";s:2:\"a3\";s:5:\"19.97\";s:2:\"p3\";i:1;s:2:\"t3\";s:1:\"M\";s:3:\"src\";i:1;s:5:\"retry\";i:1;s:6:\"return\";s:68:\"http://jointpaincomfort.com/?q=content/joint-pain-comfort-membership\";s:13:\"cancel_return\";s:68:\"http://jointpaincomfort.com/?q=content/joint-pain-comfort-membership\";s:7:\"no_note\";i:1;s:11:\"no_shipping\";s:1:\"1\";s:13:\"currency_code\";s:3:\"USD\";}',NULL,NULL),(228,'a:15:{s:3:\"cmd\";s:21:\"_xclick-subscriptions\";s:9:\"item_name\";s:29:\"Joint Pain Comfort Membership\";s:11:\"item_number\";s:3:\"JPM\";s:8:\"quantity\";i:1;s:7:\"invoice\";s:16:\"228-SUBSCRIPTION\";s:2:\"a3\";s:5:\"19.97\";s:2:\"p3\";i:1;s:2:\"t3\";s:1:\"M\";s:3:\"src\";i:1;s:5:\"retry\";i:1;s:6:\"return\";s:68:\"http://jointpaincomfort.com/?q=content/joint-pain-comfort-membership\";s:13:\"cancel_return\";s:68:\"http://jointpaincomfort.com/?q=content/joint-pain-comfort-membership\";s:7:\"no_note\";i:1;s:11:\"no_shipping\";s:1:\"1\";s:13:\"currency_code\";s:3:\"USD\";}',NULL,NULL),(229,'a:15:{s:3:\"cmd\";s:21:\"_xclick-subscriptions\";s:9:\"item_name\";s:29:\"Joint Pain Comfort Membership\";s:11:\"item_number\";s:3:\"JPM\";s:8:\"quantity\";i:1;s:7:\"invoice\";s:16:\"229-SUBSCRIPTION\";s:2:\"a3\";s:5:\"19.97\";s:2:\"p3\";i:1;s:2:\"t3\";s:1:\"M\";s:3:\"src\";i:1;s:5:\"retry\";i:1;s:6:\"return\";s:68:\"http://jointpaincomfort.com/?q=content/joint-pain-comfort-membership\";s:13:\"cancel_return\";s:68:\"http://jointpaincomfort.com/?q=content/joint-pain-comfort-membership\";s:7:\"no_note\";i:1;s:11:\"no_shipping\";s:1:\"1\";s:13:\"currency_code\";s:3:\"USD\";}',NULL,NULL);

--
-- Table structure for table `uc_product_adjustments`
--

CREATE TABLE `uc_product_adjustments` (
  `nid` mediumint(9) NOT NULL default '0',
  `combination` varchar(255) NOT NULL default '',
  `model` varchar(255) NOT NULL default '',
  PRIMARY KEY  (`nid`,`combination`)
) ENGINE=MyISAM DEFAULT CHARSET=utf8;

--
-- Dumping data for table `uc_product_adjustments`
--



--
-- Table structure for table `uc_product_attributes`
--

CREATE TABLE `uc_product_attributes` (
  `nid` mediumint(9) NOT NULL default '0',
  `aid` mediumint(9) NOT NULL default '0',
  `ordering` tinyint(2) NOT NULL default '0',
  `default_option` mediumint(9) NOT NULL default '0',
  `required` tinyint(2) NOT NULL default '0',
  `display` tinyint(2) NOT NULL default '1',
  PRIMARY KEY  (`nid`,`aid`)
) ENGINE=MyISAM DEFAULT CHARSET=utf8;

--
-- Dumping data for table `uc_product_attributes`
--



--
-- Table structure for table `uc_product_classes`
--

CREATE TABLE `uc_product_classes` (
  `pcid` varchar(32) NOT NULL default '',
  `name` varchar(255) NOT NULL default '',
  `description` text,
  PRIMARY KEY  (`pcid`)
) ENGINE=MyISAM DEFAULT CHARSET=utf8;

--
-- Dumping data for table `uc_product_classes`
--



--
-- Table structure for table `uc_product_features`
--

CREATE TABLE `uc_product_features` (
  `pfid` mediumint(9) NOT NULL default '0',
  `nid` mediumint(9) NOT NULL default '0',
  `fid` varchar(32) NOT NULL default '',
  `description` text,
  PRIMARY KEY  (`pfid`),
  KEY `nid` (`nid`)
) ENGINE=MyISAM DEFAULT CHARSET=utf8;

--
-- Dumping data for table `uc_product_features`
--


INSERT INTO `uc_product_features` VALUES (2,176,'role','<strong>SKU:</strong> JPM<br/><strong>Role:</strong> member<br/><strong>Expiration:</strong> never<br/><strong>Shippable:</strong> No<br/><strong>Multiply by Quantity:</strong> Yes'),(4,178,'role','When product Premium Subscription is purchased, add a fee for $9.99 charged first after 31 days and every 30 days after that 10 times.'),(5,176,'recurring','When product JPM is purchased, add a fee for $19.97 charged first after 1 months and every 1 months after that 4999 times.'),(6,182,'recurring','When product JPM is purchased, add a fee for $19.97 charged first after 1 months and every 1 months after that 299 times.'),(8,182,'role','<strong>SKU:</strong> JPM<br/><strong>Role:</strong> member<br/><strong>Expiration:</strong> 200 month(s)<br/><strong>Shippable:</strong> No<br/><strong>Multiply by Quantity:</strong> Yes'),(10,183,'uc_paypal_buttons_subscription','Provide PayPal subscription widget using text button.'),(12,183,'role','<strong>SKU:</strong> JPM<br/><strong>Role:</strong> member<br/><strong>Expiration:</strong> 36 month(s)<br/><strong>Shippable:</strong> No<br/><strong>Multiply by Quantity:</strong> Yes');

--
-- Table structure for table `uc_product_max`
--

CREATE TABLE `uc_product_max` (
  `nid` int(10) NOT NULL default '0',
  `product_max` mediumint(9) NOT NULL default '0',
  PRIMARY KEY  (`nid`)
) ENGINE=MyISAM DEFAULT CHARSET=utf8;

--
-- Dumping data for table `uc_product_max`
--


INSERT INTO `uc_product_max` VALUES (183,1);

--
-- Table structure for table `uc_product_options`
--

CREATE TABLE `uc_product_options` (
  `nid` mediumint(9) NOT NULL default '0',
  `oid` mediumint(9) NOT NULL default '0',
  `cost` decimal(10,2) NOT NULL default '0.00',
  `price` decimal(10,2) NOT NULL default '0.00',
  `weight` float NOT NULL default '0',
  `ordering` tinyint(2) NOT NULL default '0',
  PRIMARY KEY  (`nid`,`oid`)
) ENGINE=MyISAM DEFAULT CHARSET=utf8;

--
-- Dumping data for table `uc_product_options`
--



--
-- Table structure for table `uc_products`
--

CREATE TABLE `uc_products` (
  `vid` mediumint(9) NOT NULL default '0',
  `nid` mediumint(9) NOT NULL default '0',
  `model` varchar(255) NOT NULL default '',
  `list_price` decimal(10,2) NOT NULL default '0.00',
  `cost` decimal(10,2) NOT NULL default '0.00',
  `sell_price` decimal(10,2) NOT NULL default '0.00',
  `weight` float NOT NULL default '0',
  `weight_units` varchar(255) NOT NULL default 'lb',
  `length` float unsigned NOT NULL default '0',
  `width` float unsigned NOT NULL default '0',
  `height` float unsigned NOT NULL default '0',
  `length_units` varchar(255) NOT NULL default 'in',
  `pkg_qty` smallint(5) unsigned NOT NULL default '1',
  `default_qty` smallint(5) unsigned NOT NULL default '1',
  `unique_hash` varchar(32) NOT NULL default '',
  `ordering` tinyint(2) NOT NULL default '0',
  `shippable` tinyint(2) NOT NULL default '1',
  PRIMARY KEY  (`vid`)
) ENGINE=MyISAM DEFAULT CHARSET=utf8;

--
-- Dumping data for table `uc_products`
--


INSERT INTO `uc_products` VALUES (183,183,'JPM','19.97','19.97','19.97',0,'lb',0,0,0,'in',1,1,'e82318219010a059c481304b4d7cc36d',0,0);

--
-- Table structure for table `uc_recurring_products`
--

CREATE TABLE `uc_recurring_products` (
  `pfid` mediumint(9) NOT NULL default '0',
  `model` varchar(255) NOT NULL default '',
  `fee_amount` decimal(10,2) NOT NULL default '0.00',
  `initial_charge` varchar(255) NOT NULL default '',
  `regular_interval` varchar(255) NOT NULL default '',
  `number_intervals` smallint(4) NOT NULL default '0',
  PRIMARY KEY  (`pfid`)
) ENGINE=MyISAM DEFAULT CHARSET=utf8;

--
-- Dumping data for table `uc_recurring_products`
--


INSERT INTO `uc_recurring_products` VALUES (2,'Premium Subscription','9.99','30 days','30 days',12),(4,'Premium Subscription','9.99','31 days','30 days',11),(5,'JPM','19.97','1 months','1 months',5000),(6,'JPM','19.97','1 months','1 months',300),(9,'','19.97','1 months','1 months',200);

--
-- Table structure for table `uc_recurring_users`
--

CREATE TABLE `uc_recurring_users` (
  `rfid` mediumint(9) NOT NULL default '0',
  `uid` mediumint(9) NOT NULL default '0',
  `next_charge` int(11) NOT NULL default '0',
  `fee_amount` decimal(10,2) NOT NULL default '0.00',
  `regular_interval` varchar(255) NOT NULL default '',
  `remaining_intervals` smallint(4) NOT NULL default '0',
  `charged_intervals` smallint(4) NOT NULL default '0',
  `order_id` mediumint(9) NOT NULL default '0',
  `data` text NOT NULL,
  `created` int(11) NOT NULL default '0',
  PRIMARY KEY  (`rfid`)
) ENGINE=MyISAM DEFAULT CHARSET=utf8;

--
-- Dumping data for table `uc_recurring_users`
--



--
-- Table structure for table `uc_roles_expirations`
--

CREATE TABLE `uc_roles_expirations` (
  `uid` mediumint(11) NOT NULL default '0',
  `rid` mediumint(11) NOT NULL default '0',
  `expiration` int(11) NOT NULL default '0',
  `notified` tinyint(2) default NULL,
  KEY `uid` (`uid`),
  KEY `rid` (`rid`)
) ENGINE=MyISAM DEFAULT CHARSET=utf8;

--
-- Dumping data for table `uc_roles_expirations`
--


INSERT INTO `uc_roles_expirations` VALUES (1,5,1593121972,NULL),(168,5,1593805443,NULL),(176,5,1972577507,NULL),(177,5,1593886549,NULL),(185,5,1973094985,NULL),(186,5,1594479038,NULL),(188,5,1973283056,NULL),(190,5,1973442631,NULL),(193,5,1594923982,NULL),(195,5,1973688654,NULL),(196,5,1973753876,NULL),(198,5,1973880703,NULL),(199,5,1973986337,NULL),(200,5,1974018629,NULL),(201,5,1974022280,NULL),(202,5,1974041522,NULL),(203,5,1974059669,NULL),(205,5,1595383501,NULL),(207,5,1974080741,NULL),(208,5,1974108846,NULL),(209,5,1974131699,NULL),(211,5,1974161806,NULL),(212,5,1974163160,NULL),(213,5,1974265368,NULL),(214,5,1974336428,NULL),(215,5,1974347980,NULL),(216,5,1595684826,NULL),(217,5,1595686123,NULL),(218,5,1595761131,NULL),(220,5,1974460033,NULL),(221,5,1974468209,NULL),(222,5,1595870092,NULL),(224,5,1248737174,NULL),(227,5,1248927184,NULL);

--
-- Table structure for table `uc_roles_products`
--

CREATE TABLE `uc_roles_products` (
  `pfid` mediumint(9) NOT NULL default '0',
  `nid` int(10) NOT NULL default '0',
  `model` varchar(255) default NULL,
  `rid` mediumint(11) NOT NULL default '0',
  `duration` smallint(4) default NULL,
  `granularity` varchar(32) default NULL,
  `shippable` tinyint(1) NOT NULL default '0',
  `by_quantity` tinyint(1) NOT NULL default '0',
  KEY `pfid` (`pfid`),
  KEY `nid` (`nid`),
  KEY `model` (`model`),
  KEY `rid` (`rid`)
) ENGINE=MyISAM DEFAULT CHARSET=utf8;

--
-- Dumping data for table `uc_roles_products`
--


INSERT INTO `uc_roles_products` VALUES (12,183,'JPM',5,36,'month',0,1);

--
-- Table structure for table `uc_store_footers`
--

CREATE TABLE `uc_store_footers` (
  `path_hash` varchar(32) NOT NULL default '',
  `message` text NOT NULL,
  PRIMARY KEY  (`path_hash`)
) ENGINE=MyISAM DEFAULT CHARSET=utf8;

--
-- Dumping data for table `uc_store_footers`
--


INSERT INTO `uc_store_footers` VALUES ('d3c298ca72c49fbed61860647da88416','Powered by Ubercart, the <a href=\"http://www.ubercart.org/\">free shopping cart software</a>.'),('88776bafb302f60a464d0c0778f9f934','<a href=\"http://www.ubercart.org/\">Powered by Ubercart</a>'),('38bbd0c539f3c60070b3924498eeead3','Powered by Ubercart, the <a href=\"http://www.ubercart.org/\">free shopping cart software</a>.'),('ccf69bc4fce088442ac844d16e81cb35','<a href=\"http://www.ubercart.org/\">Powered by Ubercart</a>'),('dc38ac90cdd233142a5f008bebbefaed','Supported by Ubercart, an <a href=\"http://www.ubercart.org/\">open source e-commerce suite</a>.'),('d76f388562948a2f3f126024869884a9','<a href=\"http://www.ubercart.org/\">Powered by Ubercart</a>'),('45f76202e24256e42024fbc55363869c','<a href=\"http://www.ubercart.org/\">Drupal e-commerce</a> provided by Ubercart.'),('5ef3c4800188f2626cf8f4a8434815a7','Supported by Ubercart, an <a href=\"http://www.ubercart.org/\">open source e-commerce suite</a>.'),('68268fb1f63bdb37eaebbbabd0823aa9','<a href=\"http://www.ubercart.org/\">Powered by Ubercart</a>'),('99226d48d397b2a3412df4f91016aada','<a href=\"http://www.ubercart.org/\">Drupal e-commerce</a> provided by Ubercart.'),('0285a0352f6c16c346aca56055d6f6f4','Powered by Ubercart, the <a href=\"http://www.ubercart.org/\">free shopping cart software</a>.'),('54ae24e4e2c9b79ed452513e7e1fe77d','Supported by Ubercart, an <a href=\"http://www.ubercart.org/\">open source e-commerce suite</a>.'),('563983b39faa2c350cf2e21863461f36','Powered by Ubercart, the <a href=\"http://www.ubercart.org/\">free shopping cart software</a>.'),('2fcda1477e4e9efafbca68ace4536d37','Powered by Ubercart, the <a href=\"http://www.ubercart.org/\">free shopping cart software</a>.'),('8eb5a4e7529765c02c5477208eff41b9','Powered by Ubercart, the <a href=\"http://www.ubercart.org/\">free shopping cart software</a>.'),('e43b1805fe6bbc0303376516682028af','Supported by Ubercart, an <a href=\"http://www.ubercart.org/\">open source e-commerce suite</a>.'),('a8f6dc998b3bc72407fb9bb425db258f','Supported by Ubercart, an <a href=\"http://www.ubercart.org/\">open source e-commerce suite</a>.'),('191b45b8beec622b6bcf31a5b6266129','Supported by Ubercart, an <a href=\"http://www.ubercart.org/\">open source e-commerce suite</a>.'),('cb6ba1aa8a7881d4ebb7056d9a54a2fb','<a href=\"http://www.ubercart.org/\">Powered by Ubercart</a>'),('36c4536996ca5615dcf9911f068786dc','<a href=\"http://www.ubercart.org/\">Powered by Ubercart</a>'),('f9d14b003e52aee4a680ae1370f6435a','<a href=\"http://www.ubercart.org/\">Powered by Ubercart</a>'),('76c2a75449390f365dd21a8357758716','Supported by Ubercart, an <a href=\"http://www.ubercart.org/\">open source e-commerce suite</a>.'),('e64e7b35622060c368d8cf1b75a7a840','Supported by Ubercart, an <a href=\"http://www.ubercart.org/\">open source e-commerce suite</a>.'),('c45171dec7b76895b956a190c98f66df','Powered by Ubercart, the <a href=\"http://www.ubercart.org/\">free shopping cart software</a>.'),('c87d2f385db4e34e4a3970a556564c7f','Supported by Ubercart, an <a href=\"http://www.ubercart.org/\">open source e-commerce suite</a>.'),('7a1a7b8eaf11e55c4b95dc7e6c591c31','Powered by Ubercart, the <a href=\"http://www.ubercart.org/\">free shopping cart software</a>.'),('cfef98b6f38e755c0acb42f962dda1c6','<a href=\"http://www.ubercart.org/\">Drupal e-commerce</a> provided by Ubercart.'),('a2cf3c151c9f793b9c5f005847e69f20','Powered by Ubercart, the <a href=\"http://www.ubercart.org/\">free shopping cart software</a>.'),('3d1ba0f750aa3582ebb2ff979af173c6','Supported by Ubercart, an <a href=\"http://www.ubercart.org/\">open source e-commerce suite</a>.'),('8954fa31ee556afe717e67d3d0076b7b','<a href=\"http://www.ubercart.org/\">Drupal e-commerce</a> provided by Ubercart.'),('a9b739f18f76ea16862e9fe6197f01dd','<a href=\"http://www.ubercart.org/\">Powered by Ubercart</a>'),('0cdfb5539e5c495fc953996bf5d54972','<a href=\"http://www.ubercart.org/\">Powered by Ubercart</a>'),('774e23e9acb4155f3230ec58ded537fd','<a href=\"http://www.ubercart.org/\">Drupal e-commerce</a> provided by Ubercart.'),('0044bb15dfc3f5cec16a510984528f37','<a href=\"http://www.ubercart.org/\">Drupal e-commerce</a> provided by Ubercart.'),('8ad2a5497c47f5e7d4234f967097d432','<a href=\"http://www.ubercart.org/\">Powered by Ubercart</a>'),('e347785940bb34afec85c33b2933f46b','<a href=\"http://www.ubercart.org/\">Drupal e-commerce</a> provided by Ubercart.'),('6b50175e1538d3db230ea656a5c11f3d','<a href=\"http://www.ubercart.org/\">Powered by Ubercart</a>'),('8fd5b360bb78f5368357c7abe3f0b7ce','<a href=\"http://www.ubercart.org/\">Powered by Ubercart</a>'),('cb18dd21f84ecb34eadb0cdf269c94f2','Powered by Ubercart, the <a href=\"http://www.ubercart.org/\">free shopping cart software</a>.'),('54013ba69c196820e56801f1ef5aad54','Powered by Ubercart, the <a href=\"http://www.ubercart.org/\">free shopping cart software</a>.'),('8f3d41ea5f60a4bccd88ee9556b01762','<a href=\"http://www.ubercart.org/\">Powered by Ubercart</a>'),('2fb7bec4b590b45149dfc22edc7f5d10','<a href=\"http://www.ubercart.org/\">Powered by Ubercart</a>'),('a9e5ebc94fde1564954e27e1c2103c84','<a href=\"http://www.ubercart.org/\">Drupal e-commerce</a> provided by Ubercart.'),('60e441fabf57736b17ee1b9571116671','Supported by Ubercart, an <a href=\"http://www.ubercart.org/\">open source e-commerce suite</a>.'),('86f2d477df0d29fe024452a0460db7d7','Powered by Ubercart, the <a href=\"http://www.ubercart.org/\">free shopping cart software</a>.'),('6c802969fa63752fa9e0a9e1fb0da4ae','<a href=\"http://www.ubercart.org/\">Powered by Ubercart</a>'),('ee8369cae4fae47e55f2fa19580cc273','Powered by Ubercart, the <a href=\"http://www.ubercart.org/\">free shopping cart software</a>.'),('57762e29d4a26534016b38ea7bc7d297','<a href=\"http://www.ubercart.org/\">Powered by Ubercart</a>'),('c73cad870a23a81f974b2cf248c85d8e','<a href=\"http://www.ubercart.org/\">Powered by Ubercart</a>'),('4a18a9f2ba6642007658ce12dde79bb0','Supported by Ubercart, an <a href=\"http://www.ubercart.org/\">open source e-commerce suite</a>.'),('bf75bfe98a7173ddc30c8a099c4e1a1e','Powered by Ubercart, the <a href=\"http://www.ubercart.org/\">free shopping cart software</a>.'),('982e174c53ccaafbc596d5e14b1f817e','<a href=\"http://www.ubercart.org/\">Drupal e-commerce</a> provided by Ubercart.'),('eb5fc00df5640390b85d056b4a052c8f','Powered by Ubercart, the <a href=\"http://www.ubercart.org/\">free shopping cart software</a>.'),('88b931688eb6a3403e27a8481148a385','Powered by Ubercart, the <a href=\"http://www.ubercart.org/\">free shopping cart software</a>.'),('688be5138988c6a537ecb57a99ec0228','<a href=\"http://www.ubercart.org/\">Drupal e-commerce</a> provided by Ubercart.'),('0fa270e48ffae6cedd9937b3d74a14b2','Powered by Ubercart, the <a href=\"http://www.ubercart.org/\">free shopping cart software</a>.'),('c1dca9654eddf83e0addfb13d8f515b4','<a href=\"http://www.ubercart.org/\">Drupal e-commerce</a> provided by Ubercart.'),('30054f6c323a2cf35dbd779ce96f1c7e','Powered by Ubercart, the <a href=\"http://www.ubercart.org/\">free shopping cart software</a>.'),('2d84bcb24cf7d87336471eabd317babc','Powered by Ubercart, the <a href=\"http://www.ubercart.org/\">free shopping cart software</a>.'),('41941d4e0d797f7fd86398cc473e51b1','Powered by Ubercart, the <a href=\"http://www.ubercart.org/\">free shopping cart software</a>.'),('b4312e60fc58065937326dab4c2ec434','<a href=\"http://www.ubercart.org/\">Drupal e-commerce</a> provided by Ubercart.'),('5486b31cebdb8cb11b5488d30a75c7c4','<a href=\"http://www.ubercart.org/\">Powered by Ubercart</a>'),('732ed359bec55c01d1c74d8ceac7668a','<a href=\"http://www.ubercart.org/\">Drupal e-commerce</a> provided by Ubercart.'),('d211109870e10735bbacdadd8b7fde9d','<a href=\"http://www.ubercart.org/\">Drupal e-commerce</a> provided by Ubercart.'),('5c36833f2cebe35f6f381b91635d2448','Powered by Ubercart, the <a href=\"http://www.ubercart.org/\">free shopping cart software</a>.'),('21c8667ecafb0edc23dab6e91ec51ff1','Supported by Ubercart, an <a href=\"http://www.ubercart.org/\">open source e-commerce suite</a>.'),('7dccf8caf3ff12d7a6249fab30ff5a16','<a href=\"http://www.ubercart.org/\">Powered by Ubercart</a>'),('06c2bb78408b85eb75a8298a9809ec6d','<a href=\"http://www.ubercart.org/\">Powered by Ubercart</a>'),('834c77835262a2288af5f56537e58c99','<a href=\"http://www.ubercart.org/\">Drupal e-commerce</a> provided by Ubercart.'),('9bf78d8e7281d218da6bab32b1443571','Powered by Ubercart, the <a href=\"http://www.ubercart.org/\">free shopping cart software</a>.'),('2ba12f491bfe8b26f576e4a66057d6d2','Supported by Ubercart, an <a href=\"http://www.ubercart.org/\">open source e-commerce suite</a>.'),('cb12ba957f87e1916421aa2d9deb880f','Powered by Ubercart, the <a href=\"http://www.ubercart.org/\">free shopping cart software</a>.'),('9d4ef60f5920b9dd375e0e4ae9da424e','<a href=\"http://www.ubercart.org/\">Drupal e-commerce</a> provided by Ubercart.'),('52a238c1d69ca631d009cd2962db949c','Powered by Ubercart, the <a href=\"http://www.ubercart.org/\">free shopping cart software</a>.'),('8e7a4b5b913f709ac27bc74417785615','Supported by Ubercart, an <a href=\"http://www.ubercart.org/\">open source e-commerce suite</a>.'),('41094af48e1df6c4c9530fc7694fdeda','Supported by Ubercart, an <a href=\"http://www.ubercart.org/\">open source e-commerce suite</a>.'),('396a020995f20feaef191ab8cbf75023','Powered by Ubercart, the <a href=\"http://www.ubercart.org/\">free shopping cart software</a>.'),('ca36fdfb15d98a4c5b061fa7b5ddff80','Supported by Ubercart, an <a href=\"http://www.ubercart.org/\">open source e-commerce suite</a>.'),('5c9f2f8d3ffa84601293a74b89b4fe2d','Powered by Ubercart, the <a href=\"http://www.ubercart.org/\">free shopping cart software</a>.'),('df82a429a68cd6c2c154130c97260702','<a href=\"http://www.ubercart.org/\">Powered by Ubercart</a>'),('1ce6ca01465243c435d5ec4dbf7af472','Supported by Ubercart, an <a href=\"http://www.ubercart.org/\">open source e-commerce suite</a>.'),('be0d5f73709bf12ed6c8222a539e9c62','<a href=\"http://www.ubercart.org/\">Powered by Ubercart</a>'),('c561cc3b987c45e8c1ce87285d3ff276','<a href=\"http://www.ubercart.org/\">Powered by Ubercart</a>'),('a205ade1b4486037aa0bac729e4cff27','<a href=\"http://www.ubercart.org/\">Drupal e-commerce</a> provided by Ubercart.'),('05f4b5db8c7e1824cb79f875a6a497c2','Powered by Ubercart, the <a href=\"http://www.ubercart.org/\">free shopping cart software</a>.'),('28be9863310ba571262027bd70d6a3c4','<a href=\"http://www.ubercart.org/\">Powered by Ubercart</a>'),('0d31657df02151dd110827b84f57dd49','<a href=\"http://www.ubercart.org/\">Drupal e-commerce</a> provided by Ubercart.'),('ac79ec0b60a17dd4b77707b8ebc3de35','Powered by Ubercart, the <a href=\"http://www.ubercart.org/\">free shopping cart software</a>.'),('077b6a772e8ed0c22f37f6be1d9f83ab','<a href=\"http://www.ubercart.org/\">Drupal e-commerce</a> provided by Ubercart.'),('38e801221926f38573bc930bb7c10200','<a href=\"http://www.ubercart.org/\">Powered by Ubercart</a>'),('c28797b6f83304ab3fbd0dab52f1b357','<a href=\"http://www.ubercart.org/\">Drupal e-commerce</a> provided by Ubercart.'),('8a25f2fafc90cabbd37d97fa364752b7','Powered by Ubercart, the <a href=\"http://www.ubercart.org/\">free shopping cart software</a>.'),('8a7ae8bcaac02da27f885be926a20c15','Powered by Ubercart, the <a href=\"http://www.ubercart.org/\">free shopping cart software</a>.'),('4db8a2b5bc09a4103395fcf622ad2d4a','Supported by Ubercart, an <a href=\"http://www.ubercart.org/\">open source e-commerce suite</a>.');

--
-- Table structure for table `uc_subscriptions`
--

CREATE TABLE `uc_subscriptions` (
  `sid` int(11) NOT NULL default '0',
  `uid` int(11) NOT NULL default '0',
  `order_product_id` int(11) NOT NULL default '0',
  `tstart` int(10) unsigned NOT NULL default '0',
  `texpire` int(10) unsigned NOT NULL default '0',
  `trenew` int(10) unsigned NOT NULL default '0',
  `tnotify` int(10) unsigned NOT NULL default '0',
  `options` text,
  PRIMARY KEY  (`sid`)
) ENGINE=MyISAM DEFAULT CHARSET=utf8;

--
-- Dumping data for table `uc_subscriptions`
--


INSERT INTO `uc_subscriptions` VALUES (1,224,249,1217201176,1248305176,0,1248305176,NULL),(2,0,257,1217391183,1248495183,0,1248495183,NULL);

--
-- Table structure for table `uc_zones`
--

CREATE TABLE `uc_zones` (
  `zone_id` mediumint(11) NOT NULL default '0',
  `zone_country_id` mediumint(11) NOT NULL default '0',
  `zone_code` varchar(32) NOT NULL default '',
  `zone_name` varchar(255) NOT NULL default '',
  PRIMARY KEY  (`zone_id`),
  KEY `zone_code` (`zone_code`),
  KEY `zone_country_id` (`zone_country_id`)
) ENGINE=MyISAM DEFAULT CHARSET=utf8;

--
-- Dumping data for table `uc_zones`
--


INSERT INTO `uc_zones` VALUES (1,840,'AL','Alabama'),(2,840,'AK','Alaska'),(3,840,'AS','American Samoa'),(4,840,'AZ','Arizona'),(5,840,'AR','Arkansas'),(6,840,'AF','Armed Forces Africa'),(7,840,'AA','Armed Forces Americas'),(8,840,'AC','Armed Forces Canada'),(9,840,'AE','Armed Forces Europe'),(10,840,'AM','Armed Forces Middle East'),(11,840,'AP','Armed Forces Pacific'),(12,840,'CA','California'),(13,840,'CO','Colorado'),(14,840,'CT','Connecticut'),(15,840,'DE','Delaware'),(16,840,'DC','District of Columbia'),(17,840,'FM','Federated States Of Micronesia'),(18,840,'FL','Florida'),(19,840,'GA','Georgia'),(20,840,'GU','Guam'),(21,840,'HI','Hawaii'),(22,840,'ID','Idaho'),(23,840,'IL','Illinois'),(24,840,'IN','Indiana'),(25,840,'IA','Iowa'),(26,840,'KS','Kansas'),(27,840,'KY','Kentucky'),(28,840,'LA','Louisiana'),(29,840,'ME','Maine'),(30,840,'MH','Marshall Islands'),(31,840,'MD','Maryland'),(32,840,'MA','Massachusetts'),(33,840,'MI','Michigan'),(34,840,'MN','Minnesota'),(35,840,'MS','Mississippi'),(36,840,'MO','Missouri'),(37,840,'MT','Montana'),(38,840,'NE','Nebraska'),(39,840,'NV','Nevada'),(40,840,'NH','New Hampshire'),(41,840,'NJ','New Jersey'),(42,840,'NM','New Mexico'),(43,840,'NY','New York'),(44,840,'NC','North Carolina'),(45,840,'ND','North Dakota'),(46,840,'MP','Northern Mariana Islands'),(47,840,'OH','Ohio'),(48,840,'OK','Oklahoma'),(49,840,'OR','Oregon'),(50,840,'PW','Palau'),(51,840,'PA','Pennsylvania'),(52,840,'PR','Puerto Rico'),(53,840,'RI','Rhode Island'),(54,840,'SC','South Carolina'),(55,840,'SD','South Dakota'),(56,840,'TN','Tennessee'),(57,840,'TX','Texas'),(58,840,'UT','Utah'),(59,840,'VT','Vermont'),(60,840,'VI','Virgin Islands'),(61,840,'VA','Virginia'),(62,840,'WA','Washington'),(63,840,'WV','West Virginia'),(64,840,'WI','Wisconsin'),(65,840,'WY','Wyoming'),(66,124,'AB','Alberta'),(67,124,'BC','British Columbia'),(68,124,'MB','Manitoba'),(69,124,'NF','Newfoundland'),(70,124,'NB','New Brunswick'),(71,124,'NS','Nova Scotia'),(72,124,'NT','Northwest Territories'),(73,124,'NU','Nunavut'),(74,124,'ON','Ontario'),(75,124,'PE','Prince Edward Island'),(76,124,'QC','Quebec'),(77,124,'SK','Saskatchewan'),(78,124,'YT','Yukon Territory');

--
-- Table structure for table `url_alias`
--

CREATE TABLE `url_alias` (
  `pid` int(10) unsigned NOT NULL auto_increment,
  `src` varchar(128) NOT NULL default '',
  `dst` varchar(128) NOT NULL default '',
  PRIMARY KEY  (`pid`),
  UNIQUE KEY `dst` (`dst`),
  KEY `src` (`src`)
) ENGINE=MyISAM DEFAULT CHARSET=utf8;

--
-- Dumping data for table `url_alias`
--


INSERT INTO `url_alias` VALUES (296,'taxonomy/term/10','category/articles/getting-comfort'),(483,'node/149','content/the-real-reasons-behind-your-pain'),(299,'user/1','users/admin'),(485,'node/150','content/are-you-riddled-with-pain'),(487,'node/151','content/do-may-have-more-severe-issues'),(423,'node/152','content/rheumatoid-arthritis-ra-0'),(510,'node/153','content/are-you-literally-wearing-out-your-bodyfree-article'),(509,'node/154','content/do-you-really-have-arthitisfree-article'),(486,'node/155','content/a-remedy-without-the-damaging-drugs'),(420,'node/156','content/what-psoriatic-arthritis'),(488,'node/157','content/gout-–-what-it-really-is…'),(491,'node/159','content/you-–-and-21-million-others'),(493,'node/160','content/do-you-have-this-disease'),(427,'node/161','content/treatments-arthritis'),(496,'node/162','content/age-concerns-and-your-disease'),(498,'node/163','content/the-‘true’-arthritis-wonder-cure'),(492,'node/164','content/easing-the-pain-naturally'),(494,'node/165','content/exercise-–-yes-or-no'),(495,'node/166','content/race-and-arthritis-how-it-affects-you…'),(497,'node/167','content/crucial-data-about-arthritis'),(499,'node/168','content/which-medicines-will-help…'),(500,'node/169','content/over-100-possible-symptoms'),(502,'node/170','content/before-you-exercise-–-read-this…'),(504,'node/171','content/arthritis-–-do-you-have-it'),(501,'node/172','content/do-you-need-surgery'),(503,'node/173','content/joint-pain-–-simply-explained'),(505,'node/174','content/faq-–-your-questions-answered'),(521,'node/183','content/joint-pain-comfort-membership'),(402,'node/177','content/about'),(457,'node/186','content/another-forum-topic'),(480,'node/187','content/cart-redirection'),(456,'node/185','content/thanks-warm-welcome'),(520,'user/168','users/jonp'),(482,'node/188','content/test-topic'),(511,'node/158','content/acid-crystals-which-cause-you-painfree-article'),(591,'node/184','content/urgent-news'),(512,'user/163','users/gaynorjm'),(513,'user/164','users/finnacorelli'),(515,'node/189','redirectpage'),(517,'user/165','users/tigerclaw'),(518,'user/166','users/slick'),(529,'user/176','users/test'),(530,'user/177','users/esteban'),(531,'user/178','users/esmith2'),(532,'user/179','users/ardellaw1941'),(533,'user/180','users/martin'),(534,'user/181','users/claireaux'),(535,'user/182','users/pjboy'),(536,'user/183','users/yourgift'),(537,'user/184','users/farialou'),(538,'user/185','users/j-brown'),(539,'user/186','users/chechessee'),(540,'user/187','users/starchildcats'),(541,'user/188','users/jimjeffries'),(542,'user/189','users/rich3211hotmailcom'),(543,'user/190','users/katyjoy'),(548,'user/191','users/nalini'),(558,'user/192','users/nathan59'),(559,'user/193','users/joanie220'),(560,'user/194','users/sasha'),(561,'user/195','users/cccoffee'),(562,'user/196','users/oldtex'),(563,'user/197','users/linkin'),(564,'user/198','users/sal-musa'),(565,'user/199','users/tnewton4'),(566,'user/200','users/jghallam'),(567,'user/201','users/dbillstein'),(568,'user/202','users/jackreb2000'),(569,'user/203','users/papeters50'),(570,'user/204','users/andieleigh'),(571,'user/205','users/chuxder'),(572,'user/206','users/earnestine'),(573,'user/207','users/jenr316'),(574,'user/208','users/abell1'),(575,'user/209','users/mai-howells'),(576,'user/210','users/frannie'),(577,'user/211','users/nelson07'),(578,'user/212','users/dad4u47yahoocom'),(579,'user/213','users/cpmatharu'),(580,'user/214','users/oceanlady999'),(581,'user/215','users/tepeck'),(582,'user/216','users/rlsmith'),(583,'user/217','users/stanjudymarks'),(584,'user/218','users/joan-simon'),(585,'user/219','users/volfandaw'),(586,'user/220','users/rondastclare'),(587,'user/221','users/jlgoodeearthlinknet'),(588,'user/222','users/kathysiebers'),(589,'user/223','users/graysy'),(590,'user/224','users/rafael101980'),(592,'user/225','users/rebecca-l-nichols'),(593,'user/226','users/maselinotui'),(594,'user/227','users/dsldude51'),(595,'user/228','users/ncmom02'),(596,'user/229','users/george-rice'),(597,'user/230','users/carolb'),(598,'user/231','users/atir'),(599,'user/232','users/carol707'),(600,'user/233','users/nancyboepple');

--
-- Table structure for table `url_alias_extra`
--

CREATE TABLE `url_alias_extra` (
  `pid` int(10) unsigned NOT NULL default '0',
  `dst` varchar(128) NOT NULL default '',
  `entity_type` varchar(20) default NULL,
  `entity_id` int(10) unsigned default NULL,
  `created_by` varchar(20) default NULL,
  PRIMARY KEY  (`pid`),
  UNIQUE KEY `dst` (`dst`)
) ENGINE=MyISAM DEFAULT CHARSET=utf8;

--
-- Dumping data for table `url_alias_extra`
--



--
-- Table structure for table `user_import`
--

CREATE TABLE `user_import` (
  `import_id` int(10) unsigned NOT NULL auto_increment,
  `name` varchar(25) NOT NULL default '',
  `filename` varchar(50) NOT NULL default '',
  `oldfilename` varchar(50) NOT NULL default '',
  `filepath` tinytext NOT NULL,
  `started` int(11) NOT NULL default '0',
  `pointer` int(10) NOT NULL default '0',
  `processed` int(10) NOT NULL default '0',
  `valid` int(10) NOT NULL default '0',
  `first_line_skip` int(1) NOT NULL default '0',
  `contact` int(1) NOT NULL default '0',
  `username_space` int(1) NOT NULL default '0',
  `send_email` int(1) NOT NULL default '0',
  `field_match` longtext NOT NULL,
  `roles` varchar(255) NOT NULL default '',
  `options` longtext NOT NULL,
  `setting` varchar(10) NOT NULL default '',
  PRIMARY KEY  (`import_id`)
) ENGINE=MyISAM DEFAULT CHARSET=utf8;

--
-- Dumping data for table `user_import`
--


INSERT INTO `user_import` VALUES (3,'','memberfinal-noheader.csv','memberfinal-noheader.csv','sites/default/files/memberfinal-noheader.csv',1204665768,10148,128,126,0,1,0,0,'a:10:{i:0;a:3:{s:11:\"field_match\";s:1:\"0\";s:8:\"username\";s:1:\"0\";s:10:\"abbreviate\";i:0;}i:1;a:3:{s:11:\"field_match\";s:1:\"0\";s:8:\"username\";s:1:\"0\";s:10:\"abbreviate\";i:0;}i:2;a:3:{s:11:\"field_match\";s:1:\"0\";s:8:\"username\";s:1:\"0\";s:10:\"abbreviate\";i:0;}i:3;a:3:{s:11:\"field_match\";s:5:\"email\";s:8:\"username\";s:1:\"0\";s:10:\"abbreviate\";i:0;}i:4;a:3:{s:11:\"field_match\";s:1:\"1\";s:8:\"username\";s:1:\"1\";s:10:\"abbreviate\";i:0;}i:5;a:3:{s:11:\"field_match\";s:8:\"password\";s:8:\"username\";s:1:\"0\";s:10:\"abbreviate\";i:0;}i:6;a:3:{s:11:\"field_match\";s:1:\"0\";s:8:\"username\";s:1:\"0\";s:10:\"abbreviate\";i:0;}i:7;a:3:{s:11:\"field_match\";s:1:\"0\";s:8:\"username\";s:1:\"0\";s:10:\"abbreviate\";i:0;}i:8;a:3:{s:11:\"field_match\";s:1:\"0\";s:8:\"username\";s:1:\"0\";s:10:\"abbreviate\";i:0;}i:9;a:3:{s:11:\"field_match\";s:1:\"0\";s:8:\"username\";s:1:\"0\";s:10:\"abbreviate\";i:0;}}','a:2:{i:1;i:1;i:3;i:0;}','a:12:{s:6:\"groups\";N;s:21:\"existing_og_subscribe\";N;s:19:\"existing_og_subject\";N;s:18:\"existing_og_markup\";N;s:19:\"existing_og_message\";N;s:15:\"existing_og_css\";N;s:7:\"subject\";s:0:\"\";s:7:\"message\";s:0:\"\";s:14:\"message_format\";s:1:\"0\";s:11:\"message_css\";s:0:\"\";s:8:\"activate\";i:0;s:10:\"subscribed\";N;}','imported');

--
-- Table structure for table `user_import_errors`
--

CREATE TABLE `user_import_errors` (
  `import_id` int(10) NOT NULL default '0',
  `data` longtext NOT NULL,
  `error` varchar(25) NOT NULL default '',
  KEY `import_id` (`import_id`)
) ENGINE=MyISAM DEFAULT CHARSET=utf8;

--
-- Dumping data for table `user_import_errors`
--


INSERT INTO `user_import_errors` VALUES (3,'a:2:{i:1;s:8:\"Jonathan\";s:5:\"email\";s:15:\"jpage01@mac.com\";}','duplicate email'),(3,'a:2:{i:1;s:11:\"MWilliamson\";s:5:\"email\";s:25:\"warchestbuilder@gmail.com\";}','duplicate email'),(3,'a:2:{i:1;s:8:\"Jonathan\";s:5:\"email\";s:15:\"jpage01@mac.com\";}','duplicate email'),(3,'a:2:{i:1;s:11:\"MWilliamson\";s:5:\"email\";s:25:\"warchestbuilder@gmail.com\";}','duplicate email');

--
-- Table structure for table `users`
--

CREATE TABLE `users` (
  `uid` int(10) unsigned NOT NULL default '0',
  `name` varchar(60) NOT NULL default '',
  `pass` varchar(32) NOT NULL default '',
  `mail` varchar(64) default '',
  `mode` tinyint(4) NOT NULL default '0',
  `sort` tinyint(4) default '0',
  `threshold` tinyint(4) default '0',
  `theme` varchar(255) NOT NULL default '',
  `signature` varchar(255) NOT NULL default '',
  `created` int(11) NOT NULL default '0',
  `access` int(11) NOT NULL default '0',
  `login` int(11) NOT NULL default '0',
  `status` tinyint(4) NOT NULL default '0',
  `timezone` varchar(8) default NULL,
  `language` varchar(12) NOT NULL default '',
  `picture` varchar(255) NOT NULL default '',
  `init` varchar(64) default '',
  `data` longtext,
  PRIMARY KEY  (`uid`),
  UNIQUE KEY `name` (`name`),
  KEY `created` (`created`),
  KEY `access` (`access`)
) ENGINE=MyISAM DEFAULT CHARSET=utf8;

--
-- Dumping data for table `users`
--


INSERT INTO `users` VALUES (1,'admin','0e698a8ffc1a0af622c7b4db3cb750cc','warchestbuilder@gmail.com',0,0,0,'','',1204554442,1217935915,1217935619,1,'0','','','sudheer.s@binaryvibes.co.in','a:3:{s:7:\"contact\";i:1;s:24:\"comment_notify_mailalert\";i:0;s:11:\"remember_me\";b:0;}'),(168,'Jonp','0e698a8ffc1a0af622c7b4db3cb750cc','jpage01@mac.com',0,0,0,'','',1215114241,1215114299,1215114241,1,NULL,'','','jpage01@mac.com','a:2:{s:7:\"contact\";i:1;s:11:\"remember_me\";b:0;}'),(180,'Martin','6195948cf85194c94e8eaaa4d0fc10f1','MJaeschke25@aol.com',0,0,0,'','',1215480998,1215481504,0,1,NULL,'','','MJaeschke25@aol.com','a:1:{s:7:\"contact\";i:1;}'),(163,'Gaynor.jm','0ca9deeede136f61f21d948aee4634c7','Gaynor.jm@Blueyonder.co.uk',0,0,0,'','',1214852201,1214909559,1214890441,1,NULL,'','','Gaynor.jm@Blueyonder.co.uk','a:8:{s:7:\"contact\";i:1;s:24:\"comment_notify_mailalert\";i:1;s:8:\"new_role\";i:0;s:12:\"new_role_add\";s:1:\"5\";s:16:\"new_role_add_qty\";s:0:\"\";s:24:\"new_role_add_granularity\";s:3:\"day\";s:14:\"tinymce_status\";s:5:\"false\";s:11:\"remember_me\";b:0;}'),(164,'finnacorelli','dbf2fe4b055d7ab20424105b6b9e0ca3','finnacorelli@yahoo.com.au',0,0,0,'','',1214994175,1215002887,1215001130,1,NULL,'','','finnacorelli@yahoo.com.au','a:2:{s:7:\"contact\";i:1;s:11:\"remember_me\";b:1;}'),(165,'tigerclaw','5c03287eed7a70005a8c96cfc499dece','stevetolnai@rogers.com',0,0,0,'','',1215016874,1215017141,0,1,NULL,'','','stevetolnai@rogers.com','a:1:{s:7:\"contact\";i:1;}'),(166,'slick','b4559e739e1cc5da166a4dfcdf69ea9c','ls0007@hotmail.com',0,0,0,'','',1215111807,1215112502,1215112167,1,NULL,'','','ls0007@hotmail.com','a:2:{s:7:\"contact\";i:1;s:11:\"remember_me\";b:1;}'),(176,'test','81dc9bdb52d04dc20036dbd8313ed055','aaa@hot.com',0,0,0,'','',1215195107,1215195209,1215195200,1,NULL,'','','aaa@hot.com','a:8:{s:7:\"contact\";i:1;s:24:\"comment_notify_mailalert\";i:1;s:15:\"role_5_polarity\";s:3:\"add\";s:10:\"role_5_qty\";s:0:\"\";s:18:\"role_5_granularity\";s:3:\"day\";s:17:\"role_5_expiration\";s:10:\"1972577507\";s:14:\"tinymce_status\";s:5:\"false\";s:11:\"remember_me\";b:0;}'),(177,'esteban','69ba109c895658f4c0f163c5fd8c4898','estebansalsano@gmail.com',0,0,0,'','',1215195348,1215195402,1215195349,1,NULL,'','','estebansalsano@gmail.com','a:2:{s:7:\"contact\";i:1;s:11:\"remember_me\";b:0;}'),(178,'esmith2','f97f9f3ea27c1756b9ceb1667fc3d17f','esmith2@bellsouth.net',0,0,0,'','',1215315754,1215453841,1215453540,1,NULL,'','','esmith2@bellsouth.net','a:2:{s:7:\"contact\";i:1;s:11:\"remember_me\";b:0;}'),(179,'ardellaw1941','b0fe97cbc58ab891bea9938dadd472e8','ardellaw1941@gmail.com',0,0,0,'','',1215373432,1215373707,0,1,NULL,'','','ardellaw1941@gmail.com','a:1:{s:7:\"contact\";i:1;}'),(0,'','','',0,0,0,'','',0,0,0,0,NULL,'','','',NULL),(181,'claireaux','96ac07d34adcc400c17785ab021721a9','claireauxd@aol.com',0,0,0,'','',1215533524,1215534605,0,1,NULL,'','','claireauxd@aol.com','a:1:{s:7:\"contact\";i:1;}'),(182,'pjboy','2b8d6bf2f2bca240f396a254408cf12c','mattzhouse2@comcast.net',0,0,0,'','',1215627387,1215627647,0,1,NULL,'','','mattzhouse2@comcast.net','a:1:{s:7:\"contact\";i:1;}'),(183,'yourgift','abdf882c25e08d9ba219fe33f17591fe','frank_hart@hotmail.com',0,0,0,'','',1215635009,1215635295,0,1,NULL,'','','frank_hart@hotmail.com','a:1:{s:7:\"contact\";i:1;}'),(184,'farialou','f3e4d0559ee49923afc281c4f88f9df0','fariafcp@hotmail.com',0,0,0,'','',1215689629,1215689901,0,1,NULL,'','','fariafcp@hotmail.com','a:1:{s:7:\"contact\";i:1;}'),(185,'j brown','e17972728f66af480ac8bc519401d773','fast2last@aol.com',0,0,0,'','',1215712584,1215713960,1215712731,1,NULL,'','','fast2last@aol.com','a:2:{s:7:\"contact\";i:1;s:11:\"remember_me\";b:0;}'),(186,'chechessee','4c39e90d6a5c38a3f8a9b1f05840f240','pterry@gmail.com',0,0,0,'','',1215787838,0,0,1,NULL,'','','pterry@gmail.com','a:1:{s:7:\"contact\";i:1;}'),(187,'starchildcats','18a7763dbf76f40177acbfda65e84214','thiodine@bigpond.net.au',0,0,0,'','',1215844050,1215844440,0,1,NULL,'','','thiodine@bigpond.net.au','a:2:{s:7:\"contact\";i:1;s:24:\"comment_notify_mailalert\";i:1;}'),(188,'jimjeffries','47611ffaec374085439325cafa3ec9d0','jeffriesinfo@cox.net',0,0,0,'','',1215900655,1215901753,1215901074,1,NULL,'','','jeffriesinfo@cox.net','a:2:{s:7:\"contact\";i:1;s:11:\"remember_me\";b:1;}'),(189,'rich3211@hotmail.com','d92ee55d9f2bb7e3ccf91f7aee74dd54','rich3211@hotmail.com',0,0,0,'','',1216052097,1216052177,0,1,NULL,'','','rich3211@hotmail.com','a:1:{s:7:\"contact\";i:1;}'),(190,'katyjoy','6290193e1478d6dac2c30913dafaf945','kj.hall@ukonline.co.uk',0,0,0,'','THIS IS \r\n',1216060230,1216541779,1216541113,1,NULL,'','','kj.hall@ukonline.co.uk','a:3:{s:7:\"contact\";i:1;s:11:\"remember_me\";b:0;s:24:\"comment_notify_mailalert\";i:1;}'),(191,'Nalini','e89baaa3a63d20a10f65eff0d4ff77fd','nalini.patel@hotmail.co.uk',0,0,0,'','',1216159176,1216159375,0,1,NULL,'','','nalini.patel@hotmail.co.uk','a:1:{s:7:\"contact\";i:1;}'),(192,'Nathan59','113689fc1bcabce95e238f7c80729ff0','tepi10@yahoo.com',0,0,0,'','',1216178070,1216178133,0,1,NULL,'','','tepi10@yahoo.com','a:1:{s:7:\"contact\";i:1;}'),(193,'joanie220','500b7aa862bdd6aade5e4bbc9f937c56','joanie220@bellsouth.net',0,0,0,'','',1216232781,1216506605,1216505800,1,NULL,'','','joanie220@bellsouth.net','a:2:{s:7:\"contact\";i:1;s:11:\"remember_me\";b:1;}'),(194,'Sasha','647431b5ca55b04fdf3c2fce31ef1915','gardosh@hotmail.com',0,0,0,'','',1216271958,1216272073,0,1,NULL,'','','gardosh@hotmail.com','a:1:{s:7:\"contact\";i:1;}'),(195,'CCCoffee','bd15780b8deaf51de935e9df08b51225','thrive@candiscoffee.com',0,0,0,'','',1216306253,1216308216,1216306339,1,NULL,'','','thrive@candiscoffee.com','a:2:{s:7:\"contact\";i:1;s:11:\"remember_me\";b:1;}'),(196,'oldtex','8b86eb86457b0b9670dc947440847558','town_countrytowing@hotmail.com',0,0,0,'','',1216371476,1216556748,1216554990,1,NULL,'','','town_countrytowing@hotmail.com','a:2:{s:7:\"contact\";i:1;s:11:\"remember_me\";b:1;}'),(197,'linkin','e10adc3949ba59abbe56e057f20f883e','selee@arrow.com',0,0,0,'','',1216497426,1216497587,0,1,NULL,'','','selee@arrow.com','a:1:{s:7:\"contact\";i:1;}'),(198,'sal musa','c90d65d8442cdf27c56406e484d4c572','salmusa@live.co.uk',0,0,0,'','',1216498302,1216553873,1216553824,1,NULL,'','','salmusa@live.co.uk','a:2:{s:7:\"contact\";i:1;s:11:\"remember_me\";b:0;}'),(199,'tnewton4','0191b024d45c6c128fa45e5bf736d9cc','tnewton4@cogeco.ca',0,0,0,'','Jill',1216603936,1216613486,1216612251,1,NULL,'','','tnewton4@cogeco.ca','a:2:{s:7:\"contact\";i:1;s:24:\"comment_notify_mailalert\";i:1;}'),(200,'jghallam','cfec644f5fe32613ff830ba2dcc4e538','jghallam7@bigpond.com',0,0,0,'','',1216636228,1216638732,1216636560,1,NULL,'','','jghallam7@bigpond.com','a:2:{s:7:\"contact\";i:1;s:11:\"remember_me\";b:1;}'),(201,'dbillstein','4f2757c3476046173a377330098d4193','dbillstein@hotmail.com',0,0,0,'','',1216639880,0,0,1,NULL,'','','dbillstein@hotmail.com','a:1:{s:7:\"contact\";i:1;}'),(202,'jackreb2000','791d2dd268421f43f5250cdf5fea7833','jackreb2000@yahoo.com',0,0,0,'','',1216659122,1216734469,1216732774,1,NULL,'','','jackreb2000@yahoo.com','a:2:{s:7:\"contact\";i:1;s:11:\"remember_me\";b:0;}'),(203,'papeters50','186924cd72abe8ce8ddd17e35e267a77','papeters50@hotmail.com',0,0,0,'','',1216677268,1216677384,1216677326,1,NULL,'','','papeters50@hotmail.com','a:2:{s:7:\"contact\";i:1;s:11:\"remember_me\";b:1;}'),(204,'andieleigh','b3c677b4e01d2b6c955b3e9754a37d2c','abridges14@tampabay.rr.com',0,0,0,'','',1216683932,1216684311,1216684261,1,NULL,'','','abridges14@tampabay.rr.com','a:2:{s:7:\"contact\";i:1;s:11:\"remember_me\";b:1;}'),(205,'chuxder','11b45574864021151e6f060286510301','chuxder@yahoo.com',0,0,0,'','',1216692301,0,0,1,NULL,'','','chuxder@yahoo.com','a:1:{s:7:\"contact\";i:1;}'),(206,'Earnestine','30b2a251a294d08a216a81ac3f269f16','edrennon@sbcglobal.net',0,0,0,'','',1216698149,1216862793,1216698470,1,NULL,'','','edrennon@sbcglobal.net','a:2:{s:7:\"contact\";i:1;s:11:\"remember_me\";b:1;}'),(207,'jenr316','0716c47470567f4930fec0ef9af1efa3','jensnewmail@yahoo.com',0,0,0,'','',1216698341,1218079294,1218079075,1,NULL,'','','jensnewmail@yahoo.com','a:2:{s:7:\"contact\";i:1;s:11:\"remember_me\";b:1;}'),(208,'abell1','0a1887f215af5700a1cdded4f459ed34','abell1@rcn.com',0,0,0,'','',1216726446,0,0,1,NULL,'','','abell1@rcn.com','a:1:{s:7:\"contact\";i:1;}'),(209,'Mai Howells','1439e7d11d00e4e105743192da9c0212','mai@lonhowell.wanadoo.co.uk',0,0,0,'','',1216749298,1216991823,1216749388,1,NULL,'','','mai@lonhowell.wanadoo.co.uk','a:2:{s:7:\"contact\";i:1;s:11:\"remember_me\";b:1;}'),(210,'frannie','9599a092e9511944f02a80ea727bb4d5','theresahanner@yahoo.com',0,0,0,'','',1216754541,1216754713,0,1,NULL,'','','theresahanner@yahoo.com','a:1:{s:7:\"contact\";i:1;}'),(211,'nelson07','bc700ffd1707e50b102975fea3515f06','nelson07@shaw.ca',0,0,0,'','',1216779406,1217196700,1217022415,1,NULL,'','','nelson07@shaw.ca','a:2:{s:7:\"contact\";i:1;s:11:\"remember_me\";b:1;}'),(212,'dad4u47@yahoo.com','a6b0d428cb67dabe09331a620f20771b','dad4u47@yahoo.com',0,0,0,'','',1216780759,1216780967,1216780906,1,NULL,'','','dad4u47@yahoo.com','a:2:{s:7:\"contact\";i:1;s:11:\"remember_me\";b:1;}'),(213,'cpmatharu','2b78c87bab0d4c1952968c39af616aac','cpmatharu@gmail.com',0,0,0,'','',1216882967,1216935641,1216935457,1,NULL,'','','cpmatharu@gmail.com','a:2:{s:7:\"contact\";i:1;s:11:\"remember_me\";b:1;}'),(214,'oceanlady999','c7667a24f184456edd5d6916a877f585','oceanlady@comcast.net',0,0,0,'','',1216954027,1216955514,1216954155,1,NULL,'','','oceanlady@comcast.net','a:2:{s:7:\"contact\";i:1;s:11:\"remember_me\";b:1;}'),(215,'tepeck','19852c5a3a835637102e730cf4fb8d52','tepeck@tpg.com.au',0,0,0,'','',1216965580,1217665060,1217664407,1,NULL,'','','tepeck@tpg.com.au','a:2:{s:7:\"contact\";i:1;s:11:\"remember_me\";b:0;}'),(216,'rlsmith','ae5b6b7e8fbe39c9cf0bbf466a148030','rlsmith@xplornet.com',0,0,0,'','',1216993626,1217709362,1217706842,1,NULL,'','','rlsmith@xplornet.com','a:2:{s:7:\"contact\";i:1;s:11:\"remember_me\";b:1;}'),(217,'stanjudymarks','844010178db80fcb2773f6b365d93248','stanjudymarks@yahoo.com',0,0,0,'','',1216994922,0,0,1,NULL,'','','stanjudymarks@yahoo.com','a:1:{s:7:\"contact\";i:1;}'),(218,'Joan Simon','658379e44a0a6f18658023a3e3c75592','j.simon@menfa.org.uk',0,0,0,'','',1217069931,0,0,1,NULL,'','','j.simon@menfa.org.uk','a:1:{s:7:\"contact\";i:1;}'),(219,'volfandaw','a1e39be2065754e0b6633ad91088224d','volfandaw@yahoo.com',0,0,0,'','',1217077040,1217077149,0,1,NULL,'','','volfandaw@yahoo.com','a:1:{s:7:\"contact\";i:1;}'),(220,'rondastclare','a46c5a1e06446875313ad70f11c5b7a6','rondastclare@yahoo.com',0,0,0,'','',1217077633,0,0,1,NULL,'','','rondastclare@yahoo.com','a:1:{s:7:\"contact\";i:1;}'),(221,'jlgoode@earthlink.net','c9e2c07cc9efdd3e7b1831d25e9197cb','jlgoode@earthlink.net',0,0,0,'','',1217085808,1217111106,1217110285,1,NULL,'','','jlgoode@earthlink.net','a:2:{s:7:\"contact\";i:1;s:11:\"remember_me\";b:0;}'),(222,'kathysiebers','c70ee0f840f0482e5b627cb2a22210a4','kathysiebers@comcast.net',0,0,0,'','',1217178892,1217952972,1217952341,1,NULL,'','','kathysiebers@comcast.net','a:2:{s:7:\"contact\";i:1;s:11:\"remember_me\";b:1;}'),(223,'Graysy','b36d331451a61eb2d76860e00c347396','cableco@waitrose.com',0,0,0,'','',1217184888,1217184938,0,1,NULL,'','','cableco@waitrose.com','a:1:{s:7:\"contact\";i:1;}'),(224,'rafael101980','47d8ca975ae68cf65e9206ca555f3264','rafael101980@hotmail.com',0,0,0,'','',1217201174,1217201386,1217201277,1,NULL,'','','rafael101980@hotmail.com','a:2:{s:7:\"contact\";i:1;s:11:\"remember_me\";b:0;}'),(225,'Rebecca L Nichols','751f7dbdc99a3ac3b35ffbebc620e114','arctibec@hotmail.com',0,0,0,'','',1217356892,1217357566,1217357537,1,NULL,'','','arctibec@hotmail.com','a:2:{s:7:\"contact\";i:1;s:11:\"remember_me\";b:0;}'),(226,'MaselinoTui','a812d10017c174dec089a16aa36b65e3','asomau@hotmail.com',0,0,0,'','',1217381978,1217382791,0,1,NULL,'','','asomau@hotmail.com','a:1:{s:7:\"contact\";i:1;}'),(227,'dsldude51','29734e5a881894bfbff52a8108d93312','dsldude51@yahoo.com',0,0,0,'','',1217391183,0,0,1,NULL,'','','dsldude51@yahoo.com','a:1:{s:7:\"contact\";i:1;}'),(228,'ncmom02','aca10654871be5625f87d5f4e53f3b82','ldelgreco@nc.rr.com',0,0,0,'','',1217420075,1217422734,0,1,NULL,'','','ldelgreco@nc.rr.com','a:1:{s:7:\"contact\";i:1;}'),(229,'george rice','fe3644b1d6e44e8e8c8d207ebfdde4e8','george_rice_@hotmail.com',0,0,0,'','',1217457096,1217457254,0,1,NULL,'','','george_rice_@hotmail.com','a:1:{s:7:\"contact\";i:1;}'),(230,'carolb','614c8d9348cea79337d7adffbde8017c','Busbuster@aol.com',0,0,0,'','',1217531787,1217531958,0,1,NULL,'','','Busbuster@aol.com','a:1:{s:7:\"contact\";i:1;}'),(231,'atir','6552508972644129c83b7f4a5c8eb88f','ritarios51@aol.com',0,0,0,'','',1217596596,1217597172,0,1,NULL,'','','ritarios51@aol.com','a:1:{s:7:\"contact\";i:1;}'),(232,'Carol707','bba1f1ea39dc80bc9a8bcbc0c31ba141','carol_707@yahoo.com',0,0,0,'','',1217602548,1217602643,0,1,NULL,'','','carol_707@yahoo.com','a:1:{s:7:\"contact\";i:1;}'),(233,'NancyBoepple','a9c32511c1ebe6063feeb2d2618e2498','CyberNan2@comcast.net',0,0,0,'','',1217975710,1217975928,0,1,NULL,'','','CyberNan2@comcast.net','a:1:{s:7:\"contact\";i:1;}');

--
-- Table structure for table `users_roles`
--

CREATE TABLE `users_roles` (
  `uid` int(10) unsigned NOT NULL default '0',
  `rid` int(10) unsigned NOT NULL default '0',
  PRIMARY KEY  (`uid`,`rid`)
) ENGINE=MyISAM DEFAULT CHARSET=utf8;

--
-- Dumping data for table `users_roles`
--


INSERT INTO `users_roles` VALUES (1,3),(1,5),(5,3),(7,3),(8,3),(37,3),(163,5),(164,5),(165,5),(166,5),(168,5),(176,5),(177,5),(178,5),(179,5),(180,5),(181,5),(182,5),(185,5),(186,5),(188,5),(190,5),(193,5),(195,5),(196,5),(198,5),(199,5),(200,5),(201,5),(202,5),(203,5),(205,5),(207,5),(208,5),(209,5),(211,5),(212,5),(213,5),(214,5),(215,5),(216,5),(217,5),(218,5),(220,5),(221,5),(222,5),(224,5),(227,5);

--
-- Table structure for table `users_state`
--

CREATE TABLE `users_state` (
  `uid` int(10) unsigned NOT NULL default '0',
  `machine` varchar(63) NOT NULL default '',
  `state` varchar(127) default NULL,
  PRIMARY KEY  (`uid`,`machine`)
) ENGINE=MyISAM DEFAULT CHARSET=utf8;

--
-- Dumping data for table `users_state`
--



--
-- Table structure for table `variable`
--

CREATE TABLE `variable` (
  `name` varchar(128) NOT NULL default '',
  `value` longtext NOT NULL,
  PRIMARY KEY  (`name`)
) ENGINE=MyISAM DEFAULT CHARSET=utf8;

--
-- Dumping data for table `variable`
--


INSERT INTO `variable` VALUES ('filter_html_1','s:1:\"1\";'),('node_options_forum','a:1:{i:0;s:6:\"status\";}'),('menu_primary_menu','s:1:\"2\";'),('menu_secondary_menu','s:1:\"2\";'),('install_profile','s:7:\"default\";'),('node_options_page','a:1:{i:0;s:6:\"status\";}'),('comment_page','s:1:\"0\";'),('forum_nav_vocabulary','i:1;'),('drupal_private_key','s:64:\"cd8f1ddd61683f2f5f6310b4a6f6b62862538f94ad225feb2580046d5a85e9c3\";'),('cron_last','i:1215119021;'),('file_directory_temp','s:4:\"/tmp\";'),('file_directory_path','s:5:\"files\";'),('file_downloads','s:1:\"1\";'),('forward_emailsubject','s:44:\"!name has forwarded a page to you from !site\";'),('pathauto_modulelist','a:5:{i:0;s:5:\"forum\";i:1;s:4:\"node\";i:2;s:8:\"taxonomy\";i:3;s:7:\"tracker\";i:4;s:4:\"user\";}'),('pathauto_taxonomy_supportsfeeds','s:6:\"0/feed\";'),('pathauto_taxonomy_pattern','s:34:\"category/[vocab-raw]/[catpath-raw]\";'),('pathauto_taxonomy_bulkupdate','b:0;'),('pathauto_taxonomy_applytofeeds','b:0;'),('pathauto_taxonomy_2_pattern','s:0:\"\";'),('pathauto_taxonomy_1_pattern','s:0:\"\";'),('pathauto_ignore_words','s:108:\"a,an,as,at,before,but,by,for,from,is,in,into,like,of,off,on,onto,per,since,than,the,this,that,to,up,via,with\";'),('pathauto_indexaliases','b:0;'),('pathauto_indexaliases_bulkupdate','b:0;'),('pathauto_max_component_length','s:3:\"100\";'),('pathauto_max_length','s:3:\"100\";'),('pathauto_node_bulkupdate','b:0;'),('pathauto_node_forum_pattern','s:0:\"\";'),('pathauto_node_image_pattern','s:0:\"\";'),('pathauto_node_page_pattern','s:0:\"\";'),('pathauto_node_pattern','s:19:\"content/[title-raw]\";'),('pathauto_node_story_pattern','s:0:\"\";'),('pathauto_punctuation_quotes','i:0;'),('pathauto_separator','s:1:\"-\";'),('pathauto_update_action','s:1:\"2\";'),('pathauto_user_bulkupdate','b:0;'),('pathauto_user_pattern','s:16:\"users/[user-raw]\";'),('pathauto_user_supportsfeeds','N;'),('pathauto_verbose','b:0;'),('pathauto_punctuation_hyphen','i:1;'),('update_status_last','i:1215194207;'),('video_resolution_1_name','s:7:\"750x520\";'),('video_resolution_1_value','s:7:\"750x520\";'),('video_resolution_2_name','s:7:\"640x480\";'),('video_resolution_2_value','s:7:\"640x480\";'),('clean_url','s:1:\"0\";'),('site_mail','s:25:\"info@jointpaincomfort.com\";'),('site_slogan','s:62:\"A Community To Give Comfort To Those Suffering From Joint Pain\";'),('site_mission','s:0:\"\";'),('anonymous','s:9:\"Anonymous\";'),('site_frontpage','s:4:\"home\";'),('date_default_timezone','s:6:\"-18000\";'),('configurable_timezones','s:1:\"0\";'),('date_format_short','s:12:\"m/d/Y - g:ia\";'),('date_format_medium','s:15:\"D, m/d/Y - g:ia\";'),('date_format_long','s:16:\"l, F j, Y - g:ia\";'),('date_first_day','s:1:\"0\";'),('theme_simplex2_settings','a:16:{s:11:\"toggle_logo\";i:1;s:11:\"toggle_name\";i:1;s:13:\"toggle_slogan\";i:0;s:14:\"toggle_mission\";i:0;s:24:\"toggle_node_user_picture\";i:0;s:27:\"toggle_comment_user_picture\";i:0;s:13:\"toggle_search\";i:1;s:14:\"toggle_favicon\";i:1;s:12:\"default_logo\";i:1;s:9:\"logo_path\";s:0:\"\";s:11:\"logo_upload\";s:0:\"\";s:15:\"default_favicon\";i:1;s:12:\"favicon_path\";s:0:\"\";s:14:\"favicon_upload\";s:0:\"\";s:2:\"op\";s:18:\"Save configuration\";s:10:\"form_token\";s:32:\"1cc3e88a8632fd164e67ea5c142f2292\";}'),('forum_containers','a:1:{i:0;i:12;}'),('forum_hot_topic','s:2:\"15\";'),('forum_per_page','s:2:\"50\";'),('forum_order','s:1:\"1\";'),('theme_newsflash_settings','a:39:{s:7:\"mission\";s:0:\"\";s:12:\"default_logo\";i:1;s:9:\"logo_path\";s:0:\"\";s:15:\"default_favicon\";i:1;s:12:\"favicon_path\";s:0:\"\";s:11:\"toggle_logo\";i:0;s:14:\"toggle_favicon\";i:1;s:11:\"toggle_name\";i:1;s:13:\"toggle_search\";i:1;s:13:\"toggle_slogan\";i:0;s:14:\"toggle_mission\";i:1;s:24:\"toggle_node_user_picture\";i:0;s:27:\"toggle_comment_user_picture\";i:0;s:22:\"toggle_node_info_forum\";i:1;s:20:\"toggle_node_info_faq\";i:1;s:22:\"toggle_node_info_image\";i:1;s:22:\"toggle_node_info_video\";i:1;s:21:\"toggle_node_info_page\";i:0;s:22:\"toggle_node_info_story\";i:1;s:11:\"logo_upload\";s:0:\"\";s:14:\"favicon_upload\";s:0:\"\";s:2:\"op\";s:18:\"Save configuration\";s:10:\"form_token\";s:32:\"2586f8151067834b2cc7f0d30dac3543\";s:15:\"newsflash_style\";i:0;s:15:\"newsflash_width\";i:0;s:20:\"newsflash_fixedwidth\";s:3:\"850\";s:20:\"newsflash_breadcrumb\";i:0;s:18:\"newsflash_iepngfix\";i:0;s:19:\"newsflash_themelogo\";i:0;s:20:\"newsflash_fontfamily\";i:0;s:20:\"newsflash_customfont\";s:0:\"\";s:25:\"newsflash_uselocalcontent\";i:0;s:26:\"newsflash_localcontentfile\";s:0:\"\";s:26:\"newsflash_leftsidebarwidth\";s:3:\"210\";s:27:\"newsflash_rightsidebarwidth\";s:3:\"210\";s:20:\"newsflash_suckerfish\";i:0;s:27:\"newsflash_usecustomlogosize\";i:0;s:19:\"newsflash_logowidth\";s:3:\"100\";s:20:\"newsflash_logoheight\";s:3:\"100\";}'),('update_access_fixed','b:1;'),('content_schema_version','i:1003;'),('user_register','s:1:\"1\";'),('user_email_verification','i:0;'),('user_registration_help','s:0:\"\";'),('user_mail_welcome_subject','s:38:\"Account details for !username at !site\";'),('user_mail_welcome_body','s:187:\"!username,\r\n\r\nThank you for registering at !site. You may now log in to !login_uri using the following username and password:\r\n\r\nusername: !username\r\npassword: !password\r\n\r\n--  !site team\";'),('googleanalytics_track__user1','i:0;'),('googleanalytics_track_5','i:1;'),('googleanalytics_track_4','i:1;'),('user_mail_admin_subject','s:52:\"An administrator created an account for you at !site\";'),('user_mail_admin_body','s:213:\"!username,\r\n\r\nA site administrator at !site has created an account for you. You may now log in to !login_uri using the following username and password:\r\n\r\nusername: !username\r\npassword: !password\r\n\r\n--  !site team\";'),('user_mail_approval_subject','s:63:\"Account details for !username at !site (pending admin approval)\";'),('user_mail_approval_body','s:508:\"!username,\r\n\r\nThank you for registering at !site. Your application for an account is currently pending approval. Once it has been granted, you may log in to !login_uri using the following username and password:\r\n\r\nusername: !username\r\npassword: !password\r\n\r\nYou may also log in by clicking on this link or copying and pasting it in your browser:\r\n\r\n!login_url\r\n\r\nThis is a one-time login, so it can be used only once.\r\n\r\nAfter logging in, you may wish to change your password at !edit_uri\r\n\r\n\r\n--  !site team\";'),('user_mail_pass_subject','s:52:\"Replacement login information for !username at !site\";'),('user_mail_pass_body','s:419:\"!username,\r\n\r\nA request to reset the password for your account has been made at !site.\r\n\r\nYou may now log in to !uri_brief by clicking on this link or copying and pasting it in your browser:\r\n\r\n!login_url\r\n\r\nThis is a one-time login, so it can be used only once. It expires after one day and nothing will happen if it\'s not used.\r\n\r\nAfter logging in, you will be redirected to !edit_uri so you can change your password.\";'),('user_pictures','s:1:\"0\";'),('user_picture_path','s:8:\"pictures\";'),('user_picture_default','s:0:\"\";'),('user_picture_dimensions','s:5:\"85x85\";'),('user_picture_file_size','s:2:\"30\";'),('user_picture_guidelines','s:0:\"\";'),('node_options_articles','a:1:{i:0;s:6:\"status\";}'),('comment_articles','s:1:\"0\";'),('forward_display_articles','i:0;'),('upload_articles','s:1:\"1\";'),('node_options_video','a:1:{i:0;s:6:\"status\";}'),('comment_video','s:1:\"0\";'),('upload_video','s:1:\"1\";'),('forward_display_video','i:0;'),('upload_page','s:1:\"1\";'),('forward_display_page','i:0;'),('node_options_story','a:1:{i:0;s:6:\"status\";}'),('comment_story','s:1:\"2\";'),('upload_story','s:1:\"1\";'),('forward_display_story','i:0;'),('node_options_faq','a:1:{i:0;s:6:\"status\";}'),('comment_faq','s:1:\"0\";'),('upload_faq','s:1:\"1\";'),('forward_display_faq','i:0;'),('theme_sky_settings','a:16:{s:11:\"toggle_logo\";i:0;s:11:\"toggle_name\";i:1;s:13:\"toggle_slogan\";i:0;s:14:\"toggle_mission\";i:0;s:24:\"toggle_node_user_picture\";i:0;s:27:\"toggle_comment_user_picture\";i:0;s:13:\"toggle_search\";i:1;s:14:\"toggle_favicon\";i:0;s:12:\"default_logo\";i:1;s:9:\"logo_path\";s:0:\"\";s:11:\"logo_upload\";s:0:\"\";s:15:\"default_favicon\";i:1;s:12:\"favicon_path\";s:0:\"\";s:14:\"favicon_upload\";s:0:\"\";s:2:\"op\";s:18:\"Save configuration\";s:10:\"form_token\";s:32:\"b038d836bcaf74138c4174d61083e420\";}'),('theme_settings','a:24:{s:11:\"toggle_logo\";i:0;s:11:\"toggle_name\";i:1;s:13:\"toggle_slogan\";i:0;s:14:\"toggle_mission\";i:0;s:24:\"toggle_node_user_picture\";i:0;s:27:\"toggle_comment_user_picture\";i:0;s:13:\"toggle_search\";i:1;s:14:\"toggle_favicon\";i:1;s:25:\"toggle_node_info_articles\";i:0;s:20:\"toggle_node_info_faq\";i:0;s:22:\"toggle_node_info_forum\";i:1;s:22:\"toggle_node_info_image\";i:0;s:21:\"toggle_node_info_page\";i:0;s:24:\"toggle_node_info_product\";i:0;s:22:\"toggle_node_info_story\";i:1;s:22:\"toggle_node_info_video\";i:0;s:12:\"default_logo\";i:1;s:9:\"logo_path\";s:0:\"\";s:11:\"logo_upload\";s:0:\"\";s:15:\"default_favicon\";i:1;s:12:\"favicon_path\";s:0:\"\";s:14:\"favicon_upload\";s:0:\"\";s:2:\"op\";s:18:\"Save configuration\";s:10:\"form_token\";s:32:\"e5dce2f0d8ac141a6b8de8e5f4e620f5\";}'),('commentmover_node_forum','i:1;'),('commentmover_node_faq','i:0;'),('commentmover_node_image','i:0;'),('commentmover_node_video','i:0;'),('commentmover_node_articles','i:0;'),('commentmover_node_page','i:0;'),('commentmover_node_story','i:0;'),('commentmover_prune_forum','i:1;'),('commentmover_prune_faq','i:0;'),('commentmover_prune_image','i:0;'),('commentmover_prune_video','i:0;'),('commentmover_prune_articles','i:0;'),('commentmover_prune_page','i:0;'),('commentmover_prune_story','i:0;'),('commentmover_graft_forum','i:1;'),('commentmover_graft_faq','i:0;'),('commentmover_graft_image','i:0;'),('commentmover_graft_video','i:0;'),('commentmover_graft_articles','i:0;'),('commentmover_graft_page','i:0;'),('commentmover_graft_story','i:0;'),('commentmover_promotion_forum','i:0;'),('commentmover_promotion_faq','i:0;'),('commentmover_promotion_image','i:0;'),('commentmover_promotion_video','i:0;'),('commentmover_promotion_articles','i:0;'),('commentmover_promotion_page','i:0;'),('commentmover_promotion_story','i:0;'),('video_image_publish_thumbnail','i:0;'),('video_image_promote_thumbnail','i:1;'),('video_image_auto_thumbnail','i:0;'),('video_image_auto_thumbnail_debug','i:0;'),('video_default_video_type','s:1:\"0\";'),('video_displaydownloadmenutab','i:0;'),('video_displaydownloadlink','i:0;'),('video_displayplaytime','i:0;'),('video_displayfilesize','i:0;'),('video_resolution_width','s:7:\"640x480\";'),('video_resolution_4_name','s:0:\"\";'),('video_resolution_4_value','s:0:\"\";'),('video_playcounter','i:0;'),('video_downloadcounter','i:0;'),('video_flvplayerloader','s:14:\"FlowPlayer.swf\";'),('video_cortado','s:37:\"http://www.wcbmembers.com/cortado.jar\";'),('imce_settings_tinymce','i:1;'),('imce_settings_textarea','s:0:\"\";'),('imce_settings_rank','a:2:{i:0;s:1:\"3\";i:1;s:1:\"2\";}'),('imce_settings_user1','a:6:{s:5:\"width\";s:3:\"500\";s:6:\"height\";s:3:\"500\";s:6:\"twidth\";s:0:\"\";s:7:\"theight\";s:0:\"\";s:6:\"shared\";s:2:\"u1\";s:6:\"extras\";i:0;}'),('imce_settings_roles','a:2:{i:3;a:17:{s:6:\"delete\";i:1;s:6:\"upload\";i:1;s:7:\"nolimit\";i:0;s:5:\"width\";s:3:\"500\";s:6:\"height\";s:3:\"500\";s:5:\"scale\";i:0;s:6:\"twidth\";s:0:\"\";s:7:\"theight\";s:0:\"\";s:6:\"resize\";i:0;s:8:\"filesize\";s:3:\"100\";s:5:\"quota\";s:3:\"500\";s:6:\"prefix\";s:1:\"u\";s:6:\"shared\";s:0:\"\";s:6:\"subnav\";i:0;s:7:\"subdirs\";s:0:\"\";s:10:\"extensions\";s:0:\"\";s:6:\"extras\";i:0;}i:2;a:17:{s:6:\"delete\";i:1;s:6:\"upload\";i:1;s:7:\"nolimit\";i:0;s:5:\"width\";s:3:\"500\";s:6:\"height\";s:3:\"500\";s:5:\"scale\";i:1;s:6:\"twidth\";s:0:\"\";s:7:\"theight\";s:0:\"\";s:6:\"resize\";i:0;s:8:\"filesize\";s:3:\"100\";s:5:\"quota\";s:3:\"500\";s:6:\"prefix\";s:1:\"u\";s:6:\"shared\";s:0:\"\";s:6:\"subnav\";i:0;s:7:\"subdirs\";s:0:\"\";s:10:\"extensions\";s:0:\"\";s:6:\"extras\";i:0;}}'),('wipe','s:13:\"Re-index site\";'),('search_cron_limit','s:3:\"100\";'),('minimum_word_size','s:1:\"3\";'),('overlap_cjk','i:1;'),('node_rank_relevance','s:1:\"5\";'),('node_rank_recent','s:1:\"5\";'),('node_rank_comments','s:1:\"5\";'),('video_resolution_3_name','s:7:\"800x600\";'),('video_resolution_3_value','s:7:\"800x600\";'),('site_name','s:18:\"Joint Pain Comfort\";'),('site_footer','s:38:\"Copyright © 2008 jointpaincomfort.com\";'),('menu_parent_items','s:1:\"0\";'),('forward_emailmessage','s:70:\"!name thought you would like to see this page from the !site web site.\";'),('forward_postcardsubject','s:43:\"!name has sent you an e-postcard from !site\";'),('forward_postcardmessage','s:102:\"!name has sent you an e-postcard from the !site web site.  Please take a moment to visit our web site.\";'),('googleanalytics_track_1','i:1;'),('googleanalytics_track_2','i:1;'),('googleanalytics_track_3','i:1;'),('uc_address_format_840','s:102:\"!company\r\n!first_name !last_name\r\n!street1\r\n!street2\r\n!city, !zone_code !postal_code\r\n!country_name_if\";'),('uc_address_format_124','s:100:\"!company\r\n!first_name !last_name\r\n!street1\r\n!street2\r\n!city, !postal_code\r\n!zone_name, !country_name\";'),('nodeaccess_forum','a:5:{i:0;a:5:{s:3:\"gid\";i:1;s:5:\"realm\";s:14:\"nodeaccess_rid\";s:10:\"grant_view\";i:1;s:12:\"grant_update\";i:0;s:12:\"grant_delete\";i:0;}i:1;a:5:{s:3:\"gid\";i:2;s:5:\"realm\";s:14:\"nodeaccess_rid\";s:10:\"grant_view\";i:1;s:12:\"grant_update\";i:0;s:12:\"grant_delete\";i:0;}i:2;a:5:{s:3:\"gid\";i:5;s:5:\"realm\";s:14:\"nodeaccess_rid\";s:10:\"grant_view\";i:0;s:12:\"grant_update\";i:0;s:12:\"grant_delete\";i:0;}i:3;a:5:{s:3:\"gid\";i:4;s:5:\"realm\";s:14:\"nodeaccess_rid\";s:10:\"grant_view\";i:0;s:12:\"grant_update\";i:0;s:12:\"grant_delete\";i:0;}i:4;a:5:{s:3:\"gid\";i:3;s:5:\"realm\";s:14:\"nodeaccess_rid\";s:10:\"grant_view\";i:0;s:12:\"grant_update\";i:0;s:12:\"grant_delete\";i:0;}}'),('nodeaccess_faq','a:5:{i:0;a:5:{s:3:\"gid\";i:1;s:5:\"realm\";s:14:\"nodeaccess_rid\";s:10:\"grant_view\";i:1;s:12:\"grant_update\";i:0;s:12:\"grant_delete\";i:0;}i:1;a:5:{s:3:\"gid\";i:2;s:5:\"realm\";s:14:\"nodeaccess_rid\";s:10:\"grant_view\";i:1;s:12:\"grant_update\";i:0;s:12:\"grant_delete\";i:0;}i:2;a:5:{s:3:\"gid\";i:5;s:5:\"realm\";s:14:\"nodeaccess_rid\";s:10:\"grant_view\";i:0;s:12:\"grant_update\";i:0;s:12:\"grant_delete\";i:0;}i:3;a:5:{s:3:\"gid\";i:4;s:5:\"realm\";s:14:\"nodeaccess_rid\";s:10:\"grant_view\";i:0;s:12:\"grant_update\";i:0;s:12:\"grant_delete\";i:0;}i:4;a:5:{s:3:\"gid\";i:3;s:5:\"realm\";s:14:\"nodeaccess_rid\";s:10:\"grant_view\";i:0;s:12:\"grant_update\";i:0;s:12:\"grant_delete\";i:0;}}'),('node_options_product','a:1:{i:0;s:6:\"status\";}'),('comment_product','s:1:\"0\";'),('upload_product','s:1:\"1\";'),('forward_display_product','i:1;'),('uc_pg_paypal_wpp_enabled','i:1;'),('uc_paypal_wpp_currency','s:3:\"USD\";'),('uc_paypal_wpp_server','s:37:\"https://api-3t.sandbox.paypal.com/nvp\";'),('uc_paypal_wpp_payment_action','s:4:\"Sale\";'),('uc_paypal_ec_rqconfirmed_addr','i:0;'),('uc_paypal_ec_review_shipping','i:1;'),('uc_paypal_ec_review_company','i:1;'),('uc_paypal_ec_review_phone','i:1;'),('uc_paypal_ec_review_comment','i:1;'),('uc_paypal_api_username','s:31:\"qualifysolutions_api1.gmail.com\";'),('uc_paypal_api_password','s:16:\"9WMBZMGL5ZUXU53J\";'),('uc_paypal_api_signature','s:56:\"AKi8Bi4z7jbEUHfNIIOrE0SukC0zAqg7Mx5p1lQHfMsq4Rj18pDq0jNN\";'),('uc_payment_method_paypal_wps_checkout','i:1;'),('uc_payment_method_paypal_wps_weight','s:1:\"1\";'),('uc_payment_method_check_checkout','i:0;'),('uc_payment_method_check_weight','s:1:\"1\";'),('uc_payment_method_cod_checkout','i:0;'),('uc_payment_method_cod_weight','s:1:\"1\";'),('uc_payment_method_paypal_ec_checkout','i:0;'),('uc_payment_method_paypal_ec_weight','s:1:\"1\";'),('uc_payment_method_other_checkout','i:0;'),('uc_payment_method_other_weight','s:2:\"10\";'),('uc_paypal_wps_currency','s:3:\"USD\";'),('uc_paypal_wps_language','s:2:\"US\";'),('uc_paypal_wps_payment_action','s:4:\"Sale\";'),('uc_paypal_wps_checkout_button','s:12:\"Submit Order\";'),('uc_paypal_wbs_submit_method','s:6:\"single\";'),('uc_paypal_wps_no_shipping','s:1:\"1\";'),('uc_paypal_wps_address_override','i:1;'),('uc_paypal_wps_address_selection','s:7:\"billing\";'),('uc_paypal_wps_debug_ipn','i:0;'),('uc_check_mailing_company','s:0:\"\";'),('uc_check_mailing_name','s:0:\"\";'),('uc_check_mailing_street1','s:0:\"\";'),('uc_check_mailing_street2','s:0:\"\";'),('uc_check_mailing_city','s:0:\"\";'),('uc_check_mailing_country','s:1:\"0\";'),('uc_check_mailing_zone','s:0:\"\";'),('uc_check_mailing_postal_code','s:0:\"\";'),('uc_check_policy','s:121:\"Personal and business checks will be held for up to 10 business days to ensure payment clears before an order is shipped.\";'),('uc_cod_max_order','s:1:\"0\";'),('uc_cod_delivery_date','i:0;'),('nodeaccess_image','a:5:{i:0;a:5:{s:3:\"gid\";i:1;s:5:\"realm\";s:14:\"nodeaccess_rid\";s:10:\"grant_view\";i:1;s:12:\"grant_update\";i:0;s:12:\"grant_delete\";i:0;}i:1;a:5:{s:3:\"gid\";i:2;s:5:\"realm\";s:14:\"nodeaccess_rid\";s:10:\"grant_view\";i:1;s:12:\"grant_update\";i:0;s:12:\"grant_delete\";i:0;}i:2;a:5:{s:3:\"gid\";i:5;s:5:\"realm\";s:14:\"nodeaccess_rid\";s:10:\"grant_view\";i:0;s:12:\"grant_update\";i:0;s:12:\"grant_delete\";i:0;}i:3;a:5:{s:3:\"gid\";i:4;s:5:\"realm\";s:14:\"nodeaccess_rid\";s:10:\"grant_view\";i:0;s:12:\"grant_update\";i:0;s:12:\"grant_delete\";i:0;}i:4;a:5:{s:3:\"gid\";i:3;s:5:\"realm\";s:14:\"nodeaccess_rid\";s:10:\"grant_view\";i:0;s:12:\"grant_update\";i:0;s:12:\"grant_delete\";i:0;}}'),('nodeaccess_product','a:5:{i:0;a:5:{s:3:\"gid\";i:1;s:5:\"realm\";s:14:\"nodeaccess_rid\";s:10:\"grant_view\";i:1;s:12:\"grant_update\";i:0;s:12:\"grant_delete\";i:0;}i:1;a:5:{s:3:\"gid\";i:2;s:5:\"realm\";s:14:\"nodeaccess_rid\";s:10:\"grant_view\";i:1;s:12:\"grant_update\";i:0;s:12:\"grant_delete\";i:0;}i:2;a:5:{s:3:\"gid\";i:5;s:5:\"realm\";s:14:\"nodeaccess_rid\";s:10:\"grant_view\";i:0;s:12:\"grant_update\";i:0;s:12:\"grant_delete\";i:0;}i:3;a:5:{s:3:\"gid\";i:4;s:5:\"realm\";s:14:\"nodeaccess_rid\";s:10:\"grant_view\";i:0;s:12:\"grant_update\";i:0;s:12:\"grant_delete\";i:0;}i:4;a:5:{s:3:\"gid\";i:3;s:5:\"realm\";s:14:\"nodeaccess_rid\";s:10:\"grant_view\";i:0;s:12:\"grant_update\";i:0;s:12:\"grant_delete\";i:0;}}'),('nodeaccess_video','a:5:{i:0;a:5:{s:3:\"gid\";i:1;s:5:\"realm\";s:14:\"nodeaccess_rid\";s:10:\"grant_view\";i:1;s:12:\"grant_update\";i:0;s:12:\"grant_delete\";i:0;}i:1;a:5:{s:3:\"gid\";i:2;s:5:\"realm\";s:14:\"nodeaccess_rid\";s:10:\"grant_view\";i:1;s:12:\"grant_update\";i:0;s:12:\"grant_delete\";i:0;}i:2;a:5:{s:3:\"gid\";i:5;s:5:\"realm\";s:14:\"nodeaccess_rid\";s:10:\"grant_view\";i:0;s:12:\"grant_update\";i:0;s:12:\"grant_delete\";i:0;}i:3;a:5:{s:3:\"gid\";i:4;s:5:\"realm\";s:14:\"nodeaccess_rid\";s:10:\"grant_view\";i:0;s:12:\"grant_update\";i:0;s:12:\"grant_delete\";i:0;}i:4;a:5:{s:3:\"gid\";i:3;s:5:\"realm\";s:14:\"nodeaccess_rid\";s:10:\"grant_view\";i:0;s:12:\"grant_update\";i:0;s:12:\"grant_delete\";i:0;}}'),('nodeaccess_articles','a:5:{i:0;a:5:{s:3:\"gid\";i:1;s:5:\"realm\";s:14:\"nodeaccess_rid\";s:10:\"grant_view\";i:1;s:12:\"grant_update\";i:0;s:12:\"grant_delete\";i:0;}i:1;a:5:{s:3:\"gid\";i:2;s:5:\"realm\";s:14:\"nodeaccess_rid\";s:10:\"grant_view\";i:1;s:12:\"grant_update\";i:0;s:12:\"grant_delete\";i:0;}i:2;a:5:{s:3:\"gid\";i:5;s:5:\"realm\";s:14:\"nodeaccess_rid\";s:10:\"grant_view\";i:0;s:12:\"grant_update\";i:0;s:12:\"grant_delete\";i:0;}i:3;a:5:{s:3:\"gid\";i:4;s:5:\"realm\";s:14:\"nodeaccess_rid\";s:10:\"grant_view\";i:0;s:12:\"grant_update\";i:0;s:12:\"grant_delete\";i:0;}i:4;a:5:{s:3:\"gid\";i:3;s:5:\"realm\";s:14:\"nodeaccess_rid\";s:10:\"grant_view\";i:0;s:12:\"grant_update\";i:0;s:12:\"grant_delete\";i:0;}}'),('nodeaccess_page','a:5:{i:0;a:5:{s:3:\"gid\";i:1;s:5:\"realm\";s:14:\"nodeaccess_rid\";s:10:\"grant_view\";i:1;s:12:\"grant_update\";i:0;s:12:\"grant_delete\";i:0;}i:1;a:5:{s:3:\"gid\";i:2;s:5:\"realm\";s:14:\"nodeaccess_rid\";s:10:\"grant_view\";i:1;s:12:\"grant_update\";i:0;s:12:\"grant_delete\";i:0;}i:2;a:5:{s:3:\"gid\";i:5;s:5:\"realm\";s:14:\"nodeaccess_rid\";s:10:\"grant_view\";i:0;s:12:\"grant_update\";i:0;s:12:\"grant_delete\";i:0;}i:3;a:5:{s:3:\"gid\";i:4;s:5:\"realm\";s:14:\"nodeaccess_rid\";s:10:\"grant_view\";i:0;s:12:\"grant_update\";i:0;s:12:\"grant_delete\";i:0;}i:4;a:5:{s:3:\"gid\";i:3;s:5:\"realm\";s:14:\"nodeaccess_rid\";s:10:\"grant_view\";i:0;s:12:\"grant_update\";i:0;s:12:\"grant_delete\";i:0;}}'),('nodeaccess_story','a:5:{i:0;a:5:{s:3:\"gid\";i:1;s:5:\"realm\";s:14:\"nodeaccess_rid\";s:10:\"grant_view\";i:1;s:12:\"grant_update\";i:0;s:12:\"grant_delete\";i:0;}i:1;a:5:{s:3:\"gid\";i:2;s:5:\"realm\";s:14:\"nodeaccess_rid\";s:10:\"grant_view\";i:1;s:12:\"grant_update\";i:0;s:12:\"grant_delete\";i:0;}i:2;a:5:{s:3:\"gid\";i:5;s:5:\"realm\";s:14:\"nodeaccess_rid\";s:10:\"grant_view\";i:0;s:12:\"grant_update\";i:0;s:12:\"grant_delete\";i:0;}i:3;a:5:{s:3:\"gid\";i:4;s:5:\"realm\";s:14:\"nodeaccess_rid\";s:10:\"grant_view\";i:0;s:12:\"grant_update\";i:0;s:12:\"grant_delete\";i:0;}i:4;a:5:{s:3:\"gid\";i:3;s:5:\"realm\";s:14:\"nodeaccess_rid\";s:10:\"grant_view\";i:0;s:12:\"grant_update\";i:0;s:12:\"grant_delete\";i:0;}}'),('nodeaccess_authors','a:8:{s:5:\"forum\";a:3:{s:10:\"grant_view\";i:1;s:12:\"grant_update\";i:1;s:12:\"grant_delete\";i:1;}s:3:\"faq\";a:3:{s:10:\"grant_view\";i:1;s:12:\"grant_update\";i:1;s:12:\"grant_delete\";i:1;}s:5:\"image\";a:3:{s:10:\"grant_view\";i:1;s:12:\"grant_update\";i:1;s:12:\"grant_delete\";i:1;}s:7:\"product\";a:3:{s:10:\"grant_view\";i:1;s:12:\"grant_update\";i:1;s:12:\"grant_delete\";i:1;}s:5:\"video\";a:3:{s:10:\"grant_view\";i:1;s:12:\"grant_update\";i:1;s:12:\"grant_delete\";i:1;}s:8:\"articles\";a:3:{s:10:\"grant_view\";i:1;s:12:\"grant_update\";i:1;s:12:\"grant_delete\";i:1;}s:4:\"page\";a:3:{s:10:\"grant_view\";i:1;s:12:\"grant_update\";i:1;s:12:\"grant_delete\";i:1;}s:5:\"story\";a:3:{s:10:\"grant_view\";i:1;s:12:\"grant_update\";i:1;s:12:\"grant_delete\";i:1;}}'),('nodeaccess-priority','i:0;'),('nodeaccess-roles','a:5:{i:1;i:1;i:2;i:0;i:5;i:1;i:4;i:0;i:3;i:0;}'),('nodeaccess-types','a:8:{s:5:\"forum\";i:1;s:3:\"faq\";i:0;s:5:\"image\";i:0;s:7:\"product\";i:0;s:5:\"video\";i:1;s:8:\"articles\";i:1;s:4:\"page\";i:1;s:5:\"story\";i:1;}'),('state_machines','a:0:{}'),('googleanalytics_account','s:12:\"UA-4958697-1\";'),('googleanalytics_legacy_version','i:0;'),('uc_pane_cart_enabled','i:1;'),('uc_pane_cart_weight','s:1:\"1\";'),('uc_pane_customer_enabled','i:1;'),('uc_pane_customer_weight','s:1:\"2\";'),('uc_pane_delivery_enabled','i:0;'),('uc_pane_delivery_weight','s:1:\"3\";'),('uc_pane_billing_enabled','i:0;'),('uc_pane_billing_weight','s:1:\"4\";'),('uc_pane_payment_enabled','i:1;'),('uc_pane_payment_weight','s:1:\"6\";'),('uc_pane_comments_enabled','i:0;'),('uc_pane_comments_weight','s:1:\"7\";'),('uc_cart_email_validation','i:0;'),('uc_cart_new_account_name','i:1;'),('uc_cart_new_account_password','i:1;'),('uc_cart_new_account_details','s:125:\"<b>Optional.</b> New customers may supply custom account details.<br />We will create these for you if no values are entered.\";'),('uc_payment_show_order_total_preview','i:1;'),('uc_paypal_wps_email','s:26:\"qualifysolutions@gmail.com\";'),('uc_add_item_redirect','s:13:\"cart/checkout\";'),('uc_recurring_handler','s:12:\"uc_recurring\";'),('uc_recurring_payment_methods','a:5:{s:10:\"paypal_wps\";s:10:\"paypal_wps\";s:5:\"check\";i:0;s:3:\"cod\";i:0;s:9:\"paypal_ec\";i:0;s:5:\"other\";i:0;}'),('uc_recurring_checkout_process','i:1;'),('uc_recurring_checkout_fail','s:4:\"fail\";'),('uc_roles_default_order_status','s:9:\"completed\";'),('uc_roles_default_length','s:0:\"\";'),('uc_roles_default_granularity','s:5:\"never\";'),('uc_roles_default_role','s:1:\"5\";'),('uc_roles_default_role_choices','a:3:{i:5;i:5;i:4;i:0;i:3;i:0;}'),('uc_roles_default_show_expiration','i:0;'),('uc_roles_default_expiration_header','s:14:\"Expiring roles\";'),('uc_roles_default_expiration_title','s:10:\"!role_name\";'),('uc_roles_default_expiration_message','s:30:\"This role will expire on !date\";'),('uc_checkout_enabled','i:1;'),('uc_checkout_anonymous','i:1;'),('uc_checkout_review_button','s:12:\"Review order\";'),('uc_checkout_submit_button','s:12:\"Submit order\";'),('uc_cart_delivery_not_shippable','i:1;'),('uc_use_next_buttons','i:0;'),('uc_collapse_current_pane','i:1;'),('uc_checkout_next_button','s:4:\"Next\";'),('uc_new_customer_email','i:1;'),('uc_new_customer_login','i:1;'),('uc_new_customer_status_active','i:1;'),('uc_cart_checkout_complete_page','s:0:\"\";'),('uc_field_first_name','s:10:\"First name\";'),('uc_field_last_name','s:9:\"Last name\";'),('uc_field_phone','s:12:\"Phone number\";'),('uc_field_company','s:7:\"Company\";'),('uc_field_street1','s:16:\"Street address 1\";'),('uc_field_street2','s:16:\"Street address 2\";'),('uc_field_city','s:4:\"City\";'),('uc_field_zone','s:4:\"Zone\";'),('uc_field_country','s:7:\"Country\";'),('uc_field_postal_code','s:11:\"Postal code\";'),('uc_field_address','s:7:\"Address\";'),('uc_field_street','s:14:\"Street address\";'),('uc_address_fields','a:10:{s:10:\"first_name\";s:10:\"first_name\";s:9:\"last_name\";s:9:\"last_name\";s:5:\"phone\";s:5:\"phone\";s:7:\"company\";s:7:\"company\";s:7:\"street1\";s:7:\"street1\";s:7:\"street2\";s:7:\"street2\";s:4:\"city\";s:4:\"city\";s:4:\"zone\";s:4:\"zone\";s:7:\"country\";s:7:\"country\";s:11:\"postal_code\";s:11:\"postal_code\";}'),('uc_address_fields_required','a:7:{s:10:\"first_name\";s:10:\"first_name\";s:9:\"last_name\";s:9:\"last_name\";s:7:\"street1\";s:7:\"street1\";s:4:\"city\";s:4:\"city\";s:4:\"zone\";s:4:\"zone\";s:7:\"country\";s:7:\"country\";s:11:\"postal_code\";s:11:\"postal_code\";}'),('uc_store_name','s:18:\"Joint Pain Comfort\";'),('uc_store_owner','s:18:\"Michael Masterson \";'),('uc_store_email','s:36:\"qualifysolutionsmembership@gmail.com\";'),('uc_store_email_include_name','i:1;'),('uc_store_phone','s:0:\"\";'),('uc_store_fax','s:0:\"\";'),('uc_store_street1','s:0:\"\";'),('uc_store_street2','s:0:\"\";'),('uc_store_city','s:0:\"\";'),('uc_store_country','s:1:\"0\";'),('uc_store_zone','s:0:\"\";'),('uc_store_postal_code','s:0:\"\";'),('uc_checkout_instructions','s:0:\"\";'),('uc_checkout_instructions_format','s:1:\"3\";'),('uc_checkout_review_instructions','s:198:\"Your order is not complete. Please review the details of your order and click Submit order if all the information is correct.  You may use the Back button to make changes to your order if necessary.\";'),('uc_checkout_review_instructions_format','s:1:\"3\";'),('uc_msg_order_submit_format','s:1:\"3\";'),('uc_msg_order_logged_in_format','s:1:\"2\";'),('uc_msg_order_existing_user_format','s:1:\"2\";'),('uc_msg_order_new_user_format','s:1:\"2\";'),('uc_msg_continue_shopping','s:77:\"<a href=\"http://jointpaincomfort.com/\">Click to return to the front page.</a>\";'),('uc_msg_continue_shopping_format','s:1:\"3\";'),('theme_default','s:9:\"jointpain\";'),('pathauto_transliterate','b:0;'),('pathauto_forum_supportsfeeds','s:6:\"0/feed\";'),('pathauto_node_supportsfeeds','s:4:\"feed\";'),('pathauto_tracker_supportsfeeds','s:4:\"feed\";'),('simplemenu_menu','s:1:\"1\";'),('simplemenu_theme','s:9:\"blackblue\";'),('simplemenu_element','s:4:\"body\";'),('simplemenu_element_method','s:7:\"prepend\";'),('simplemenu_exclusions','a:12:{s:9:\"newsflash\";i:0;s:8:\"simplex2\";i:0;s:6:\"marvin\";i:0;s:8:\"minnelli\";i:0;s:11:\"fourseasons\";i:0;s:12:\"fourseasons1\";i:0;s:9:\"jointpain\";i:0;s:3:\"sky\";i:0;s:9:\"chameleon\";i:0;s:10:\"bluemarine\";i:0;s:10:\"pushbutton\";i:0;s:7:\"garland\";i:0;}'),('filter_url_length_1','s:2:\"72\";'),('allowed_html_1','s:171:\"<div><span><br /><blockquote><table><thead><th><tr><td><form><input><h1><h2> <h3> <h4> <h5> <h6> <img> <p> <a> <em> <strong> <cite> <code> <ul> <ol> <li> <dl> <dt> <dd><i>\";'),('filter_html_help_1','i:1;'),('filter_html_nofollow_1','i:0;'),('format','s:1:\"1\";'),('theme_jointpain_settings','a:16:{s:11:\"toggle_logo\";i:1;s:11:\"toggle_name\";i:1;s:13:\"toggle_slogan\";i:1;s:14:\"toggle_mission\";i:0;s:24:\"toggle_node_user_picture\";i:0;s:27:\"toggle_comment_user_picture\";i:0;s:13:\"toggle_search\";i:1;s:14:\"toggle_favicon\";i:1;s:12:\"default_logo\";i:1;s:9:\"logo_path\";s:0:\"\";s:11:\"logo_upload\";s:0:\"\";s:15:\"default_favicon\";i:0;s:12:\"favicon_path\";s:27:\"files/jointpain_favicon.ico\";s:14:\"favicon_upload\";s:0:\"\";s:2:\"op\";s:18:\"Save configuration\";s:10:\"form_token\";s:32:\"aae43bda7af1daf90ec734c3c79f56d9\";}'),('admin_theme','s:7:\"garland\";'),('pngfix_css_classes','s:0:\"\";'),('node_cron_comments_scale','d:0.033333333333333332870740406406184774823486804962158203125;'),('node_cron_views_scale','d:1;'),('statistics_day_timestamp','i:1215119010;'),('uc_store_last_report','i:1215119010;'),('uc_store_site_id','s:32:\"f9b710a7f8ac8961f015fff9f6799042\";'),('node_cron_last','s:10:\"1215010914\";'),('node_cron_last_nid','s:3:\"189\";'),('uc_cart_block_empty_hide','i:0;'),('uc_cart_block_image','i:1;'),('uc_cart_block_title','s:0:\"\";'),('uc_cart_block_collapsible','i:1;'),('uc_cart_block_collapsed','i:1;'),('uc_cart_show_help_text','i:0;'),('uc_cart_help_text','s:37:\"Click title to display cart contents.\";'),('uc_minimum_subtotal','s:1:\"0\";'),('uc_cart_anon_duration','s:1:\"4\";'),('uc_cart_anon_unit','s:5:\"hours\";'),('uc_cart_auth_duration','s:1:\"1\";'),('uc_cart_auth_unit','s:5:\"years\";'),('uc_continue_shopping_type','s:4:\"link\";'),('uc_continue_shopping_url','s:0:\"\";'),('uc_continue_shopping_text','s:17:\"Continue shopping\";'),('uc_cart_breadcrumb_url','s:0:\"\";'),('uc_cart_breadcrumb_text','s:4:\"Home\";'),('premium_mode','s:1:\"0\";'),('uc_msg_order_submit','s:923:\"<!--Start Adtrackz Conversion Tracking Code-->\r\n<img src=\"http://www.managedtracking.com/atz/a.php?type=sale&value=19.97&id=jpc1&name=JointPainComfort+membership+1&description=\"  width=1 height=1>\r\n<!--End Adtrackz Conversion Tracking Code-->\r\n\r\n<!-- Google Code for content sale Conversion Page -->\r\n<script language=\"JavaScript\" type=\"text/javascript\">\r\n<!--\r\nvar google_conversion_id = 1072583498;\r\nvar google_conversion_language = \"en_US\";\r\nvar google_conversion_format = \"1\";\r\nvar google_conversion_color = \"ffffff\";\r\nvar google_conversion_label = \"B1oTCLeuSRDKprn_Aw\";\r\n//-->\r\n</script>\r\n<script language=\"JavaScript\" src=\"http://www.googleadservices.com/pagead/conversion.js\">\r\n</script>\r\n<noscript>\r\n<img height=\"1\" width=\"1\" border=\"0\" src=\"http://www.googleadservices.com/pagead/conversion/1072583498/?label=B1oTCLeuSRDKprn_Aw&amp;script=0\"/>\r\n</noscript>\r\nYour order is complete! Your order number is [order-id].\";'),('premium_time_count','s:1:\"2\";'),('premium_time_unit','s:1:\"W\";'),('premium_message','s:837:\"Full text available to premium subscribers only\r\n<form action=\"/?q=content/joint-pain-comfort-membership\" accept-charset=\"UTF-8\" method=\"post\" id=\"uc-product-add-to-cart-form-183\" name=\"cartForm\">\r\n<input name=\"qty\" id=\"edit-qty\" value=\"1\" type=\"hidden\"><br />\r\n<input name=\"form_token\" id=\"edit-uc-product-add-to-cart-form-183-form-token\" value=\"b00f227bc0ffc6815d8f8591ea036f3d\" type=\"hidden\"><br />\r\n<input name=\"form_id\" id=\"edit-uc-product-add-to-cart-form-183\" value=\"uc_product_add_to_cart_form_183\" type=\"hidden\"><br />\r\n</form>\r\n\r\n<table align=\"center\" bgcolor=\"#f9f9f9\" border=\"0\" cellspacing=\"0\" width=\"90%\">\r\n<tbody><tr>\r\n<td style=\"border: 1px dashed rgb(153, 153, 153); padding: 10px;\" align=\"center\">\r\n<a href=\"javascript:this.document.cartForm.submit();\"><strong>Order Now</strong></a><br>\r\n</td>\r\n</tr>\r\n</tbody></table>\";'),('site_403','s:12:\"redirectpage\";'),('site_404','s:12:\"redirectpage\";'),('error_level','s:1:\"1\";'),('watchdog_clear','s:6:\"604800\";'),('uc_paypal_wps_server','s:37:\"https://www.paypal.com/cgi-bin/webscr\";'),('googleanalytics_segmentation','a:2:{s:3:\"uid\";s:3:\"uid\";s:4:\"name\";s:4:\"name\";}'),('nodewords','a:6:{s:6:\"global\";a:4:{s:9:\"copyright\";s:0:\"\";s:6:\"geourl\";s:0:\"\";s:8:\"keywords\";s:0:\"\";s:6:\"robots\";s:9:\"noarchive\";}s:13:\"keywords_vids\";a:0:{}s:10:\"use_teaser\";i:1;s:8:\"max_size\";s:3:\"255\";s:4:\"edit\";a:6:{s:6:\"geourl\";i:0;s:9:\"copyright\";i:0;s:8:\"keywords\";i:1;s:6:\"robots\";i:0;s:8:\"abstract\";i:0;s:11:\"description\";i:1;}s:4:\"head\";a:6:{s:6:\"geourl\";i:1;s:9:\"copyright\";i:1;s:8:\"keywords\";i:1;s:6:\"robots\";i:1;s:8:\"abstract\";i:1;s:11:\"description\";i:1;}}'),('nodewords-repeat','i:0;'),('nodewords-use_front','i:1;'),('googleanalytics_trackfiles','s:11:\"pdf|zip|mp3\";'),('googleanalytics_cache','i:0;'),('googleanalytics_site_search','i:0;'),('googleanalytics_codesnippet','s:0:\"\";'),('uc_msg_order_logged_in','s:908:\"Thank you for shopping at [store-name]. While logged in, you may continue shopping or <a href=\"http://jointpaincomfort.com/?q=user/1/orders\">click here</a> to view your current order status and order history.\r\n<?php\r\nerror_reporting(0);\r\n$expirytime    = time()+9600000;\r\n$cookiename = \'xconversions\';\r\nif (isset($_COOKIE[$cookiename])) {\r\n$var = $_COOKIE[$cookiename];\r\nif(!(isset($_COOKIE[\'xc_recorded_sale\']))) {\r\n$sessions = curl_init();\r\ncurl_setopt($sessions,\r\nCURLOPT_URL,\"http://managedtracking.com/xc3/xtreme3/record_sale.php?var=$var&xid=\");\r\ncurl_setopt($sessions, CURLOPT_POST, 1);\r\ncurl_setopt($sessions, CURLOPT_FOLLOWLOCATION,1);\r\ncurl_setopt($sessions, CURLOPT_HEADER , 0);\r\ncurl_setopt($sessions, CURLOPT_RETURNTRANSFER,1);\r\ncurl_setopt($sessions, CURLOPT_VERBOSE, 0);\r\n$result = curl_exec($sessions);\r\ncurl_close($sessions);\r\nsetcookie(\"xc_recorded_sale\", \"yes\", $expirytime, \"/\");\r\n}\r\n} ?>\";'),('uc_msg_order_existing_user','s:1041:\"Thank you for shopping at [store-name]. Your current order has been attached to the account we found matching your e-mail address.<p><a href=\"http://jointpaincomfort.com/?q=user\">Click here</a> to login and view your current order status and order history. Remember to login when you make your next purchase for a faster checkout experience!\r\n<?php\r\nerror_reporting(0);\r\n$expirytime    = time()+9600000;\r\n$cookiename = \'xconversions\';\r\nif (isset($_COOKIE[$cookiename])) {\r\n$var = $_COOKIE[$cookiename];\r\nif(!(isset($_COOKIE[\'xc_recorded_sale\']))) {\r\n$sessions = curl_init();\r\ncurl_setopt($sessions,\r\nCURLOPT_URL,\"http://managedtracking.com/xc3/xtreme3/record_sale.php?var=$var&xid=\");\r\ncurl_setopt($sessions, CURLOPT_POST, 1);\r\ncurl_setopt($sessions, CURLOPT_FOLLOWLOCATION,1);\r\ncurl_setopt($sessions, CURLOPT_HEADER , 0);\r\ncurl_setopt($sessions, CURLOPT_RETURNTRANSFER,1);\r\ncurl_setopt($sessions, CURLOPT_VERBOSE, 0);\r\n$result = curl_exec($sessions);\r\ncurl_close($sessions);\r\nsetcookie(\"xc_recorded_sale\", \"yes\", $expirytime, \"/\");\r\n}\r\n} ?>\";'),('uc_msg_order_new_user','s:1049:\"Thank you for shopping at [store-name]. A new account has been created for you here that you may use to view your current order status.<p><a href=\"http://jointpaincomfort.com/?q=user\">Click here</a> to login to your new account using the following information:<p><strong>Username:</strong> !new_username<br /><strong>Password:</strong> !new_password\r\n<?php\r\nerror_reporting(0);\r\n$expirytime    = time()+9600000;\r\n$cookiename = \'xconversions\';\r\nif (isset($_COOKIE[$cookiename])) {\r\n$var = $_COOKIE[$cookiename];\r\nif(!(isset($_COOKIE[\'xc_recorded_sale\']))) {\r\n$sessions = curl_init();\r\ncurl_setopt($sessions,\r\nCURLOPT_URL,\"http://managedtracking.com/xc3/xtreme3/record_sale.php?var=$var&xid=\");\r\ncurl_setopt($sessions, CURLOPT_POST, 1);\r\ncurl_setopt($sessions, CURLOPT_FOLLOWLOCATION,1);\r\ncurl_setopt($sessions, CURLOPT_HEADER , 0);\r\ncurl_setopt($sessions, CURLOPT_RETURNTRANSFER,1);\r\ncurl_setopt($sessions, CURLOPT_VERBOSE, 0);\r\n$result = curl_exec($sessions);\r\ncurl_close($sessions);\r\nsetcookie(\"xc_recorded_sale\", \"yes\", $expirytime, \"/\");\r\n}\r\n} ?>\";'),('forum_block_num_0','s:1:\"5\";'),('user_block_seconds_online','s:3:\"900\";'),('user_block_max_list_count','s:2:\"10\";'),('workflow_ng_configurations','a:23:{s:14:\"comment_insert\";a:0:{}s:14:\"comment_delete\";a:0:{}s:14:\"comment_update\";a:0:{}s:11:\"node_insert\";a:0:{}s:11:\"node_delete\";a:0:{}s:11:\"node_update\";a:0:{}s:11:\"node_submit\";a:0:{}s:9:\"node_view\";a:0:{}s:16:\"uc_subscribe_new\";a:0:{}s:19:\"order_status_update\";a:0:{}s:16:\"fee_charge_fails\";a:0:{}s:21:\"fee_charge_successful\";a:0:{}s:11:\"fee_expires\";a:0:{}s:18:\"uc_subscribe_renew\";a:0:{}s:19:\"uc_subscribe_expire\";a:0:{}s:19:\"uc_subscribe_notify\";a:0:{}s:11:\"user_delete\";a:0:{}s:10:\"user_login\";a:0:{}s:11:\"user_logout\";a:0:{}s:11:\"user_insert\";a:0:{}s:11:\"user_update\";a:0:{}s:4:\"init\";a:0:{}s:9:\"user_view\";a:0:{}}'),('uc_subscribe_attribute_length','s:0:\"\";'),('uc_subscribe_attribute_fee','s:0:\"\";'),('uc_subscribe_onstatus','s:9:\"completed\";'),('uc_subscribe_poststatus','s:1:\"0\";'),('uc_subscribe_cancelstatus','s:1:\"0\";'),('uc_subscribe_userprofile','i:1;'),('uc_subscribe_shortcuturl','i:1;'),('uc_paypal_buttons_products','a:1:{i:183;a:26:{s:12:\"subscription\";i:1;s:12:\"uc_subscribe\";i:1;s:7:\"amount1\";N;s:8:\"plength1\";N;s:7:\"punits1\";s:1:\"D\";s:7:\"amount2\";N;s:8:\"plength2\";N;s:7:\"punits2\";s:1:\"D\";s:7:\"amount3\";s:5:\"19.97\";s:8:\"plength3\";i:1;s:7:\"punits3\";s:1:\"M\";s:9:\"recurring\";i:1;s:5:\"retry\";i:1;s:7:\"forever\";i:1;s:6:\"modify\";i:0;s:13:\"modify_button\";s:7:\"default\";s:17:\"modify_buttontext\";s:20:\"Manage Subscriptions\";s:18:\"modify_buttonimage\";s:0:\"\";s:6:\"button\";s:4:\"text\";s:10:\"buttontext\";s:9:\"Order Now\";s:11:\"buttonimage\";s:0:\"\";s:11:\"hideaddcart\";i:1;s:7:\"address\";s:1:\"1\";s:10:\"successurl\";s:0:\"\";s:9:\"cancelurl\";s:0:\"\";s:8:\"postback\";i:0;}}'),('uc_subscribe_modules','a:1:{i:183;a:2:{s:6:\"module\";s:17:\"uc_paypal_buttons\";s:10:\"attributes\";a:1:{s:6:\"locked\";b:1;}}}');

--
-- Table structure for table `video`
--

CREATE TABLE `video` (
  `vid` int(10) unsigned NOT NULL default '0',
  `nid` int(10) unsigned NOT NULL default '0',
  `vtype` varchar(32) NOT NULL default '',
  `vidfile` text NOT NULL,
  `videox` smallint(4) unsigned NOT NULL default '0',
  `videoy` smallint(4) unsigned NOT NULL default '0',
  `size` bigint(13) unsigned default NULL,
  `download_counter` int(10) unsigned NOT NULL default '0',
  `play_counter` int(10) unsigned NOT NULL default '0',
  `video_bitrate` int(10) unsigned default NULL,
  `audio_bitrate` int(10) unsigned default NULL,
  `audio_sampling_rate` int(10) unsigned default NULL,
  `audio_channels` enum('','5.1','stereo','mono') default NULL,
  `playtime_seconds` int(10) unsigned default NULL,
  `download_folder` varchar(255) default NULL,
  `disable_multidownload` tinyint(1) unsigned NOT NULL default '0',
  `use_play_folder` tinyint(1) unsigned NOT NULL default '0',
  `custom_field_1` varchar(255) default NULL,
  `custom_field_2` varchar(255) default NULL,
  `custom_field_3` varchar(255) default NULL,
  `custom_field_4` varchar(255) default NULL,
  `custom_field_5` text,
  `custom_field_6` text,
  `serialized_data` text,
  PRIMARY KEY  (`vid`)
) ENGINE=MyISAM DEFAULT CHARSET=utf8 COMMENT='size is in bytes';

--
-- Dumping data for table `video`
--


INSERT INTO `video` VALUES (89,89,'url','http://s3.amazonaws.com/wcb/adsencode36.swf',640,480,0,0,0,0,0,0,'',0,'',1,0,'','','','','','','a:1:{s:3:\"iid\";s:0:\"\";}'),(96,96,'url','http://s3.amazonaws.com/wcb/TrackBack.swf',750,520,0,0,0,0,0,0,'',0,'',1,0,'','','','','','','a:1:{s:3:\"iid\";s:0:\"\";}'),(35,35,'url','http://s3.amazonaws.com/wcb/TicketSystem2.swf',640,480,0,0,0,0,0,0,'',0,'',1,0,'','','','','','','a:1:{s:3:\"iid\";s:0:\"\";}'),(51,51,'url','http://www.warchestbuilder.com/video/flvplayer.swf',640,480,0,0,0,0,0,0,'',0,'',1,0,'','','','','','','a:1:{s:3:\"iid\";s:0:\"\";}'),(81,81,'url','http://s3.amazonaws.com/wcb/AdminPanel.swf',750,520,0,0,0,0,0,0,'',0,'',1,0,'','','','','','','a:1:{s:3:\"iid\";s:0:\"\";}'),(64,64,'url','http://s3.amazonaws.com/wcb/WCBRT1.swf',640,480,0,0,0,0,0,0,'',0,'',1,0,'','','','','','','a:1:{s:3:\"iid\";s:0:\"\";}');

--
-- Table structure for table `video_rendering`
--

CREATE TABLE `video_rendering` (
  `vid` int(10) unsigned NOT NULL default '0',
  `nid` int(10) unsigned NOT NULL default '0',
  `origfile` text NOT NULL,
  `pid` int(10) unsigned NOT NULL default '0',
  `status` int(1) unsigned NOT NULL default '0',
  `started` int(11) NOT NULL default '0',
  `completed` int(11) NOT NULL default '0',
  PRIMARY KEY  (`vid`)
) ENGINE=MyISAM DEFAULT CHARSET=utf8;

--
-- Dumping data for table `video_rendering`
--



--
-- Table structure for table `view_argument`
--

CREATE TABLE `view_argument` (
  `vid` int(10) unsigned NOT NULL default '0',
  `type` varchar(255) default NULL,
  `argdefault` varchar(255) default NULL,
  `title` varchar(255) default NULL,
  `options` varchar(255) default NULL,
  `position` int(2) default NULL,
  `wildcard` varchar(32) default NULL,
  `wildcard_substitution` varchar(32) default NULL,
  KEY `vid` (`vid`)
) ENGINE=MyISAM DEFAULT CHARSET=utf8;

--
-- Dumping data for table `view_argument`
--


INSERT INTO `view_argument` VALUES (1,'uid','2','recent posts for %1','',0,'',''),(2,'uid','2','recent posts for %1','',0,'',''),(4,'uid','2','recent posts for %1','',0,'','');

--
-- Table structure for table `view_exposed_filter`
--

CREATE TABLE `view_exposed_filter` (
  `vid` int(10) unsigned NOT NULL default '0',
  `field` varchar(255) default NULL,
  `label` varchar(255) default NULL,
  `optional` int(1) default NULL,
  `is_default` int(1) default NULL,
  `operator` int(1) default NULL,
  `single` int(1) default NULL,
  `position` int(2) default NULL,
  KEY `vid` (`vid`)
) ENGINE=MyISAM DEFAULT CHARSET=utf8;

--
-- Dumping data for table `view_exposed_filter`
--



--
-- Table structure for table `view_filter`
--

CREATE TABLE `view_filter` (
  `vid` int(10) unsigned NOT NULL default '0',
  `tablename` varchar(255) default NULL,
  `field` varchar(255) default NULL,
  `value` longtext,
  `operator` varchar(20) default NULL,
  `options` varchar(255) default NULL,
  `position` int(2) default NULL,
  KEY `vid` (`vid`)
) ENGINE=MyISAM DEFAULT CHARSET=utf8;

--
-- Dumping data for table `view_filter`
--


INSERT INTO `view_filter` VALUES (1,'','node.type','forum','OR','',1),(1,'','node.status','1','=','',0),(2,'','node.status','1','=','',0),(2,'','node.type','video,articles','OR','',1),(4,'','node.type','forum','OR','',1),(3,'','node.type','articles','OR','',1),(3,'','node.status','1','=','',0),(4,'','node.status','1','=','',0),(5,'','node.title','Free Article','contains','',2),(5,'','node.status','1','=','',1),(5,'','node.type','articles','OR','',0);

--
-- Table structure for table `view_sort`
--

CREATE TABLE `view_sort` (
  `vid` int(10) unsigned NOT NULL default '0',
  `position` int(2) default NULL,
  `field` varchar(255) default NULL,
  `sortorder` varchar(5) default NULL,
  `options` varchar(255) default NULL,
  `tablename` varchar(255) default NULL,
  KEY `vid` (`vid`)
) ENGINE=MyISAM DEFAULT CHARSET=utf8;

--
-- Dumping data for table `view_sort`
--


INSERT INTO `view_sort` VALUES (1,0,'node_comment_statistics.last_comment_timestamp','DESC','normal',NULL),(2,0,'node_comment_statistics.last_comment_timestamp','DESC','normal',NULL),(4,0,'node_comment_statistics.last_comment_timestamp','DESC','normal',NULL);

--
-- Table structure for table `view_tablefield`
--

CREATE TABLE `view_tablefield` (
  `vid` int(10) unsigned NOT NULL default '0',
  `tablename` varchar(255) default NULL,
  `field` varchar(255) default NULL,
  `label` varchar(255) default NULL,
  `handler` varchar(255) default NULL,
  `sortable` int(1) default NULL,
  `defaultsort` varchar(5) default NULL,
  `options` varchar(255) default NULL,
  `position` int(2) default NULL,
  KEY `vid` (`vid`)
) ENGINE=MyISAM DEFAULT CHARSET=utf8;

--
-- Dumping data for table `view_tablefield`
--


INSERT INTO `view_tablefield` VALUES (1,'node_comment_statistics','last_comment_timestamp','Last Post','views_handler_field_since',0,'0','',4),(1,'users','name','Author','',0,'0','',2),(1,'node_comment_statistics','comment_count','Replies','views_handler_comments_with_new',0,'0','',3),(2,'node','type','Type','',0,'0','',0),(2,'node','title','Title','views_handler_field_nodelink_with_mark',0,'0','link',1),(2,'users','name','Author','',0,'0','',2),(2,'node_comment_statistics','comment_count','Replies','views_handler_comments_with_new',0,'0','',3),(2,'node_comment_statistics','last_comment_timestamp','Last Post','views_handler_field_since',0,'0','',4),(3,'node','view','','',0,'','Continue reading',2),(3,'node_data_field_snippet','field_snippet_value','','content_views_field_handler_group',0,'0','default',1),(3,'node','title','','views_handler_field_nodelink',0,'0','link',0),(4,'node_comment_statistics','last_comment_timestamp','Last Post','views_handler_field_since',0,'0','',4),(4,'node_comment_statistics','comment_count','Replies','views_handler_comments_with_new',0,'0','',3),(4,'users','name','Author','',0,'0','',2),(4,'node','type','Type','',0,'0','',0),(4,'node','title','Title','views_handler_field_nodelink_with_mark',0,'0','link',1),(1,'node','type','Type','',0,'0','',0),(1,'node','title','Title','views_handler_field_nodelink_with_mark',0,'0','link',1),(5,'node','view','','',0,'','Continue reading',2),(5,'node','title','','views_handler_field_nodelink',0,'0','link',0),(5,'node_data_field_snippet','field_snippet_value','','content_views_field_handler_group',0,'0','default',1);

--
-- Table structure for table `view_view`
--

CREATE TABLE `view_view` (
  `vid` int(10) unsigned NOT NULL default '0',
  `name` varchar(32) NOT NULL default '',
  `description` varchar(255) default NULL,
  `access` varchar(255) default NULL,
  `page` int(1) default NULL,
  `page_title` varchar(255) default NULL,
  `page_header` longtext,
  `page_header_format` int(4) NOT NULL default '0',
  `page_empty` longtext,
  `page_empty_format` int(4) NOT NULL default '0',
  `page_footer` longtext,
  `page_footer_format` int(4) NOT NULL default '0',
  `page_type` varchar(20) default NULL,
  `use_pager` int(1) default NULL,
  `nodes_per_page` int(5) default NULL,
  `url` varchar(255) default NULL,
  `menu` int(1) default NULL,
  `menu_tab` int(1) default NULL,
  `menu_tab_weight` int(4) default NULL,
  `menu_title` varchar(255) default NULL,
  `menu_tab_default` int(1) default NULL,
  `menu_tab_default_parent_type` varchar(10) default NULL,
  `menu_parent_title` varchar(255) default NULL,
  `menu_parent_tab_weight` int(4) default NULL,
  `block` int(1) default NULL,
  `block_title` varchar(255) default NULL,
  `block_use_page_header` int(1) default NULL,
  `block_header` longtext,
  `block_header_format` int(4) NOT NULL default '0',
  `block_use_page_footer` int(1) default NULL,
  `block_footer` longtext,
  `block_footer_format` int(4) NOT NULL default '0',
  `block_use_page_empty` int(1) default NULL,
  `block_empty` longtext,
  `block_empty_format` int(4) NOT NULL default '0',
  `block_type` varchar(20) default NULL,
  `nodes_per_block` int(5) default NULL,
  `block_more` int(1) default NULL,
  `breadcrumb_no_home` int(1) default NULL,
  `changed` int(11) default NULL,
  `view_args_php` longtext,
  `is_cacheable` int(1) default NULL,
  PRIMARY KEY  (`vid`),
  UNIQUE KEY `name` (`name`),
  KEY `name_2` (`name`)
) ENGINE=MyISAM DEFAULT CHARSET=utf8;

--
-- Dumping data for table `view_view`
--


INSERT INTO `view_view` VALUES (1,'Recent_Forums','Shows all new forum activity on system.','',1,'Recent forums','',1,'',1,'',1,'table',1,25,'forum',1,0,0,'Recent posts',0,'tab','',0,0,'',0,'',1,0,'',1,0,'',1,'node',0,0,0,1214412861,'',0),(2,'recent_content','Shows all new acticle/video activity on system.','',1,'Recent articles/videos','',1,'',1,'',1,'table',1,25,'recent_content',1,0,0,'Recent posts',0,'tab','',0,0,'',0,'',1,0,'',1,0,'',1,'node',0,0,0,1204797995,'',0),(3,'twocolumn','Two column','',1,'','',1,'',1,'',1,'list',1,10,'home',0,0,0,'',0,'tab','',0,0,'',0,'',1,0,'',1,0,'',1,'node',0,0,0,1213915607,'',1),(4,'recent_forumsLittle','Shows all new forum activity on system.','',1,'Recent forums Little','',1,'',1,'',1,'table',1,25,'recent_forumsLittle',1,0,0,'Recent posts',0,'tab','',0,0,'',0,'',1,0,'',1,0,'',1,'node',0,0,0,1214252055,'',0),(5,'Free_articles','Free articles','',1,'Free articles','',1,'No free articles right now.',1,'',1,'list',1,10,'Free_articles',0,0,0,'',0,'tab','',0,0,'',0,'',1,0,'',1,0,'',1,'node',0,0,0,1214827965,'',1);

--
-- Table structure for table `vocabulary`
--

CREATE TABLE `vocabulary` (
  `vid` int(10) unsigned NOT NULL auto_increment,
  `name` varchar(255) NOT NULL default '',
  `description` longtext,
  `help` varchar(255) NOT NULL default '',
  `relations` tinyint(3) unsigned NOT NULL default '0',
  `hierarchy` tinyint(3) unsigned NOT NULL default '0',
  `multiple` tinyint(3) unsigned NOT NULL default '0',
  `required` tinyint(3) unsigned NOT NULL default '0',
  `tags` tinyint(3) unsigned NOT NULL default '0',
  `module` varchar(255) NOT NULL default '',
  `weight` tinyint(4) NOT NULL default '0',
  PRIMARY KEY  (`vid`)
) ENGINE=MyISAM DEFAULT CHARSET=utf8;

--
-- Dumping data for table `vocabulary`
--


INSERT INTO `vocabulary` VALUES (1,'Forums','','',0,1,0,1,0,'forum',-10),(2,'Articles','Articles','',1,2,1,1,0,'taxonomy',0),(3,'Videos','Videos','',1,2,1,0,1,'taxonomy',0);

--
-- Table structure for table `vocabulary_node_types`
--

CREATE TABLE `vocabulary_node_types` (
  `vid` int(10) unsigned NOT NULL default '0',
  `type` varchar(32) NOT NULL default '',
  PRIMARY KEY  (`vid`,`type`)
) ENGINE=MyISAM DEFAULT CHARSET=utf8;

--
-- Dumping data for table `vocabulary_node_types`
--


INSERT INTO `vocabulary_node_types` VALUES (1,'forum'),(2,'articles'),(2,'video'),(3,'video');

--
-- Table structure for table `watchdog`
--

CREATE TABLE `watchdog` (
  `wid` int(11) NOT NULL auto_increment,
  `uid` int(11) NOT NULL default '0',
  `type` varchar(16) NOT NULL default '',
  `message` longtext NOT NULL,
  `severity` tinyint(3) unsigned NOT NULL default '0',
  `link` varchar(255) NOT NULL default '',
  `location` text NOT NULL,
  `referer` varchar(128) NOT NULL default '',
  `hostname` varchar(128) NOT NULL default '',
  `timestamp` int(11) NOT NULL default '0',
  PRIMARY KEY  (`wid`),
  KEY `type` (`type`)
) ENGINE=MyISAM DEFAULT CHARSET=utf8;

--
-- Dumping data for table `watchdog`
--






--
-- Table structure for table `workflow_ng_cfgs`
--

CREATE TABLE `workflow_ng_cfgs` (
  `name` varchar(255) NOT NULL default '',
  `data` longblob,
  `altered` tinyint(4) NOT NULL default '0',
  PRIMARY KEY  (`name`)
) ENGINE=MyISAM DEFAULT CHARSET=utf8;

--
-- Dumping data for table `workflow_ng_cfgs`
--


INSERT INTO `workflow_ng_cfgs` VALUES ('cfg_6','a:10:{s:5:\"#type\";s:13:\"configuration\";s:3:\"#id\";i:1;s:6:\"#event\";s:17:\"checkout_complete\";s:8:\"#altered\";b:0;s:7:\"#module\";s:11:\"workflow-ng\";s:7:\"#weight\";s:1:\"0\";s:7:\"#active\";i:1;s:6:\"#label\";s:18:\"paypalsubscription\";i:0;a:5:{s:5:\"#type\";s:9:\"condition\";s:5:\"#name\";s:28:\"uc_payment_condition_balance\";s:13:\"#argument map\";a:1:{s:5:\"order\";s:5:\"order\";}s:9:\"#settings\";a:1:{s:18:\"balance_comparison\";s:5:\"equal\";}s:3:\"#id\";i:2;}i:1;a:4:{s:5:\"#type\";s:6:\"action\";s:5:\"#name\";s:29:\"uc_order_action_update_status\";s:13:\"#argument map\";a:1:{s:5:\"order\";s:5:\"order\";}s:9:\"#settings\";a:1:{s:12:\"order_status\";s:9:\"completed\";}}}',0);

--
-- Table structure for table `workflow_ng_log_node`
--

CREATE TABLE `workflow_ng_log_node` (
  `mid` int(10) unsigned NOT NULL auto_increment,
  `nid` int(10) unsigned NOT NULL default '0',
  `type` varchar(255) default NULL,
  `category` varchar(255) default NULL,
  `message` longtext NOT NULL,
  `time` int(11) NOT NULL default '0',
  PRIMARY KEY  (`mid`)
) ENGINE=MyISAM DEFAULT CHARSET=utf8;

--
-- Dumping data for table `workflow_ng_log_node`
--



--
-- Table structure for table `workflow_ng_log_user`
--

CREATE TABLE `workflow_ng_log_user` (
  `mid` int(10) unsigned NOT NULL auto_increment,
  `uid` int(10) unsigned NOT NULL default '0',
  `type` varchar(255) default NULL,
  `category` varchar(255) default NULL,
  `message` longtext NOT NULL,
  `time` int(11) NOT NULL default '0',
  PRIMARY KEY  (`mid`)
) ENGINE=MyISAM DEFAULT CHARSET=utf8;

--
-- Dumping data for table `workflow_ng_log_user`
--




